{"version":"1.0","provider_name":"JazzZeitung","provider_url":"https:\/\/www.jazzzeitung.de\/cms","author_name":"Redaktion JazzZeitung","author_url":"https:\/\/www.jazzzeitung.de\/cms\/author\/redaktion\/","title":"Jazz kommt aus Afrika - zur jazzahead! 2026 - JazzZeitung","type":"rich","width":600,"height":338,"html":"<blockquote class=\"wp-embedded-content\" data-secret=\"lIjHEWIkJK\"><a href=\"https:\/\/www.jazzzeitung.de\/cms\/2026\/04\/jazz-kommt-aus-afrika-zur-jazzahead-2026\/\">Jazz kommt aus Afrika &#8211; zur jazzahead! 2026<\/a><\/blockquote><iframe sandbox=\"allow-scripts\" security=\"restricted\" src=\"https:\/\/www.jazzzeitung.de\/cms\/2026\/04\/jazz-kommt-aus-afrika-zur-jazzahead-2026\/embed\/#?secret=lIjHEWIkJK\" width=\"600\" height=\"338\" title=\"&#8222;Jazz kommt aus Afrika &#8211; zur jazzahead! 2026&#8220; &#8211; JazzZeitung\" data-secret=\"lIjHEWIkJK\" frameborder=\"0\" marginwidth=\"0\" marginheight=\"0\" scrolling=\"no\" class=\"wp-embedded-content\"><\/iframe><script type=\"text\/javascript\">\n\/* <![CDATA[ *\/\n\/*! This file is auto-generated *\/\n!function(d,l){\"use strict\";l.querySelector&&d.addEventListener&&\"undefined\"!=typeof URL&&(d.wp=d.wp||{},d.wp.receiveEmbedMessage||(d.wp.receiveEmbedMessage=function(e){var t=e.data;if((t||t.secret||t.message||t.value)&&!\/[^a-zA-Z0-9]\/.test(t.secret)){for(var s,r,n,a=l.querySelectorAll('iframe[data-secret=\"'+t.secret+'\"]'),o=l.querySelectorAll('blockquote[data-secret=\"'+t.secret+'\"]'),c=new RegExp(\"^https?:$\",\"i\"),i=0;i<o.length;i++)o[i].style.display=\"none\";for(i=0;i<a.length;i++)s=a[i],e.source===s.contentWindow&&(s.removeAttribute(\"style\"),\"height\"===t.message?(1e3<(r=parseInt(t.value,10))?r=1e3:~~r<200&&(r=200),s.height=r):\"link\"===t.message&&(r=new URL(s.getAttribute(\"src\")),n=new URL(t.value),c.test(n.protocol))&&n.host===r.host&&l.activeElement===s&&(d.top.location.href=t.value))}},d.addEventListener(\"message\",d.wp.receiveEmbedMessage,!1),l.addEventListener(\"DOMContentLoaded\",function(){for(var e,t,s=l.querySelectorAll(\"iframe.wp-embedded-content\"),r=0;r<s.length;r++)(t=(e=s[r]).getAttribute(\"data-secret\"))||(t=Math.random().toString(36).substring(2,12),e.src+=\"#?secret=\"+t,e.setAttribute(\"data-secret\",t)),e.contentWindow.postMessage({message:\"ready\",secret:t},\"*\")},!1)))}(window,document);\n\/\/# sourceURL=https:\/\/www.jazzzeitung.de\/cms\/wp-includes\/js\/wp-embed.min.js\n\/* ]]> *\/\n<\/script>\n","thumbnail_url":"https:\/\/www.jazzzeitung.de\/cms\/wp-content\/uploads\/2026\/04\/ja26_Sorvina-_\u00a9-M3B-GmbH_Jens-Schlenker_001-scaled-1.jpg","thumbnail_width":2560,"thumbnail_height":1707,"description":"(Von Kat Pfeiffer)\u00a0Ein paar T\u00f6ne \u2013 und klar ist: Das ist Jazz. Doch wie klingt eine Menge, die \u00fcber Jazz verhandelt? So wie auf der jazzahead! 2026. In Halle 6 summt es wie in einem Bienenhaus \u2013 etwas lauter als im Vorjahr. Die jazzahead! verbindet Showcase-Festival, Club-Night in der Stadt, Branchentreffen, Workshops und Konferenz. Messe und Konferenz sind ausschlie\u00dflich Fachbesuchern vorbehalten. Vor Ort treffen sich Booker, Labels, Musikorganisationen, Vereine, Festivalmacher, Journalistinnen und Musiker. In diesem Jahr ist die jazzahead! 20 Jahre alt geworden und wirkt von Jahr zu Jahr internationaler. Fr\u00fcher Meeting f\u00fcr deutsche Player Die gr\u00f6\u00dfte Fachmesse Europas breitet sich weltweit aus. \u201ejazzahead! war am Anfang ein Meeting f\u00fcr deutsche Player\u201d, sagt Sybille Kornitschky, die treibende Kraft hinter jazzahead! \u201eWir hatten im ersten Jahr tats\u00e4chlich Teilnehmende aus drei L\u00e4ndern: Deutschland, Italien und \u00d6sterreich. Heute ist diese Veranstaltung weltweit die Nummer eins. Die Teilnehmenden kommen aus 62 L\u00e4ndern von allen f\u00fcnf Kontinenten. Das sind rund die 3.000 registrierte Teilnehmer, die anl\u00e4sslich der jazzahead! nach Bremen reisen. Im Rahmen des Festivals, weil wir auch ein stadtweites Festival produzieren, sind das \u00fcber 20.000 Menschen, die wir an &hellip;"}

(Von Kat Pfeiffer) Ein paar Töne – und klar ist: Das ist Jazz. Doch wie klingt eine Menge, die über Jazz verhandelt? So wie auf der jazzahead! 2026. In Halle 6 summt es wie in einem Bienenhaus – etwas lauter als im Vorjahr. Die jazzahead! verbindet Showcase-Festival, Club-Night in der Stadt, Branchentreffen, Workshops und Konferenz. Messe und Konferenz sind ausschließlich Fachbesuchern vorbehalten. Vor Ort treffen sich Booker, Labels, Musikorganisationen, Vereine, Festivalmacher, Journalistinnen und Musiker. In diesem Jahr ist die jazzahead! 20 Jahre alt geworden und wirkt von Jahr zu Jahr internationaler. Früher Meeting für deutsche Player Die größte Fachmesse Europas breitet sich weltweit aus. „jazzahead! war am Anfang ein Meeting für deutsche Player”, sagt Sybille Kornitschky, die treibende Kraft hinter jazzahead! „Wir hatten im ersten Jahr tatsächlich Teilnehmende aus drei Ländern: Deutschland, Italien und Österreich. Heute ist diese Veranstaltung weltweit die Nummer eins. Die Teilnehmenden kommen aus 62 Ländern von allen fünf Kontinenten. Das sind rund die 3.000 registrierte Teilnehmer, die anlässlich der jazzahead! nach Bremen reisen. Im Rahmen des Festivals, weil wir auch ein stadtweites Festival produzieren, sind das über 20.000 Menschen, die wir an &hellip;
