{"version":"1.0","provider_name":"JazzZeitung","provider_url":"https:\/\/www.jazzzeitung.de\/cms","author_name":"Redaktion JazzZeitung","author_url":"https:\/\/www.jazzzeitung.de\/cms\/author\/redaktion\/","title":"Velvet Revolution & Jelena im Bergson - samtene Verf\u00fchrung - JazzZeitung","type":"rich","width":600,"height":338,"html":"<blockquote class=\"wp-embedded-content\" data-secret=\"aJLe9BZrKZ\"><a href=\"https:\/\/www.jazzzeitung.de\/cms\/2026\/03\/velvet-revolution-jelena-im-bergson-samtene-verfuehrung\/\">Velvet Revolution &#038; Jelena im Bergson &#8211; samtene Verf\u00fchrung<\/a><\/blockquote><iframe sandbox=\"allow-scripts\" security=\"restricted\" src=\"https:\/\/www.jazzzeitung.de\/cms\/2026\/03\/velvet-revolution-jelena-im-bergson-samtene-verfuehrung\/embed\/#?secret=aJLe9BZrKZ\" width=\"600\" height=\"338\" title=\"&#8222;Velvet Revolution &#038; Jelena im Bergson &#8211; samtene Verf\u00fchrung&#8220; &#8211; JazzZeitung\" data-secret=\"aJLe9BZrKZ\" frameborder=\"0\" marginwidth=\"0\" marginheight=\"0\" scrolling=\"no\" class=\"wp-embedded-content\"><\/iframe><script type=\"text\/javascript\">\n\/* <![CDATA[ *\/\n\/*! This file is auto-generated *\/\n!function(d,l){\"use strict\";l.querySelector&&d.addEventListener&&\"undefined\"!=typeof URL&&(d.wp=d.wp||{},d.wp.receiveEmbedMessage||(d.wp.receiveEmbedMessage=function(e){var t=e.data;if((t||t.secret||t.message||t.value)&&!\/[^a-zA-Z0-9]\/.test(t.secret)){for(var s,r,n,a=l.querySelectorAll('iframe[data-secret=\"'+t.secret+'\"]'),o=l.querySelectorAll('blockquote[data-secret=\"'+t.secret+'\"]'),c=new RegExp(\"^https?:$\",\"i\"),i=0;i<o.length;i++)o[i].style.display=\"none\";for(i=0;i<a.length;i++)s=a[i],e.source===s.contentWindow&&(s.removeAttribute(\"style\"),\"height\"===t.message?(1e3<(r=parseInt(t.value,10))?r=1e3:~~r<200&&(r=200),s.height=r):\"link\"===t.message&&(r=new URL(s.getAttribute(\"src\")),n=new URL(t.value),c.test(n.protocol))&&n.host===r.host&&l.activeElement===s&&(d.top.location.href=t.value))}},d.addEventListener(\"message\",d.wp.receiveEmbedMessage,!1),l.addEventListener(\"DOMContentLoaded\",function(){for(var e,t,s=l.querySelectorAll(\"iframe.wp-embedded-content\"),r=0;r<s.length;r++)(t=(e=s[r]).getAttribute(\"data-secret\"))||(t=Math.random().toString(36).substring(2,12),e.src+=\"#?secret=\"+t,e.setAttribute(\"data-secret\",t)),e.contentWindow.postMessage({message:\"ready\",secret:t},\"*\")},!1)))}(window,document);\n\/\/# sourceURL=https:\/\/www.jazzzeitung.de\/cms\/wp-includes\/js\/wp-embed.min.js\n\/* ]]> *\/\n<\/script>\n","thumbnail_url":"https:\/\/www.jazzzeitung.de\/cms\/wp-content\/uploads\/2026\/03\/Aufmacher_DSC0262_bySimonHaseneder-scaled.jpg","thumbnail_width":2560,"thumbnail_height":1707,"description":"(Von Robert Fischer) Man w\u00fcsste ja gerne, wie Daniel Erdmann das macht: dass man seinem Ton am Saxophon sofort erliegt. Seit rund drei Jahrzehnten ist der 1973 in Wuppertal geborene Musiker jetzt schon in der europ\u00e4ischen und internationalen Szene aktiv. Und in welcher Bandkonstellation auch immer er zu h\u00f6ren ist \u2013 stets kann man sich darauf verlassen, dass sein verf\u00fchrerischer Ton das Ganze zum Erlebnis macht. Was er auch bei seinem BR-Clubkonzert am Mittwoch, dem 11. M\u00e4rz 2026, im M\u00fcnchner Bergson Kunstkraftwerk erneut eindrucksvoll bewies. Kein Wunder also, dass auch Beate Sampson, die f\u00fcr den das Konzert aufzeichnenden (und am 20. M\u00e4rz ab 23.03 in der Sendung Jazztime auf BR Klassik sendenden) Bayerischen Rundfunk moderierend durch den Abend f\u00fchrte, ins Schw\u00e4rmen kam. \u00dcber einen Musiker, den sie nun schon seit rund drei Jahrzehnten kennt und der nicht zuletzt auch \u00fcber einen hintergr\u00fcndigen Humor verf\u00fcgt, der ihn zum Beispiel dazu brachte, seine vor der Jahrtausendwende \u201eErdmann 2000\u201c genannte Formation nach eben dieser durchaus folgerichtig in \u201eErdmann 3000\u201c umzubenennen. Eine Kombination aus Feuer und Zartheit \u201eVelvet Revolution\u201c, so bekundete der Tenorsaxophonist anschlie\u00dfend selbst auf der B\u00fchne im &hellip;"}

Velvet Revolution & Jelena im Bergson - samtene Verführung - JazzZeitung

<blockquote class="wp-embedded-content" data-secret="aJLe9BZrKZ"><a href="https://www.jazzzeitung.de/cms/2026/03/velvet-revolution-jelena-im-bergson-samtene-verfuehrung/">Velvet Revolution &#038; Jelena im Bergson &#8211; samtene Verführung</a></blockquote><iframe sandbox="allow-scripts" security="restricted" src="https://www.jazzzeitung.de/cms/2026/03/velvet-revolution-jelena-im-bergson-samtene-verfuehrung/embed/#?secret=aJLe9BZrKZ" width="600" height="338" title="&#8222;Velvet Revolution &#038; Jelena im Bergson &#8211; samtene Verführung&#8220; &#8211; JazzZeitung" data-secret="aJLe9BZrKZ" frameborder="0" marginwidth="0" marginheight="0" scrolling="no" class="wp-embedded-content"></iframe><script type="text/javascript">
/* <![CDATA[ */
/*! This file is auto-generated */
!function(d,l){"use strict";l.querySelector&&d.addEventListener&&"undefined"!=typeof URL&&(d.wp=d.wp||{},d.wp.receiveEmbedMessage||(d.wp.receiveEmbedMessage=function(e){var t=e.data;if((t||t.secret||t.message||t.value)&&!/[^a-zA-Z0-9]/.test(t.secret)){for(var s,r,n,a=l.querySelectorAll('iframe[data-secret="'+t.secret+'"]'),o=l.querySelectorAll('blockquote[data-secret="'+t.secret+'"]'),c=new RegExp("^https?:$","i"),i=0;i<o.length;i++)o[i].style.display="none";for(i=0;i<a.length;i++)s=a[i],e.source===s.contentWindow&&(s.removeAttribute("style"),"height"===t.message?(1e3<(r=parseInt(t.value,10))?r=1e3:~~r<200&&(r=200),s.height=r):"link"===t.message&&(r=new URL(s.getAttribute("src")),n=new URL(t.value),c.test(n.protocol))&&n.host===r.host&&l.activeElement===s&&(d.top.location.href=t.value))}},d.addEventListener("message",d.wp.receiveEmbedMessage,!1),l.addEventListener("DOMContentLoaded",function(){for(var e,t,s=l.querySelectorAll("iframe.wp-embedded-content"),r=0;r<s.length;r++)(t=(e=s[r]).getAttribute("data-secret"))||(t=Math.random().toString(36).substring(2,12),e.src+="#?secret="+t,e.setAttribute("data-secret",t)),e.contentWindow.postMessage({message:"ready",secret:t},"*")},!1)))}(window,document);
//# sourceURL=https://www.jazzzeitung.de/cms/wp-includes/js/wp-embed.min.js
/* ]]> */
</script>

(Von Robert Fischer) Man wüsste ja gerne, wie Daniel Erdmann das macht: dass man seinem Ton am Saxophon sofort erliegt. Seit rund drei Jahrzehnten ist der 1973 in Wuppertal geborene Musiker jetzt schon in der europäischen und internationalen Szene aktiv. Und in welcher Bandkonstellation auch immer er zu hören ist – stets kann man sich darauf verlassen, dass sein verführerischer Ton das Ganze zum Erlebnis macht. Was er auch bei seinem BR-Clubkonzert am Mittwoch, dem 11. März 2026, im Münchner Bergson Kunstkraftwerk erneut eindrucksvoll bewies. Kein Wunder also, dass auch Beate Sampson, die für den das Konzert aufzeichnenden (und am 20. März ab 23.03 in der Sendung Jazztime auf BR Klassik sendenden) Bayerischen Rundfunk moderierend durch den Abend führte, ins Schwärmen kam. Über einen Musiker, den sie nun schon seit rund drei Jahrzehnten kennt und der nicht zuletzt auch über einen hintergründigen Humor verfügt, der ihn zum Beispiel dazu brachte, seine vor der Jahrtausendwende „Erdmann 2000“ genannte Formation nach eben dieser durchaus folgerichtig in „Erdmann 3000“ umzubenennen. Eine Kombination aus Feuer und Zartheit „Velvet Revolution“, so bekundete der Tenorsaxophonist anschließend selbst auf der Bühne im &hellip;
