{"version":"1.0","provider_name":"JazzZeitung","provider_url":"https:\/\/www.jazzzeitung.de\/cms","author_name":"Andreas Kolb","author_url":"https:\/\/www.jazzzeitung.de\/cms\/author\/kolb\/","title":"News: +++Deutscher Jazzpreis f\u00fcr Uschi Br\u00fcning+++Bayerische Jazzpreise f\u00fcr Teresa Luns, Mantra Trio, mibanda und das Anastasija Sanina Trio+++Winfried Freisleben neuer Ehrenvorstand des Regensburger Jazzclubs+++ - JazzZeitung","type":"rich","width":600,"height":338,"html":"<blockquote class=\"wp-embedded-content\" data-secret=\"ehYEbVev54\"><a href=\"https:\/\/www.jazzzeitung.de\/cms\/2025\/05\/news-5\/\">News: +++Deutscher Jazzpreis f\u00fcr Uschi Br\u00fcning+++Bayerische Jazzpreise f\u00fcr Teresa Luns, Mantra Trio, mibanda und das Anastasija Sanina Trio+++Winfried Freisleben neuer Ehrenvorstand des Regensburger Jazzclubs+++<\/a><\/blockquote><iframe sandbox=\"allow-scripts\" security=\"restricted\" src=\"https:\/\/www.jazzzeitung.de\/cms\/2025\/05\/news-5\/embed\/#?secret=ehYEbVev54\" width=\"600\" height=\"338\" title=\"&#8222;News: +++Deutscher Jazzpreis f\u00fcr Uschi Br\u00fcning+++Bayerische Jazzpreise f\u00fcr Teresa Luns, Mantra Trio, mibanda und das Anastasija Sanina Trio+++Winfried Freisleben neuer Ehrenvorstand des Regensburger Jazzclubs+++&#8220; &#8211; JazzZeitung\" data-secret=\"ehYEbVev54\" frameborder=\"0\" marginwidth=\"0\" marginheight=\"0\" scrolling=\"no\" class=\"wp-embedded-content\"><\/iframe><script type=\"text\/javascript\">\n\/* <![CDATA[ *\/\n\/*! This file is auto-generated *\/\n!function(d,l){\"use strict\";l.querySelector&&d.addEventListener&&\"undefined\"!=typeof URL&&(d.wp=d.wp||{},d.wp.receiveEmbedMessage||(d.wp.receiveEmbedMessage=function(e){var t=e.data;if((t||t.secret||t.message||t.value)&&!\/[^a-zA-Z0-9]\/.test(t.secret)){for(var s,r,n,a=l.querySelectorAll('iframe[data-secret=\"'+t.secret+'\"]'),o=l.querySelectorAll('blockquote[data-secret=\"'+t.secret+'\"]'),c=new RegExp(\"^https?:$\",\"i\"),i=0;i<o.length;i++)o[i].style.display=\"none\";for(i=0;i<a.length;i++)s=a[i],e.source===s.contentWindow&&(s.removeAttribute(\"style\"),\"height\"===t.message?(1e3<(r=parseInt(t.value,10))?r=1e3:~~r<200&&(r=200),s.height=r):\"link\"===t.message&&(r=new URL(s.getAttribute(\"src\")),n=new URL(t.value),c.test(n.protocol))&&n.host===r.host&&l.activeElement===s&&(d.top.location.href=t.value))}},d.addEventListener(\"message\",d.wp.receiveEmbedMessage,!1),l.addEventListener(\"DOMContentLoaded\",function(){for(var e,t,s=l.querySelectorAll(\"iframe.wp-embedded-content\"),r=0;r<s.length;r++)(t=(e=s[r]).getAttribute(\"data-secret\"))||(t=Math.random().toString(36).substring(2,12),e.src+=\"#?secret=\"+t,e.setAttribute(\"data-secret\",t)),e.contentWindow.postMessage({message:\"ready\",secret:t},\"*\")},!1)))}(window,document);\n\/\/# sourceURL=https:\/\/www.jazzzeitung.de\/cms\/wp-includes\/js\/wp-embed.min.js\n\/* ]]> *\/\n<\/script>\n","thumbnail_url":"https:\/\/i0.wp.com\/www.jazzzeitung.de\/cms\/wp-content\/uploads\/2025\/05\/Uschi-Bruening_%C2%A9cleografie-by-schleychwerbung-scaled.jpg?fit=2560%2C1597&ssl=1","thumbnail_width":2560,"thumbnail_height":1597,"description":"+++ Uschi Br\u00fcning erh\u00e4lt den Preis f\u00fcrs Lebenswerk +++ Berlin, 13. Mai 2025. Der Deutsche Jazzpreis w\u00fcrdigt 2025 eine unverwechselbare Stimme des deutschen Jazz: Uschi Br\u00fcning erh\u00e4lt den Deutschen Jazzpreis f\u00fcr ihr Lebenswerk. Seit 2021 pr\u00e4miert der Deutsche Jazzpreis herausragende k\u00fcnstlerische Leistungen der nationalen und internationalen Jazzszene. Hauptf\u00f6rdernde des Preises ist die Beauftragte der Bundesregierung f\u00fcr Kultur und Medien (BKM). Die f\u00fcnfte Preisverleihung findet am 13. Juni 2025 in Kooperation mit der Stadt K\u00f6ln und dem Land Nordrhein-Westfalen im E-Werk K\u00f6ln statt. Die Jury ehrt sie als &#8222;gro\u00dfartige und faszinierende Musikerin, deren Wirken \u00fcber Jahrzehnte hinweg Generationen gepr\u00e4gt hat. Br\u00fcning gilt als eine Ikone des Ostens \u2013 ihre Kunst war immer von echter Leidenschaft und tiefem musikalischem Verst\u00e4ndnis getragen, wobei sie den k\u00fcnstlerischen Ausdruck stets \u00fcber kommerzielle Interessen stellte. Seit mehr als f\u00fcnf Jahrzehnten begeistert sie als stilistisch vielseitige S\u00e4ngerin mit einer einzigartigen Mischung aus Jazz, Soul und Chanson. Ihre k\u00fcnstlerische Integrit\u00e4t, ihr musikalischer Mut und ihre gesellschaftliche Haltung machen sie zu einer herausragenden Pers\u00f6nlichkeit der deutschen Musiklandschaft \u2013 \u00fcber Grenzen hinweg, zwischen Ost und West, zwischen Tradition und Innovation.&#8220; Beitragsbild: Uschi Br\u00fcning \u00a9cleografie by &hellip;"}

News: +++Deutscher Jazzpreis für Uschi Brüning+++Bayerische Jazzpreise für Teresa Luns, Mantra Trio, mibanda und das Anastasija Sanina Trio+++Winfried Freisleben neuer Ehrenvorstand des Regensburger Jazzclubs+++ - JazzZeitung

<blockquote class="wp-embedded-content" data-secret="ehYEbVev54"><a href="https://www.jazzzeitung.de/cms/2025/05/news-5/">News: +++Deutscher Jazzpreis für Uschi Brüning+++Bayerische Jazzpreise für Teresa Luns, Mantra Trio, mibanda und das Anastasija Sanina Trio+++Winfried Freisleben neuer Ehrenvorstand des Regensburger Jazzclubs+++</a></blockquote><iframe sandbox="allow-scripts" security="restricted" src="https://www.jazzzeitung.de/cms/2025/05/news-5/embed/#?secret=ehYEbVev54" width="600" height="338" title="&#8222;News: +++Deutscher Jazzpreis für Uschi Brüning+++Bayerische Jazzpreise für Teresa Luns, Mantra Trio, mibanda und das Anastasija Sanina Trio+++Winfried Freisleben neuer Ehrenvorstand des Regensburger Jazzclubs+++&#8220; &#8211; JazzZeitung" data-secret="ehYEbVev54" frameborder="0" marginwidth="0" marginheight="0" scrolling="no" class="wp-embedded-content"></iframe><script type="text/javascript">
/* <![CDATA[ */
/*! This file is auto-generated */
!function(d,l){"use strict";l.querySelector&&d.addEventListener&&"undefined"!=typeof URL&&(d.wp=d.wp||{},d.wp.receiveEmbedMessage||(d.wp.receiveEmbedMessage=function(e){var t=e.data;if((t||t.secret||t.message||t.value)&&!/[^a-zA-Z0-9]/.test(t.secret)){for(var s,r,n,a=l.querySelectorAll('iframe[data-secret="'+t.secret+'"]'),o=l.querySelectorAll('blockquote[data-secret="'+t.secret+'"]'),c=new RegExp("^https?:$","i"),i=0;i<o.length;i++)o[i].style.display="none";for(i=0;i<a.length;i++)s=a[i],e.source===s.contentWindow&&(s.removeAttribute("style"),"height"===t.message?(1e3<(r=parseInt(t.value,10))?r=1e3:~~r<200&&(r=200),s.height=r):"link"===t.message&&(r=new URL(s.getAttribute("src")),n=new URL(t.value),c.test(n.protocol))&&n.host===r.host&&l.activeElement===s&&(d.top.location.href=t.value))}},d.addEventListener("message",d.wp.receiveEmbedMessage,!1),l.addEventListener("DOMContentLoaded",function(){for(var e,t,s=l.querySelectorAll("iframe.wp-embedded-content"),r=0;r<s.length;r++)(t=(e=s[r]).getAttribute("data-secret"))||(t=Math.random().toString(36).substring(2,12),e.src+="#?secret="+t,e.setAttribute("data-secret",t)),e.contentWindow.postMessage({message:"ready",secret:t},"*")},!1)))}(window,document);
//# sourceURL=https://www.jazzzeitung.de/cms/wp-includes/js/wp-embed.min.js
/* ]]> */
</script>

+++ Uschi Brüning erhält den Preis fürs Lebenswerk +++ Berlin, 13. Mai 2025. Der Deutsche Jazzpreis würdigt 2025 eine unverwechselbare Stimme des deutschen Jazz: Uschi Brüning erhält den Deutschen Jazzpreis für ihr Lebenswerk. Seit 2021 prämiert der Deutsche Jazzpreis herausragende künstlerische Leistungen der nationalen und internationalen Jazzszene. Hauptfördernde des Preises ist die Beauftragte der Bundesregierung für Kultur und Medien (BKM). Die fünfte Preisverleihung findet am 13. Juni 2025 in Kooperation mit der Stadt Köln und dem Land Nordrhein-Westfalen im E-Werk Köln statt. Die Jury ehrt sie als &#8222;großartige und faszinierende Musikerin, deren Wirken über Jahrzehnte hinweg Generationen geprägt hat. Brüning gilt als eine Ikone des Ostens – ihre Kunst war immer von echter Leidenschaft und tiefem musikalischem Verständnis getragen, wobei sie den künstlerischen Ausdruck stets über kommerzielle Interessen stellte. Seit mehr als fünf Jahrzehnten begeistert sie als stilistisch vielseitige Sängerin mit einer einzigartigen Mischung aus Jazz, Soul und Chanson. Ihre künstlerische Integrität, ihr musikalischer Mut und ihre gesellschaftliche Haltung machen sie zu einer herausragenden Persönlichkeit der deutschen Musiklandschaft – über Grenzen hinweg, zwischen Ost und West, zwischen Tradition und Innovation.&#8220; Beitragsbild: Uschi Brüning ©cleografie by &hellip;
