{"version":"1.0","provider_name":"JazzZeitung","provider_url":"https:\/\/www.jazzzeitung.de\/cms","author_name":"Redaktion JazzZeitung","author_url":"https:\/\/www.jazzzeitung.de\/cms\/author\/redaktion\/","title":"\"Like A Jazz Machine\"-Festival: Feines Finale - JazzZeitung","type":"rich","width":600,"height":338,"html":"<blockquote class=\"wp-embedded-content\" data-secret=\"jHmTwq51mn\"><a href=\"https:\/\/www.jazzzeitung.de\/cms\/2025\/05\/like-a-jazz-machine-festival-feines-finale\/\">&#8222;Like A Jazz Machine&#8220;-Festival: Feines Finale<\/a><\/blockquote><iframe sandbox=\"allow-scripts\" security=\"restricted\" src=\"https:\/\/www.jazzzeitung.de\/cms\/2025\/05\/like-a-jazz-machine-festival-feines-finale\/embed\/#?secret=jHmTwq51mn\" width=\"600\" height=\"338\" title=\"&#8222;&#8222;Like A Jazz Machine&#8220;-Festival: Feines Finale&#8220; &#8211; JazzZeitung\" data-secret=\"jHmTwq51mn\" frameborder=\"0\" marginwidth=\"0\" marginheight=\"0\" scrolling=\"no\" class=\"wp-embedded-content\"><\/iframe><script type=\"text\/javascript\">\n\/* <![CDATA[ *\/\n\/*! This file is auto-generated *\/\n!function(d,l){\"use strict\";l.querySelector&&d.addEventListener&&\"undefined\"!=typeof URL&&(d.wp=d.wp||{},d.wp.receiveEmbedMessage||(d.wp.receiveEmbedMessage=function(e){var t=e.data;if((t||t.secret||t.message||t.value)&&!\/[^a-zA-Z0-9]\/.test(t.secret)){for(var s,r,n,a=l.querySelectorAll('iframe[data-secret=\"'+t.secret+'\"]'),o=l.querySelectorAll('blockquote[data-secret=\"'+t.secret+'\"]'),c=new RegExp(\"^https?:$\",\"i\"),i=0;i<o.length;i++)o[i].style.display=\"none\";for(i=0;i<a.length;i++)s=a[i],e.source===s.contentWindow&&(s.removeAttribute(\"style\"),\"height\"===t.message?(1e3<(r=parseInt(t.value,10))?r=1e3:~~r<200&&(r=200),s.height=r):\"link\"===t.message&&(r=new URL(s.getAttribute(\"src\")),n=new URL(t.value),c.test(n.protocol))&&n.host===r.host&&l.activeElement===s&&(d.top.location.href=t.value))}},d.addEventListener(\"message\",d.wp.receiveEmbedMessage,!1),l.addEventListener(\"DOMContentLoaded\",function(){for(var e,t,s=l.querySelectorAll(\"iframe.wp-embedded-content\"),r=0;r<s.length;r++)(t=(e=s[r]).getAttribute(\"data-secret\"))||(t=Math.random().toString(36).substring(2,12),e.src+=\"#?secret=\"+t,e.setAttribute(\"data-secret\",t)),e.contentWindow.postMessage({message:\"ready\",secret:t},\"*\")},!1)))}(window,document);\n\/\/# sourceURL=https:\/\/www.jazzzeitung.de\/cms\/wp-includes\/js\/wp-embed.min.js\n\/* ]]> *\/\n<\/script>\n","thumbnail_url":"https:\/\/www.jazzzeitung.de\/cms\/wp-content\/uploads\/2025\/05\/AkiTakase2_OliverHochkeppe090525-scaled.jpg","thumbnail_width":2560,"thumbnail_height":1707,"description":"(Text\/Fotos: Oliver Hochkeppel) Das 13. \u201eLike A Jazz Machine\u201c-Festival im luxemburgischen Dudelange best\u00e4tigte seinen Rang als eines der interessantesten europ\u00e4ischen Jazzfestivals \u2013 doch Vieles wird sich nun \u00e4ndern. \u201eWenn das so toll weitergeht mit den Konzerten, dann wird es nicht auszuhalten sein\u201c, scherzte Patricia Jochheim schon am Donnerstag, dem ersten \u201erichtigen\u201c von von f\u00fcnf Festivaltagen mit drei Konzerten im Kulturzentrum Opderschmelz, nach dem \u201eTeaser\u201c mit Jozef Dumoulin und Lynn Cassiers am Mittwochabend in der Kirche St. Martin. Ein Humor, der einem zuk\u00fcnftig fehlen wird: Jochheim, die das Programm seit 2018 zusammengestellt hat, geht nun mit 64 in Rente. Als Angestellte im \u00f6ffentlichen Dienst kann sie nicht anders, denn der Veranstalter des Festivals wie des Kulturzentrums ist ja die Stadt D\u00fcdelingen beziehungsweise Diddeleng oder Dudelange, wie sie im mehrsprachigen Luxemburg auch hei\u00dft. Ordentliches Umkrempeln Der Direktor des Kulturzentrums John Rech nimmt dies nun zum Anlass, das \u201eLike A Jazz Machine\u201c ordentlich umzukrempeln. Zun\u00e4chst einmal wird das Fr\u00fchlings- zum Herbstfestival und zieht vom angestammten Mai-Termin auf den Oktober um. Rech begr\u00fcndet das zum einen damit, dass bislang immer ein Feiertag dabei war, an dem Personal und Technik &hellip;"}

(Text/Fotos: Oliver Hochkeppel) Das 13. „Like A Jazz Machine“-Festival im luxemburgischen Dudelange bestätigte seinen Rang als eines der interessantesten europäischen Jazzfestivals – doch Vieles wird sich nun ändern. „Wenn das so toll weitergeht mit den Konzerten, dann wird es nicht auszuhalten sein“, scherzte Patricia Jochheim schon am Donnerstag, dem ersten „richtigen“ von von fünf Festivaltagen mit drei Konzerten im Kulturzentrum Opderschmelz, nach dem „Teaser“ mit Jozef Dumoulin und Lynn Cassiers am Mittwochabend in der Kirche St. Martin. Ein Humor, der einem zukünftig fehlen wird: Jochheim, die das Programm seit 2018 zusammengestellt hat, geht nun mit 64 in Rente. Als Angestellte im öffentlichen Dienst kann sie nicht anders, denn der Veranstalter des Festivals wie des Kulturzentrums ist ja die Stadt Düdelingen beziehungsweise Diddeleng oder Dudelange, wie sie im mehrsprachigen Luxemburg auch heißt. Ordentliches Umkrempeln Der Direktor des Kulturzentrums John Rech nimmt dies nun zum Anlass, das „Like A Jazz Machine“ ordentlich umzukrempeln. Zunächst einmal wird das Frühlings- zum Herbstfestival und zieht vom angestammten Mai-Termin auf den Oktober um. Rech begründet das zum einen damit, dass bislang immer ein Feiertag dabei war, an dem Personal und Technik &hellip;
