{"version":"1.0","provider_name":"JazzZeitung","provider_url":"https:\/\/www.jazzzeitung.de\/cms","author_name":"Redaktion JazzZeitung","author_url":"https:\/\/www.jazzzeitung.de\/cms\/author\/redaktion\/","title":"Zwischen Fugen und Jazz: CD von Florian Willeitner - JazzZeitung","type":"rich","width":600,"height":338,"html":"<blockquote class=\"wp-embedded-content\" data-secret=\"Uac2iCuiT8\"><a href=\"https:\/\/www.jazzzeitung.de\/cms\/2024\/08\/zwischen-fugen-und-jazz-cd-von-florian-willeitner\/\">Zwischen Fugen und Jazz: CD von Florian Willeitner<\/a><\/blockquote><iframe sandbox=\"allow-scripts\" security=\"restricted\" src=\"https:\/\/www.jazzzeitung.de\/cms\/2024\/08\/zwischen-fugen-und-jazz-cd-von-florian-willeitner\/embed\/#?secret=Uac2iCuiT8\" width=\"600\" height=\"338\" title=\"&#8222;Zwischen Fugen und Jazz: CD von Florian Willeitner&#8220; &#8211; JazzZeitung\" data-secret=\"Uac2iCuiT8\" frameborder=\"0\" marginwidth=\"0\" marginheight=\"0\" scrolling=\"no\" class=\"wp-embedded-content\"><\/iframe><script type=\"text\/javascript\">\n\/* <![CDATA[ *\/\n\/*! This file is auto-generated *\/\n!function(d,l){\"use strict\";l.querySelector&&d.addEventListener&&\"undefined\"!=typeof URL&&(d.wp=d.wp||{},d.wp.receiveEmbedMessage||(d.wp.receiveEmbedMessage=function(e){var t=e.data;if((t||t.secret||t.message||t.value)&&!\/[^a-zA-Z0-9]\/.test(t.secret)){for(var s,r,n,a=l.querySelectorAll('iframe[data-secret=\"'+t.secret+'\"]'),o=l.querySelectorAll('blockquote[data-secret=\"'+t.secret+'\"]'),c=new RegExp(\"^https?:$\",\"i\"),i=0;i<o.length;i++)o[i].style.display=\"none\";for(i=0;i<a.length;i++)s=a[i],e.source===s.contentWindow&&(s.removeAttribute(\"style\"),\"height\"===t.message?(1e3<(r=parseInt(t.value,10))?r=1e3:~~r<200&&(r=200),s.height=r):\"link\"===t.message&&(r=new URL(s.getAttribute(\"src\")),n=new URL(t.value),c.test(n.protocol))&&n.host===r.host&&l.activeElement===s&&(d.top.location.href=t.value))}},d.addEventListener(\"message\",d.wp.receiveEmbedMessage,!1),l.addEventListener(\"DOMContentLoaded\",function(){for(var e,t,s=l.querySelectorAll(\"iframe.wp-embedded-content\"),r=0;r<s.length;r++)(t=(e=s[r]).getAttribute(\"data-secret\"))||(t=Math.random().toString(36).substring(2,12),e.src+=\"#?secret=\"+t,e.setAttribute(\"data-secret\",t)),e.contentWindow.postMessage({message:\"ready\",secret:t},\"*\")},!1)))}(window,document);\n\/\/# sourceURL=https:\/\/www.jazzzeitung.de\/cms\/wp-includes\/js\/wp-embed.min.js\n\/* ]]> *\/\n<\/script>\n","thumbnail_url":"https:\/\/i0.wp.com\/www.jazzzeitung.de\/cms\/wp-content\/uploads\/2024\/08\/What-the-Fugue-c-Andrej-Grilc-4-scaled.jpg?fit=2560%2C1708&ssl=1","thumbnail_width":2560,"thumbnail_height":1708,"description":"Die Fuge neu zu denken, ist keine leichte Aufgabe. Doch genau diesen Versuch hat der Geiger und Komponist Florian Willeitner mit seinem neuesten Album \u201eWhat The Fugue\u201c gewagt. Gemeinsam mit seinem \u201eNew Piano Trio\u201c, bestehend aus Ivan Turkalj am Cello und Alexander Wienand am Klavier, balanciert Willeitner meisterhaft zwischen der strengen Struktur der Fugenkunst und der Freiheit des Jazz. \u201eWhat The Fugue\u201c ist dabei mehr als nur eine Hommage an die barocken Meister. Es ist eine Reise durch verschiedene musikalische Welten, die Willeitner geschickt in vier sogenannte \u201eKeys\u201c unterteilt hat. Diese vier Tonsprachen repr\u00e4sentieren die Einfl\u00fcsse, die das Album pr\u00e4gen: vom Orient \u00fcber experimentelle Harmonien bis hin zu Bach und einer humorvollen Anspielung auf Prokofjew. Jedes St\u00fcck spiegelt Willeitners tiefgehende Auseinandersetzung mit der jeweiligen Musiktradition wider und zeigt, wie diese scheinbar unterschiedlichen Welten mit der Fuge in Einklang gebracht werden k\u00f6nnen. Der erste Key \u201eOrient\u201c fasziniert durch die geschickte Integration rhythmischer und klanglicher Elemente aus der nah\u00f6stlichen Musiktradition. Diese werden nahtlos mit westlichen musikalischen Strukturen verwoben. Ihren Beginn bildet \u201eTigran\u2019s Prelude\u201c, das als Hommage an den Pianisten Tigran Hamasyan konzipiert ist. Als sanftes, atmosph\u00e4risches Vorspiel &hellip;"}

Die Fuge neu zu denken, ist keine leichte Aufgabe. Doch genau diesen Versuch hat der Geiger und Komponist Florian Willeitner mit seinem neuesten Album „What The Fugue“ gewagt. Gemeinsam mit seinem „New Piano Trio“, bestehend aus Ivan Turkalj am Cello und Alexander Wienand am Klavier, balanciert Willeitner meisterhaft zwischen der strengen Struktur der Fugenkunst und der Freiheit des Jazz. „What The Fugue“ ist dabei mehr als nur eine Hommage an die barocken Meister. Es ist eine Reise durch verschiedene musikalische Welten, die Willeitner geschickt in vier sogenannte „Keys“ unterteilt hat. Diese vier Tonsprachen repräsentieren die Einflüsse, die das Album prägen: vom Orient über experimentelle Harmonien bis hin zu Bach und einer humorvollen Anspielung auf Prokofjew. Jedes Stück spiegelt Willeitners tiefgehende Auseinandersetzung mit der jeweiligen Musiktradition wider und zeigt, wie diese scheinbar unterschiedlichen Welten mit der Fuge in Einklang gebracht werden können. Der erste Key „Orient“ fasziniert durch die geschickte Integration rhythmischer und klanglicher Elemente aus der nahöstlichen Musiktradition. Diese werden nahtlos mit westlichen musikalischen Strukturen verwoben. Ihren Beginn bildet „Tigran’s Prelude“, das als Hommage an den Pianisten Tigran Hamasyan konzipiert ist. Als sanftes, atmosphärisches Vorspiel &hellip;
