{"version":"1.0","provider_name":"JazzZeitung","provider_url":"https:\/\/www.jazzzeitung.de\/cms","author_name":"Redaktion JazzZeitung","author_url":"https:\/\/www.jazzzeitung.de\/cms\/author\/redaktion\/","title":"Fordernd und f\u00f6rdernd: Das Jazzfestival Saalfelden 2024 - JazzZeitung","type":"rich","width":600,"height":338,"html":"<blockquote class=\"wp-embedded-content\" data-secret=\"U6OXVy91VP\"><a href=\"https:\/\/www.jazzzeitung.de\/cms\/2024\/08\/fordernd-und-foerdernd-das-jazzfestival-saalfelden-2024\/\">Fordernd und f\u00f6rdernd: Das Jazzfestival Saalfelden 2024<\/a><\/blockquote><iframe sandbox=\"allow-scripts\" security=\"restricted\" src=\"https:\/\/www.jazzzeitung.de\/cms\/2024\/08\/fordernd-und-foerdernd-das-jazzfestival-saalfelden-2024\/embed\/#?secret=U6OXVy91VP\" width=\"600\" height=\"338\" title=\"&#8222;Fordernd und f\u00f6rdernd: Das Jazzfestival Saalfelden 2024&#8220; &#8211; JazzZeitung\" data-secret=\"U6OXVy91VP\" frameborder=\"0\" marginwidth=\"0\" marginheight=\"0\" scrolling=\"no\" class=\"wp-embedded-content\"><\/iframe><script type=\"text\/javascript\">\n\/* <![CDATA[ *\/\n\/*! This file is auto-generated *\/\n!function(d,l){\"use strict\";l.querySelector&&d.addEventListener&&\"undefined\"!=typeof URL&&(d.wp=d.wp||{},d.wp.receiveEmbedMessage||(d.wp.receiveEmbedMessage=function(e){var t=e.data;if((t||t.secret||t.message||t.value)&&!\/[^a-zA-Z0-9]\/.test(t.secret)){for(var s,r,n,a=l.querySelectorAll('iframe[data-secret=\"'+t.secret+'\"]'),o=l.querySelectorAll('blockquote[data-secret=\"'+t.secret+'\"]'),c=new RegExp(\"^https?:$\",\"i\"),i=0;i<o.length;i++)o[i].style.display=\"none\";for(i=0;i<a.length;i++)s=a[i],e.source===s.contentWindow&&(s.removeAttribute(\"style\"),\"height\"===t.message?(1e3<(r=parseInt(t.value,10))?r=1e3:~~r<200&&(r=200),s.height=r):\"link\"===t.message&&(r=new URL(s.getAttribute(\"src\")),n=new URL(t.value),c.test(n.protocol))&&n.host===r.host&&l.activeElement===s&&(d.top.location.href=t.value))}},d.addEventListener(\"message\",d.wp.receiveEmbedMessage,!1),l.addEventListener(\"DOMContentLoaded\",function(){for(var e,t,s=l.querySelectorAll(\"iframe.wp-embedded-content\"),r=0;r<s.length;r++)(t=(e=s[r]).getAttribute(\"data-secret\"))||(t=Math.random().toString(36).substring(2,12),e.src+=\"#?secret=\"+t,e.setAttribute(\"data-secret\",t)),e.contentWindow.postMessage({message:\"ready\",secret:t},\"*\")},!1)))}(window,document);\n\/\/# sourceURL=https:\/\/www.jazzzeitung.de\/cms\/wp-includes\/js\/wp-embed.min.js\n\/* ]]> *\/\n<\/script>\n","thumbnail_url":"https:\/\/i0.wp.com\/www.jazzzeitung.de\/cms\/wp-content\/uploads\/2024\/08\/MonaMatbouRiahi3_OliverHochkeppel230824-scaled.jpg?fit=2560%2C1699&ssl=1","thumbnail_width":2560,"thumbnail_height":1699,"description":"Das 44. Jazzfestival Saalfelden stand unter einem guten Stern: Pr\u00e4chtiges Wetter und ein enormer Publikumszuspruch begleiteten die mehr als 60 Konzerte. Da etliche davon herausragend waren, festigten der K\u00fcnstlerische Leiter Mario Steidl und sein Team den Rang des Festivals als eines der f\u00fchrenden europ\u00e4ischen im Feld des progressiven, modern contemporary Jazz. Leider steht ja auch die Kultur seit langem unter dem Primat der \u00d6konomie und muss als \u201eweicher Standortfaktor\u201c alles, auch das eigentlich Unz\u00e4hl- und Unbezahlbare in Zahlen aufrechnen. Das Jazzfestival Saalfelden spielt dieses Spielchen schon deshalb aktiv mit, weil es eine ziemlich einzigartige Doppel-Tr\u00e4gerschaft besitzt: Es wird gemeinsam vom Kunsthaus Nexus \u2013 also einer \u00f6ffentlichen Kultureinrichtung \u2013 und der Saalfelden-Leogang Touristik GmbH \u2013 also einem Wirtschaftsbetrieb \u2013 veranstaltet. Man ist deshalb bei der Analyse weit voraus und wertet unter anderem Mobilfunkdaten aus. Wohlan, fest steht: Das Jazzfestival Saalfelden ist ein echter Publikumsmagnet. Mit gut 28000 Besuchern erreichte die 44. Ausgabe einen neuen Rekord. Der Etat von gut 800.000 Euro d\u00fcrfte damit ausgeglichen sein, die gesamte Wertsch\u00f6pfung f\u00fcr die Gemeinde erreicht 2,18 Millionen Euro. Das ist vor allem deshalb und auch jenseits der wirtschaftlichen Betrachtung &hellip;"}

Fordernd und fördernd: Das Jazzfestival Saalfelden 2024 - JazzZeitung

<blockquote class="wp-embedded-content" data-secret="U6OXVy91VP"><a href="https://www.jazzzeitung.de/cms/2024/08/fordernd-und-foerdernd-das-jazzfestival-saalfelden-2024/">Fordernd und fördernd: Das Jazzfestival Saalfelden 2024</a></blockquote><iframe sandbox="allow-scripts" security="restricted" src="https://www.jazzzeitung.de/cms/2024/08/fordernd-und-foerdernd-das-jazzfestival-saalfelden-2024/embed/#?secret=U6OXVy91VP" width="600" height="338" title="&#8222;Fordernd und fördernd: Das Jazzfestival Saalfelden 2024&#8220; &#8211; JazzZeitung" data-secret="U6OXVy91VP" frameborder="0" marginwidth="0" marginheight="0" scrolling="no" class="wp-embedded-content"></iframe><script type="text/javascript">
/* <![CDATA[ */
/*! This file is auto-generated */
!function(d,l){"use strict";l.querySelector&&d.addEventListener&&"undefined"!=typeof URL&&(d.wp=d.wp||{},d.wp.receiveEmbedMessage||(d.wp.receiveEmbedMessage=function(e){var t=e.data;if((t||t.secret||t.message||t.value)&&!/[^a-zA-Z0-9]/.test(t.secret)){for(var s,r,n,a=l.querySelectorAll('iframe[data-secret="'+t.secret+'"]'),o=l.querySelectorAll('blockquote[data-secret="'+t.secret+'"]'),c=new RegExp("^https?:$","i"),i=0;i<o.length;i++)o[i].style.display="none";for(i=0;i<a.length;i++)s=a[i],e.source===s.contentWindow&&(s.removeAttribute("style"),"height"===t.message?(1e3<(r=parseInt(t.value,10))?r=1e3:~~r<200&&(r=200),s.height=r):"link"===t.message&&(r=new URL(s.getAttribute("src")),n=new URL(t.value),c.test(n.protocol))&&n.host===r.host&&l.activeElement===s&&(d.top.location.href=t.value))}},d.addEventListener("message",d.wp.receiveEmbedMessage,!1),l.addEventListener("DOMContentLoaded",function(){for(var e,t,s=l.querySelectorAll("iframe.wp-embedded-content"),r=0;r<s.length;r++)(t=(e=s[r]).getAttribute("data-secret"))||(t=Math.random().toString(36).substring(2,12),e.src+="#?secret="+t,e.setAttribute("data-secret",t)),e.contentWindow.postMessage({message:"ready",secret:t},"*")},!1)))}(window,document);
//# sourceURL=https://www.jazzzeitung.de/cms/wp-includes/js/wp-embed.min.js
/* ]]> */
</script>

Das 44. Jazzfestival Saalfelden stand unter einem guten Stern: Prächtiges Wetter und ein enormer Publikumszuspruch begleiteten die mehr als 60 Konzerte. Da etliche davon herausragend waren, festigten der Künstlerische Leiter Mario Steidl und sein Team den Rang des Festivals als eines der führenden europäischen im Feld des progressiven, modern contemporary Jazz. Leider steht ja auch die Kultur seit langem unter dem Primat der Ökonomie und muss als „weicher Standortfaktor“ alles, auch das eigentlich Unzähl- und Unbezahlbare in Zahlen aufrechnen. Das Jazzfestival Saalfelden spielt dieses Spielchen schon deshalb aktiv mit, weil es eine ziemlich einzigartige Doppel-Trägerschaft besitzt: Es wird gemeinsam vom Kunsthaus Nexus – also einer öffentlichen Kultureinrichtung – und der Saalfelden-Leogang Touristik GmbH – also einem Wirtschaftsbetrieb – veranstaltet. Man ist deshalb bei der Analyse weit voraus und wertet unter anderem Mobilfunkdaten aus. Wohlan, fest steht: Das Jazzfestival Saalfelden ist ein echter Publikumsmagnet. Mit gut 28000 Besuchern erreichte die 44. Ausgabe einen neuen Rekord. Der Etat von gut 800.000 Euro dürfte damit ausgeglichen sein, die gesamte Wertschöpfung für die Gemeinde erreicht 2,18 Millionen Euro. Das ist vor allem deshalb und auch jenseits der wirtschaftlichen Betrachtung &hellip;
