{"version":"1.0","provider_name":"JazzZeitung","provider_url":"https:\/\/www.jazzzeitung.de\/cms","author_name":"Redaktion JazzZeitung","author_url":"https:\/\/www.jazzzeitung.de\/cms\/author\/redaktion\/","title":"Gelungener Spagat: die 53. Internationale Jazzwoche Burghausen - JazzZeitung","type":"rich","width":600,"height":338,"html":"<blockquote class=\"wp-embedded-content\" data-secret=\"4auzxNRVO4\"><a href=\"https:\/\/www.jazzzeitung.de\/cms\/2024\/03\/jazzwoche_burghausen_2024\/\">Gelungener Spagat: die 53. Internationale Jazzwoche Burghausen<\/a><\/blockquote><iframe sandbox=\"allow-scripts\" security=\"restricted\" src=\"https:\/\/www.jazzzeitung.de\/cms\/2024\/03\/jazzwoche_burghausen_2024\/embed\/#?secret=4auzxNRVO4\" width=\"600\" height=\"338\" title=\"&#8222;Gelungener Spagat: die 53. Internationale Jazzwoche Burghausen&#8220; &#8211; JazzZeitung\" data-secret=\"4auzxNRVO4\" frameborder=\"0\" marginwidth=\"0\" marginheight=\"0\" scrolling=\"no\" class=\"wp-embedded-content\"><\/iframe><script type=\"text\/javascript\">\n\/* <![CDATA[ *\/\n\/*! This file is auto-generated *\/\n!function(d,l){\"use strict\";l.querySelector&&d.addEventListener&&\"undefined\"!=typeof URL&&(d.wp=d.wp||{},d.wp.receiveEmbedMessage||(d.wp.receiveEmbedMessage=function(e){var t=e.data;if((t||t.secret||t.message||t.value)&&!\/[^a-zA-Z0-9]\/.test(t.secret)){for(var s,r,n,a=l.querySelectorAll('iframe[data-secret=\"'+t.secret+'\"]'),o=l.querySelectorAll('blockquote[data-secret=\"'+t.secret+'\"]'),c=new RegExp(\"^https?:$\",\"i\"),i=0;i<o.length;i++)o[i].style.display=\"none\";for(i=0;i<a.length;i++)s=a[i],e.source===s.contentWindow&&(s.removeAttribute(\"style\"),\"height\"===t.message?(1e3<(r=parseInt(t.value,10))?r=1e3:~~r<200&&(r=200),s.height=r):\"link\"===t.message&&(r=new URL(s.getAttribute(\"src\")),n=new URL(t.value),c.test(n.protocol))&&n.host===r.host&&l.activeElement===s&&(d.top.location.href=t.value))}},d.addEventListener(\"message\",d.wp.receiveEmbedMessage,!1),l.addEventListener(\"DOMContentLoaded\",function(){for(var e,t,s=l.querySelectorAll(\"iframe.wp-embedded-content\"),r=0;r<s.length;r++)(t=(e=s[r]).getAttribute(\"data-secret\"))||(t=Math.random().toString(36).substring(2,12),e.src+=\"#?secret=\"+t,e.setAttribute(\"data-secret\",t)),e.contentWindow.postMessage({message:\"ready\",secret:t},\"*\")},!1)))}(window,document);\n\/\/# sourceURL=https:\/\/www.jazzzeitung.de\/cms\/wp-includes\/js\/wp-embed.min.js\n\/* ]]> *\/\n<\/script>\n","thumbnail_url":"https:\/\/www.jazzzeitung.de\/cms\/wp-content\/uploads\/2024\/03\/DSC01994-Simone-Locarni-c-Ralf-Dombrowski-scaled.jpeg","thumbnail_width":2560,"thumbnail_height":1707,"description":"Ein Festival wie die Internationale Jazzwoche Burghausen muss mit vielen Variablen rechnen. Da ist zum einen die eigene Tradition, die auf mehr als ein halbes Jahrhundert Geschichte zur\u00fcckblickt und auf eine beachtliche Anzahl der Ber\u00fchmtheiten stolz sein kann, die in der vergleichsweise kleinen Stadt an der Salzach zu Gast waren. Man muss dar\u00fcber hinaus die ortstypische Infrastruktur bedenken, von der f\u00fcr eine knappe Woche umgewidmeten Werksversammlungshalle des Hauptsponsors bis hin zu vereinsinterneren Vorlieben der Interessensgemeinschaft Jazz, der Stadt selbst und der involvierten Gastronomie. Dann kommt au\u00dferdem die Ver\u00e4nderung der Musik hinzu, die kaum noch Superstars, daf\u00fcr aber viel spannendes neues Personal zum Entdecken zu bieten hat. Die Jazzwoche versucht daher schon l\u00e4nger den Spagat zwischen Bew\u00e4hrtem, was die gro\u00dfe Halle f\u00fcllt, und Perspektivischem, das neue H\u00f6rer:innen und K\u00fcnstler:innen in die Stadt holt. Ein gegl\u00fccktes Programm Und in diesem Jahr ist dieses Wechselspiel der Anspr\u00fcche besonders gut gelungen. Denn auf der einen Seite konnte man junge Bands wie Feh, die Monika Roscher Big Band oder auch die Combos der Jazz Night und des Next in Jazz-Sonntags erleben. Auf der anderen Seite aber klappte die Anbindung an &hellip;"}

Ein Festival wie die Internationale Jazzwoche Burghausen muss mit vielen Variablen rechnen. Da ist zum einen die eigene Tradition, die auf mehr als ein halbes Jahrhundert Geschichte zurückblickt und auf eine beachtliche Anzahl der Berühmtheiten stolz sein kann, die in der vergleichsweise kleinen Stadt an der Salzach zu Gast waren. Man muss darüber hinaus die ortstypische Infrastruktur bedenken, von der für eine knappe Woche umgewidmeten Werksversammlungshalle des Hauptsponsors bis hin zu vereinsinterneren Vorlieben der Interessensgemeinschaft Jazz, der Stadt selbst und der involvierten Gastronomie. Dann kommt außerdem die Veränderung der Musik hinzu, die kaum noch Superstars, dafür aber viel spannendes neues Personal zum Entdecken zu bieten hat. Die Jazzwoche versucht daher schon länger den Spagat zwischen Bewährtem, was die große Halle füllt, und Perspektivischem, das neue Hörer:innen und Künstler:innen in die Stadt holt. Ein geglücktes Programm Und in diesem Jahr ist dieses Wechselspiel der Ansprüche besonders gut gelungen. Denn auf der einen Seite konnte man junge Bands wie Feh, die Monika Roscher Big Band oder auch die Combos der Jazz Night und des Next in Jazz-Sonntags erleben. Auf der anderen Seite aber klappte die Anbindung an &hellip;
