{"version":"1.0","provider_name":"JazzZeitung","provider_url":"https:\/\/www.jazzzeitung.de\/cms","title":"NueJazz 23 in N\u00fcrnberg: Eine zehnj\u00e4hrige Erfolgsgeschichte - JazzZeitung","type":"rich","width":600,"height":338,"html":"<blockquote class=\"wp-embedded-content\" data-secret=\"g3rlnaDn6M\"><a href=\"https:\/\/www.jazzzeitung.de\/cms\/2023\/11\/nuejazz-23-in-nuernberg-eine-zehnjaehrige-erfolgsgeschichte\/\">NueJazz 23 in N\u00fcrnberg: Eine zehnj\u00e4hrige Erfolgsgeschichte<\/a><\/blockquote><iframe sandbox=\"allow-scripts\" security=\"restricted\" src=\"https:\/\/www.jazzzeitung.de\/cms\/2023\/11\/nuejazz-23-in-nuernberg-eine-zehnjaehrige-erfolgsgeschichte\/embed\/#?secret=g3rlnaDn6M\" width=\"600\" height=\"338\" title=\"&#8222;NueJazz 23 in N\u00fcrnberg: Eine zehnj\u00e4hrige Erfolgsgeschichte&#8220; &#8211; JazzZeitung\" data-secret=\"g3rlnaDn6M\" frameborder=\"0\" marginwidth=\"0\" marginheight=\"0\" scrolling=\"no\" class=\"wp-embedded-content\"><\/iframe><script type=\"text\/javascript\">\n\/* <![CDATA[ *\/\n\/*! This file is auto-generated *\/\n!function(d,l){\"use strict\";l.querySelector&&d.addEventListener&&\"undefined\"!=typeof URL&&(d.wp=d.wp||{},d.wp.receiveEmbedMessage||(d.wp.receiveEmbedMessage=function(e){var t=e.data;if((t||t.secret||t.message||t.value)&&!\/[^a-zA-Z0-9]\/.test(t.secret)){for(var s,r,n,a=l.querySelectorAll('iframe[data-secret=\"'+t.secret+'\"]'),o=l.querySelectorAll('blockquote[data-secret=\"'+t.secret+'\"]'),c=new RegExp(\"^https?:$\",\"i\"),i=0;i<o.length;i++)o[i].style.display=\"none\";for(i=0;i<a.length;i++)s=a[i],e.source===s.contentWindow&&(s.removeAttribute(\"style\"),\"height\"===t.message?(1e3<(r=parseInt(t.value,10))?r=1e3:~~r<200&&(r=200),s.height=r):\"link\"===t.message&&(r=new URL(s.getAttribute(\"src\")),n=new URL(t.value),c.test(n.protocol))&&n.host===r.host&&l.activeElement===s&&(d.top.location.href=t.value))}},d.addEventListener(\"message\",d.wp.receiveEmbedMessage,!1),l.addEventListener(\"DOMContentLoaded\",function(){for(var e,t,s=l.querySelectorAll(\"iframe.wp-embedded-content\"),r=0;r<s.length;r++)(t=(e=s[r]).getAttribute(\"data-secret\"))||(t=Math.random().toString(36).substring(2,12),e.src+=\"#?secret=\"+t,e.setAttribute(\"data-secret\",t)),e.contentWindow.postMessage({message:\"ready\",secret:t},\"*\")},!1)))}(window,document);\n\/\/# sourceURL=https:\/\/www.jazzzeitung.de\/cms\/wp-includes\/js\/wp-embed.min.js\n\/* ]]> *\/\n<\/script>\n","thumbnail_url":"https:\/\/i0.wp.com\/www.jazzzeitung.de\/cms\/wp-content\/uploads\/2023\/10\/Mononeon1_OliverHochkeppel251023-1-scaled.jpg?fit=2560%2C1703&ssl=1","thumbnail_width":2560,"thumbnail_height":1703,"description":"Man hat eine Erfolgsgeschichte feiern k\u00f6nnen Ende Oktober in N\u00fcrnberg. In zehn Jahren hat sich das NueJazz-Festival vom Versuchsballon des Vereins N\u00fcrnberger Jazzmusiker zum weithin beachteten Aufgalopp nationaler wie internationaler Gr\u00f6\u00dfen entwickelt. Auch heuer haben die Gr\u00fcnder und Leiter Frank Wuppinger und Marco K\u00fchnl beim gelungenen Jubil\u00e4um ein aufsehenerregend abwechslungsreiches und mitrei\u00dfendes Programm vorgelegt. \u201eAnfangs haben wir einfach befreundete Musiker eingeladen,\u201c erz\u00e4hlt der Gitarrist Marco K\u00fchnl, der gemeinsam mit dem Kontrabassisten Frank Wuppinger die Sache ausgebr\u00fctet hat \u2013 als Herzensangelegenheit von Musikern eben. \u201eNach und nach hat es sich professionalisiert. Aber wir haben uns den Musikerblick erhalten.\u201c Ein Blick, der sich nicht nach Verkaufszahlen oder Presse-Echo richtet, sondern sich auf das eigene Gesp\u00fcr f\u00fcr die zum Festival passenden Kollegen verl\u00e4sst. Ob Newcomer oder etablierte Stars, passend sind sie, wenn sie \u201eauch unge\u00fcbten H\u00f6rern die Angst vor dem Jazz nehmen,\u201c wie es Wuppinger formuliert. Dementsprechend haben Stil- oder Genregrenzen nie eine Rolle gespielt. Auch Hip-Hop-, Indie-Pop- oder DJ-Acts finden Platz, solange sie im Jazz-Spirit stehen. Hauptsache, es ist hochkar\u00e4tig, spannend und aktuell. \u201eKein Mainstream, kein Motto\u201c, bringt K\u00fchnl das Festival-Konzept auf den Punkt. Die Schwerpunkte Was &hellip;"}

NueJazz 23 in Nürnberg: Eine zehnjährige Erfolgsgeschichte - JazzZeitung

<blockquote class="wp-embedded-content" data-secret="g3rlnaDn6M"><a href="https://www.jazzzeitung.de/cms/2023/11/nuejazz-23-in-nuernberg-eine-zehnjaehrige-erfolgsgeschichte/">NueJazz 23 in Nürnberg: Eine zehnjährige Erfolgsgeschichte</a></blockquote><iframe sandbox="allow-scripts" security="restricted" src="https://www.jazzzeitung.de/cms/2023/11/nuejazz-23-in-nuernberg-eine-zehnjaehrige-erfolgsgeschichte/embed/#?secret=g3rlnaDn6M" width="600" height="338" title="&#8222;NueJazz 23 in Nürnberg: Eine zehnjährige Erfolgsgeschichte&#8220; &#8211; JazzZeitung" data-secret="g3rlnaDn6M" frameborder="0" marginwidth="0" marginheight="0" scrolling="no" class="wp-embedded-content"></iframe><script type="text/javascript">
/* <![CDATA[ */
/*! This file is auto-generated */
!function(d,l){"use strict";l.querySelector&&d.addEventListener&&"undefined"!=typeof URL&&(d.wp=d.wp||{},d.wp.receiveEmbedMessage||(d.wp.receiveEmbedMessage=function(e){var t=e.data;if((t||t.secret||t.message||t.value)&&!/[^a-zA-Z0-9]/.test(t.secret)){for(var s,r,n,a=l.querySelectorAll('iframe[data-secret="'+t.secret+'"]'),o=l.querySelectorAll('blockquote[data-secret="'+t.secret+'"]'),c=new RegExp("^https?:$","i"),i=0;i<o.length;i++)o[i].style.display="none";for(i=0;i<a.length;i++)s=a[i],e.source===s.contentWindow&&(s.removeAttribute("style"),"height"===t.message?(1e3<(r=parseInt(t.value,10))?r=1e3:~~r<200&&(r=200),s.height=r):"link"===t.message&&(r=new URL(s.getAttribute("src")),n=new URL(t.value),c.test(n.protocol))&&n.host===r.host&&l.activeElement===s&&(d.top.location.href=t.value))}},d.addEventListener("message",d.wp.receiveEmbedMessage,!1),l.addEventListener("DOMContentLoaded",function(){for(var e,t,s=l.querySelectorAll("iframe.wp-embedded-content"),r=0;r<s.length;r++)(t=(e=s[r]).getAttribute("data-secret"))||(t=Math.random().toString(36).substring(2,12),e.src+="#?secret="+t,e.setAttribute("data-secret",t)),e.contentWindow.postMessage({message:"ready",secret:t},"*")},!1)))}(window,document);
//# sourceURL=https://www.jazzzeitung.de/cms/wp-includes/js/wp-embed.min.js
/* ]]> */
</script>

Man hat eine Erfolgsgeschichte feiern können Ende Oktober in Nürnberg. In zehn Jahren hat sich das NueJazz-Festival vom Versuchsballon des Vereins Nürnberger Jazzmusiker zum weithin beachteten Aufgalopp nationaler wie internationaler Größen entwickelt. Auch heuer haben die Gründer und Leiter Frank Wuppinger und Marco Kühnl beim gelungenen Jubiläum ein aufsehenerregend abwechslungsreiches und mitreißendes Programm vorgelegt. „Anfangs haben wir einfach befreundete Musiker eingeladen,“ erzählt der Gitarrist Marco Kühnl, der gemeinsam mit dem Kontrabassisten Frank Wuppinger die Sache ausgebrütet hat – als Herzensangelegenheit von Musikern eben. „Nach und nach hat es sich professionalisiert. Aber wir haben uns den Musikerblick erhalten.“ Ein Blick, der sich nicht nach Verkaufszahlen oder Presse-Echo richtet, sondern sich auf das eigene Gespür für die zum Festival passenden Kollegen verlässt. Ob Newcomer oder etablierte Stars, passend sind sie, wenn sie „auch ungeübten Hörern die Angst vor dem Jazz nehmen,“ wie es Wuppinger formuliert. Dementsprechend haben Stil- oder Genregrenzen nie eine Rolle gespielt. Auch Hip-Hop-, Indie-Pop- oder DJ-Acts finden Platz, solange sie im Jazz-Spirit stehen. Hauptsache, es ist hochkarätig, spannend und aktuell. „Kein Mainstream, kein Motto“, bringt Kühnl das Festival-Konzept auf den Punkt. Die Schwerpunkte Was &hellip;
