{"version":"1.0","provider_name":"JazzZeitung","provider_url":"https:\/\/www.jazzzeitung.de\/cms","author_name":"Redaktion JazzZeitung","author_url":"https:\/\/www.jazzzeitung.de\/cms\/author\/redaktion\/","title":"M\u00fcnchens Jazzsommer im Hotel Bayerischer Hof - JazzZeitung","type":"rich","width":600,"height":338,"html":"<blockquote class=\"wp-embedded-content\" data-secret=\"3NKiZV7uDd\"><a href=\"https:\/\/www.jazzzeitung.de\/cms\/2023\/08\/muenchens-jazzsommer-im-hotel-bayerischer-hof\/\">M\u00fcnchens Jazzsommer im Hotel Bayerischer Hof<\/a><\/blockquote><iframe sandbox=\"allow-scripts\" security=\"restricted\" src=\"https:\/\/www.jazzzeitung.de\/cms\/2023\/08\/muenchens-jazzsommer-im-hotel-bayerischer-hof\/embed\/#?secret=3NKiZV7uDd\" width=\"600\" height=\"338\" title=\"&#8222;M\u00fcnchens Jazzsommer im Hotel Bayerischer Hof&#8220; &#8211; JazzZeitung\" data-secret=\"3NKiZV7uDd\" frameborder=\"0\" marginwidth=\"0\" marginheight=\"0\" scrolling=\"no\" class=\"wp-embedded-content\"><\/iframe><script type=\"text\/javascript\">\n\/* <![CDATA[ *\/\n\/*! This file is auto-generated *\/\n!function(d,l){\"use strict\";l.querySelector&&d.addEventListener&&\"undefined\"!=typeof URL&&(d.wp=d.wp||{},d.wp.receiveEmbedMessage||(d.wp.receiveEmbedMessage=function(e){var t=e.data;if((t||t.secret||t.message||t.value)&&!\/[^a-zA-Z0-9]\/.test(t.secret)){for(var s,r,n,a=l.querySelectorAll('iframe[data-secret=\"'+t.secret+'\"]'),o=l.querySelectorAll('blockquote[data-secret=\"'+t.secret+'\"]'),c=new RegExp(\"^https?:$\",\"i\"),i=0;i<o.length;i++)o[i].style.display=\"none\";for(i=0;i<a.length;i++)s=a[i],e.source===s.contentWindow&&(s.removeAttribute(\"style\"),\"height\"===t.message?(1e3<(r=parseInt(t.value,10))?r=1e3:~~r<200&&(r=200),s.height=r):\"link\"===t.message&&(r=new URL(s.getAttribute(\"src\")),n=new URL(t.value),c.test(n.protocol))&&n.host===r.host&&l.activeElement===s&&(d.top.location.href=t.value))}},d.addEventListener(\"message\",d.wp.receiveEmbedMessage,!1),l.addEventListener(\"DOMContentLoaded\",function(){for(var e,t,s=l.querySelectorAll(\"iframe.wp-embedded-content\"),r=0;r<s.length;r++)(t=(e=s[r]).getAttribute(\"data-secret\"))||(t=Math.random().toString(36).substring(2,12),e.src+=\"#?secret=\"+t,e.setAttribute(\"data-secret\",t)),e.contentWindow.postMessage({message:\"ready\",secret:t},\"*\")},!1)))}(window,document);\n\/\/# sourceURL=https:\/\/www.jazzzeitung.de\/cms\/wp-includes\/js\/wp-embed.min.js\n\/* ]]> *\/\n<\/script>\n","thumbnail_url":"https:\/\/i0.wp.com\/www.jazzzeitung.de\/cms\/wp-content\/uploads\/2023\/08\/JRBB\u00a9Godehard.Lutz@bayern-mail.de_IMGP4117B.jpg?fit=1890%2C1252&ssl=1","thumbnail_width":1890,"thumbnail_height":1252,"description":"Nach vier Jahren Zwangspause wagte das Hotel Bayerischer Hof in M\u00fcnchen einen Neustart seines Jazzsommers. Eine beeindruckende Ausstellung mit Schwarz-Wei\u00df-Fotos von Lena Semmelroggen und ein interessantes Musikfilm-Programm im hauseigenen Kino begleiteten die Konzerte. Diese standen erstmals unter der k\u00fcnstlerischen Leitung des Fachjournalisten Oliver Hochkeppel, der sein stimmiges erstes Programm unter den Titel \u201eBummel durch Europa\u201c stellte. Als doppelten Auftakt brachte er aber vorweg Jazz aus den USA auf die B\u00fchne, ohne den es den pr\u00e4sentierten eigenst\u00e4ndigen europ\u00e4ischen Jazz ja nicht g\u00e4be. So gab es also\u00a0 an zwei Tagen viele Standards zu h\u00f6ren. Zuerst von der dynamischen Altsaxophonistin Lakecia Benjamin in sehr intensiven und eigenwilligen Fassungen: Coltranes Hymne \u201eA Love Supreme\u201c als Up-tempo-St\u00fcck ist zumindest gew\u00f6hnungsbed\u00fcrftig. Ihr Begleittrio mit einem virtuosen Zaccai Curtis am Fl\u00fcgel, Ivan Taylor am Bass und EJ Strickland am Schlagzeug wirkte dagegen abgekl\u00e4rt, aber nicht minder kreativ. Zur Tradition des Jazzsommers geh\u00f6rt ein Auftritt des 2. Preistr\u00e4gers des Kurt Maas Jazz Award. Ausgew\u00e4hlt wurde 2023 der koreanische Schlagzeuger Minchan Kim, der sich der Tradition des Modern Jazz vor allem der 60er- und 70er-Jahre verschrieben hat. Zusammen mit dem Pianisten Theo Kolross und &hellip;"}

Münchens Jazzsommer im Hotel Bayerischer Hof - JazzZeitung

<blockquote class="wp-embedded-content" data-secret="3NKiZV7uDd"><a href="https://www.jazzzeitung.de/cms/2023/08/muenchens-jazzsommer-im-hotel-bayerischer-hof/">Münchens Jazzsommer im Hotel Bayerischer Hof</a></blockquote><iframe sandbox="allow-scripts" security="restricted" src="https://www.jazzzeitung.de/cms/2023/08/muenchens-jazzsommer-im-hotel-bayerischer-hof/embed/#?secret=3NKiZV7uDd" width="600" height="338" title="&#8222;Münchens Jazzsommer im Hotel Bayerischer Hof&#8220; &#8211; JazzZeitung" data-secret="3NKiZV7uDd" frameborder="0" marginwidth="0" marginheight="0" scrolling="no" class="wp-embedded-content"></iframe><script type="text/javascript">
/* <![CDATA[ */
/*! This file is auto-generated */
!function(d,l){"use strict";l.querySelector&&d.addEventListener&&"undefined"!=typeof URL&&(d.wp=d.wp||{},d.wp.receiveEmbedMessage||(d.wp.receiveEmbedMessage=function(e){var t=e.data;if((t||t.secret||t.message||t.value)&&!/[^a-zA-Z0-9]/.test(t.secret)){for(var s,r,n,a=l.querySelectorAll('iframe[data-secret="'+t.secret+'"]'),o=l.querySelectorAll('blockquote[data-secret="'+t.secret+'"]'),c=new RegExp("^https?:$","i"),i=0;i<o.length;i++)o[i].style.display="none";for(i=0;i<a.length;i++)s=a[i],e.source===s.contentWindow&&(s.removeAttribute("style"),"height"===t.message?(1e3<(r=parseInt(t.value,10))?r=1e3:~~r<200&&(r=200),s.height=r):"link"===t.message&&(r=new URL(s.getAttribute("src")),n=new URL(t.value),c.test(n.protocol))&&n.host===r.host&&l.activeElement===s&&(d.top.location.href=t.value))}},d.addEventListener("message",d.wp.receiveEmbedMessage,!1),l.addEventListener("DOMContentLoaded",function(){for(var e,t,s=l.querySelectorAll("iframe.wp-embedded-content"),r=0;r<s.length;r++)(t=(e=s[r]).getAttribute("data-secret"))||(t=Math.random().toString(36).substring(2,12),e.src+="#?secret="+t,e.setAttribute("data-secret",t)),e.contentWindow.postMessage({message:"ready",secret:t},"*")},!1)))}(window,document);
//# sourceURL=https://www.jazzzeitung.de/cms/wp-includes/js/wp-embed.min.js
/* ]]> */
</script>

Nach vier Jahren Zwangspause wagte das Hotel Bayerischer Hof in München einen Neustart seines Jazzsommers. Eine beeindruckende Ausstellung mit Schwarz-Weiß-Fotos von Lena Semmelroggen und ein interessantes Musikfilm-Programm im hauseigenen Kino begleiteten die Konzerte. Diese standen erstmals unter der künstlerischen Leitung des Fachjournalisten Oliver Hochkeppel, der sein stimmiges erstes Programm unter den Titel „Bummel durch Europa“ stellte. Als doppelten Auftakt brachte er aber vorweg Jazz aus den USA auf die Bühne, ohne den es den präsentierten eigenständigen europäischen Jazz ja nicht gäbe. So gab es also  an zwei Tagen viele Standards zu hören. Zuerst von der dynamischen Altsaxophonistin Lakecia Benjamin in sehr intensiven und eigenwilligen Fassungen: Coltranes Hymne „A Love Supreme“ als Up-tempo-Stück ist zumindest gewöhnungsbedürftig. Ihr Begleittrio mit einem virtuosen Zaccai Curtis am Flügel, Ivan Taylor am Bass und EJ Strickland am Schlagzeug wirkte dagegen abgeklärt, aber nicht minder kreativ. Zur Tradition des Jazzsommers gehört ein Auftritt des 2. Preisträgers des Kurt Maas Jazz Award. Ausgewählt wurde 2023 der koreanische Schlagzeuger Minchan Kim, der sich der Tradition des Modern Jazz vor allem der 60er- und 70er-Jahre verschrieben hat. Zusammen mit dem Pianisten Theo Kolross und &hellip;
