{"version":"1.0","provider_name":"JazzZeitung","provider_url":"https:\/\/www.jazzzeitung.de\/cms","author_name":"Michael Scheiner","author_url":"https:\/\/www.jazzzeitung.de\/cms\/author\/mscheiner\/","title":"BR kickt Hammerstein ins Aus - JazzZeitung","type":"rich","width":600,"height":338,"html":"<blockquote class=\"wp-embedded-content\" data-secret=\"YgfsxiYkvu\"><a href=\"https:\/\/www.jazzzeitung.de\/cms\/2023\/07\/br-kickt-hammerstein-ins-aus\/\">BR kickt Hammerstein ins Aus<\/a><\/blockquote><iframe sandbox=\"allow-scripts\" security=\"restricted\" src=\"https:\/\/www.jazzzeitung.de\/cms\/2023\/07\/br-kickt-hammerstein-ins-aus\/embed\/#?secret=YgfsxiYkvu\" width=\"600\" height=\"338\" title=\"&#8222;BR kickt Hammerstein ins Aus&#8220; &#8211; JazzZeitung\" data-secret=\"YgfsxiYkvu\" frameborder=\"0\" marginwidth=\"0\" marginheight=\"0\" scrolling=\"no\" class=\"wp-embedded-content\"><\/iframe><script type=\"text\/javascript\">\n\/* <![CDATA[ *\/\n\/*! This file is auto-generated *\/\n!function(d,l){\"use strict\";l.querySelector&&d.addEventListener&&\"undefined\"!=typeof URL&&(d.wp=d.wp||{},d.wp.receiveEmbedMessage||(d.wp.receiveEmbedMessage=function(e){var t=e.data;if((t||t.secret||t.message||t.value)&&!\/[^a-zA-Z0-9]\/.test(t.secret)){for(var s,r,n,a=l.querySelectorAll('iframe[data-secret=\"'+t.secret+'\"]'),o=l.querySelectorAll('blockquote[data-secret=\"'+t.secret+'\"]'),c=new RegExp(\"^https?:$\",\"i\"),i=0;i<o.length;i++)o[i].style.display=\"none\";for(i=0;i<a.length;i++)s=a[i],e.source===s.contentWindow&&(s.removeAttribute(\"style\"),\"height\"===t.message?(1e3<(r=parseInt(t.value,10))?r=1e3:~~r<200&&(r=200),s.height=r):\"link\"===t.message&&(r=new URL(s.getAttribute(\"src\")),n=new URL(t.value),c.test(n.protocol))&&n.host===r.host&&l.activeElement===s&&(d.top.location.href=t.value))}},d.addEventListener(\"message\",d.wp.receiveEmbedMessage,!1),l.addEventListener(\"DOMContentLoaded\",function(){for(var e,t,s=l.querySelectorAll(\"iframe.wp-embedded-content\"),r=0;r<s.length;r++)(t=(e=s[r]).getAttribute(\"data-secret\"))||(t=Math.random().toString(36).substring(2,12),e.src+=\"#?secret=\"+t,e.setAttribute(\"data-secret\",t)),e.contentWindow.postMessage({message:\"ready\",secret:t},\"*\")},!1)))}(window,document);\n\/\/# sourceURL=https:\/\/www.jazzzeitung.de\/cms\/wp-includes\/js\/wp-embed.min.js\n\/* ]]> *\/\n<\/script>\n","thumbnail_url":"https:\/\/www.jazzzeitung.de\/cms\/wp-content\/uploads\/2023\/07\/hammersein-lukas_64-900x600.jpg","thumbnail_width":900,"thumbnail_height":600,"description":"\u201eMit\u2026\u201c, dann folgt eine unmerkliche Verz\u00f6gerung bis die Anmoderation mit \u201e\u2026Lukas Hammerstein\u201c abschlie\u00dft. Seit Jahr und Tag beginnt der bei M\u00fcnchen lebende Journalist und Autor Jazz &amp; Politik jeden Samstagnachmittag damit, dass er sich vorstellt. Angesiedelt ist das Magazin bei der Politikredaktion des Bayerischen Rundfunks (B2), die Musik w\u00e4hlt der Musikredakteur Roland Spiegel aus. Abgesang auf eine Magazinsendung Kurz vor Sommerbeginn traf ich Hammerstein zu einem Interview im Eingangsbereich des\u00a0 Rundfunkhauses des BR, nahe beim M\u00fcnchner Hauptbahnhof. Ich wollte ein Portr\u00e4t des 65-j\u00e4hrigen Freiberuflers verfassen, dessen politisches Feuilleton zum Interessantesten, manche H\u00f6rer*innen w\u00fcrden sagen \u201ezum Besten geh\u00f6rt\u201c, was vom BR produziert wird. W\u00e4hrend der Arbeit am Text landete im Postfach eine Nachricht, dass Jazz &amp; Politik Anfang kommenden Jahres (2024) eingestellt wird. Unversehens bekommt das Interview einen anderen Drall und die Geschichte ger\u00e4t zu einem Abgesang auf eine Magazinsendung, die innerhalb des durchaus immer noch vielf\u00e4ltigen deutschen Rundfunkwesens einmalig ist. Nische Jazz &amp; Politik Im Schatten gro\u00dfer Reichweiten und Quoten, die vom hohen Sendemast herab alles \u00fcberblicken, f\u00fchrt Jazz &amp; Politik ein Nischendasein f\u00fcr politisch Interessierte und\u00a0 H\u00f6rerinnen die wissen wie z\u00e4h praktische Politik in &hellip;"}

„Mit…“, dann folgt eine unmerkliche Verzögerung bis die Anmoderation mit „…Lukas Hammerstein“ abschließt. Seit Jahr und Tag beginnt der bei München lebende Journalist und Autor Jazz &amp; Politik jeden Samstagnachmittag damit, dass er sich vorstellt. Angesiedelt ist das Magazin bei der Politikredaktion des Bayerischen Rundfunks (B2), die Musik wählt der Musikredakteur Roland Spiegel aus. Abgesang auf eine Magazinsendung Kurz vor Sommerbeginn traf ich Hammerstein zu einem Interview im Eingangsbereich des  Rundfunkhauses des BR, nahe beim Münchner Hauptbahnhof. Ich wollte ein Porträt des 65-jährigen Freiberuflers verfassen, dessen politisches Feuilleton zum Interessantesten, manche Hörer*innen würden sagen „zum Besten gehört“, was vom BR produziert wird. Während der Arbeit am Text landete im Postfach eine Nachricht, dass Jazz &amp; Politik Anfang kommenden Jahres (2024) eingestellt wird. Unversehens bekommt das Interview einen anderen Drall und die Geschichte gerät zu einem Abgesang auf eine Magazinsendung, die innerhalb des durchaus immer noch vielfältigen deutschen Rundfunkwesens einmalig ist. Nische Jazz &amp; Politik Im Schatten großer Reichweiten und Quoten, die vom hohen Sendemast herab alles überblicken, führt Jazz &amp; Politik ein Nischendasein für politisch Interessierte und  Hörerinnen die wissen wie zäh praktische Politik in &hellip;
