{"version":"1.0","provider_name":"JazzZeitung","provider_url":"https:\/\/www.jazzzeitung.de\/cms","title":"Das Shuteen Erdenebaatar Quartett live in Puchheim - JazzZeitung","type":"rich","width":600,"height":338,"html":"<blockquote class=\"wp-embedded-content\" data-secret=\"2WGjRjC0mL\"><a href=\"https:\/\/www.jazzzeitung.de\/cms\/2023\/03\/das-shuteen-erdenebaatar-quartett-live-in-puchheim\/\">Das Shuteen Erdenebaatar Quartett live in Puchheim<\/a><\/blockquote><iframe sandbox=\"allow-scripts\" security=\"restricted\" src=\"https:\/\/www.jazzzeitung.de\/cms\/2023\/03\/das-shuteen-erdenebaatar-quartett-live-in-puchheim\/embed\/#?secret=2WGjRjC0mL\" width=\"600\" height=\"338\" title=\"&#8222;Das Shuteen Erdenebaatar Quartett live in Puchheim&#8220; &#8211; JazzZeitung\" data-secret=\"2WGjRjC0mL\" frameborder=\"0\" marginwidth=\"0\" marginheight=\"0\" scrolling=\"no\" class=\"wp-embedded-content\"><\/iframe><script type=\"text\/javascript\">\n\/* <![CDATA[ *\/\n\/*! This file is auto-generated *\/\n!function(d,l){\"use strict\";l.querySelector&&d.addEventListener&&\"undefined\"!=typeof URL&&(d.wp=d.wp||{},d.wp.receiveEmbedMessage||(d.wp.receiveEmbedMessage=function(e){var t=e.data;if((t||t.secret||t.message||t.value)&&!\/[^a-zA-Z0-9]\/.test(t.secret)){for(var s,r,n,a=l.querySelectorAll('iframe[data-secret=\"'+t.secret+'\"]'),o=l.querySelectorAll('blockquote[data-secret=\"'+t.secret+'\"]'),c=new RegExp(\"^https?:$\",\"i\"),i=0;i<o.length;i++)o[i].style.display=\"none\";for(i=0;i<a.length;i++)s=a[i],e.source===s.contentWindow&&(s.removeAttribute(\"style\"),\"height\"===t.message?(1e3<(r=parseInt(t.value,10))?r=1e3:~~r<200&&(r=200),s.height=r):\"link\"===t.message&&(r=new URL(s.getAttribute(\"src\")),n=new URL(t.value),c.test(n.protocol))&&n.host===r.host&&l.activeElement===s&&(d.top.location.href=t.value))}},d.addEventListener(\"message\",d.wp.receiveEmbedMessage,!1),l.addEventListener(\"DOMContentLoaded\",function(){for(var e,t,s=l.querySelectorAll(\"iframe.wp-embedded-content\"),r=0;r<s.length;r++)(t=(e=s[r]).getAttribute(\"data-secret\"))||(t=Math.random().toString(36).substring(2,12),e.src+=\"#?secret=\"+t,e.setAttribute(\"data-secret\",t)),e.contentWindow.postMessage({message:\"ready\",secret:t},\"*\")},!1)))}(window,document);\n\/\/# sourceURL=https:\/\/www.jazzzeitung.de\/cms\/wp-includes\/js\/wp-embed.min.js\n\/* ]]> *\/\n<\/script>\n","thumbnail_url":"https:\/\/www.jazzzeitung.de\/cms\/wp-content\/uploads\/2023\/03\/P2369291-Erdenabaatar-Quartett-Foto-TJ-Krebs.jpg","thumbnail_width":1200,"thumbnail_height":823,"description":"Vor den Toren M\u00fcnchens, im Puchheimer Kulturcentrum PUC, gastierte die Komponistin und Pianistin Shuteen Erdenebaatar mit ihrem Quartett und stellte ihr aktuelles Programm vor. Mit von der Partie waren Nils Kugelmann am Bass, der Schlagzeuger Valentin Renner und Saxophonist Anton Mangold.\u00a0 Shuteen Erdenebaatar, wurde 1998 in der mongolischen Hauptstadt Ulaanbaatar geboren, lebt seit 2018 in M\u00fcnchen und war von Beginn an fest mit der lokalen Jazzszene verwurzelt. Nach einem Doppelmasterstudium in Jazzklavier und Jazzkomposition an der Hochschule f\u00fcr Musik und Theater sowie einem weiterbildenden Zertifikatsstudium Meisterklasse wurde sie im Jahr 2021 mit dem Kurt Maas Jazzpreis ausgezeichnet, letztes Jahr mit dem renommierten BMW Young Artist Jazz Award, dem Publikumspreis des M\u00fcnchner Jazzpreises und dem Biberacher Jazz-Kompositionspreis. Beeindruckend daran ist, was sie mit ihrem Talent anstellt: Neben ihrem Quartett ist sie Teil des Lightville Duos und Dirigentin ihres neu gegr\u00fcndeten 20-k\u00f6pfigen, genre\u00fcbergreifenden Chamber Jazz Orchestra in M\u00fcnchen. Bei ihrem musikalischen Schaffen stehen ausdrucksstarke Kompositionen im Vordergrund, mit tiefgr\u00fcndigen Harmonien und wundervollen Melodien, die ihren Mitstreiter&#42;innen viel Raum f\u00fcr Improvisationen geben. Restlos begeistertes Publikum Dementsprechend \u00fcberzeugte das Shuteen Erdenebaatar Quartett im Puchheimer Kulturcentrum PUC von der ersten &hellip;"}

Vor den Toren Münchens, im Puchheimer Kulturcentrum PUC, gastierte die Komponistin und Pianistin Shuteen Erdenebaatar mit ihrem Quartett und stellte ihr aktuelles Programm vor. Mit von der Partie waren Nils Kugelmann am Bass, der Schlagzeuger Valentin Renner und Saxophonist Anton Mangold.  Shuteen Erdenebaatar, wurde 1998 in der mongolischen Hauptstadt Ulaanbaatar geboren, lebt seit 2018 in München und war von Beginn an fest mit der lokalen Jazzszene verwurzelt. Nach einem Doppelmasterstudium in Jazzklavier und Jazzkomposition an der Hochschule für Musik und Theater sowie einem weiterbildenden Zertifikatsstudium Meisterklasse wurde sie im Jahr 2021 mit dem Kurt Maas Jazzpreis ausgezeichnet, letztes Jahr mit dem renommierten BMW Young Artist Jazz Award, dem Publikumspreis des Münchner Jazzpreises und dem Biberacher Jazz-Kompositionspreis. Beeindruckend daran ist, was sie mit ihrem Talent anstellt: Neben ihrem Quartett ist sie Teil des Lightville Duos und Dirigentin ihres neu gegründeten 20-köpfigen, genreübergreifenden Chamber Jazz Orchestra in München. Bei ihrem musikalischen Schaffen stehen ausdrucksstarke Kompositionen im Vordergrund, mit tiefgründigen Harmonien und wundervollen Melodien, die ihren Mitstreiter&#42;innen viel Raum für Improvisationen geben. Restlos begeistertes Publikum Dementsprechend überzeugte das Shuteen Erdenebaatar Quartett im Puchheimer Kulturcentrum PUC von der ersten &hellip;
