{"version":"1.0","provider_name":"JazzZeitung","provider_url":"https:\/\/www.jazzzeitung.de\/cms","author_name":"Redaktion JazzZeitung","author_url":"https:\/\/www.jazzzeitung.de\/cms\/author\/redaktion\/","title":"Alchemist des Schlagzeugs \u2013 Zum Tod von Fredy Studer - JazzZeitung","type":"rich","width":600,"height":338,"html":"<blockquote class=\"wp-embedded-content\" data-secret=\"T95isTGVzT\"><a href=\"https:\/\/www.jazzzeitung.de\/cms\/2022\/08\/alchemist-des-schlagzeugs-zum-tod-von-fredy-studer\/\">Alchemist des Schlagzeugs \u2013 Zum Tod von Fredy Studer<\/a><\/blockquote><iframe sandbox=\"allow-scripts\" security=\"restricted\" src=\"https:\/\/www.jazzzeitung.de\/cms\/2022\/08\/alchemist-des-schlagzeugs-zum-tod-von-fredy-studer\/embed\/#?secret=T95isTGVzT\" width=\"600\" height=\"338\" title=\"&#8222;Alchemist des Schlagzeugs \u2013 Zum Tod von Fredy Studer&#8220; &#8211; JazzZeitung\" data-secret=\"T95isTGVzT\" frameborder=\"0\" marginwidth=\"0\" marginheight=\"0\" scrolling=\"no\" class=\"wp-embedded-content\"><\/iframe><script type=\"text\/javascript\">\n\/* <![CDATA[ *\/\n\/*! This file is auto-generated *\/\n!function(d,l){\"use strict\";l.querySelector&&d.addEventListener&&\"undefined\"!=typeof URL&&(d.wp=d.wp||{},d.wp.receiveEmbedMessage||(d.wp.receiveEmbedMessage=function(e){var t=e.data;if((t||t.secret||t.message||t.value)&&!\/[^a-zA-Z0-9]\/.test(t.secret)){for(var s,r,n,a=l.querySelectorAll('iframe[data-secret=\"'+t.secret+'\"]'),o=l.querySelectorAll('blockquote[data-secret=\"'+t.secret+'\"]'),c=new RegExp(\"^https?:$\",\"i\"),i=0;i<o.length;i++)o[i].style.display=\"none\";for(i=0;i<a.length;i++)s=a[i],e.source===s.contentWindow&&(s.removeAttribute(\"style\"),\"height\"===t.message?(1e3<(r=parseInt(t.value,10))?r=1e3:~~r<200&&(r=200),s.height=r):\"link\"===t.message&&(r=new URL(s.getAttribute(\"src\")),n=new URL(t.value),c.test(n.protocol))&&n.host===r.host&&l.activeElement===s&&(d.top.location.href=t.value))}},d.addEventListener(\"message\",d.wp.receiveEmbedMessage,!1),l.addEventListener(\"DOMContentLoaded\",function(){for(var e,t,s=l.querySelectorAll(\"iframe.wp-embedded-content\"),r=0;r<s.length;r++)(t=(e=s[r]).getAttribute(\"data-secret\"))||(t=Math.random().toString(36).substring(2,12),e.src+=\"#?secret=\"+t,e.setAttribute(\"data-secret\",t)),e.contentWindow.postMessage({message:\"ready\",secret:t},\"*\")},!1)))}(window,document);\n\/\/# sourceURL=https:\/\/www.jazzzeitung.de\/cms\/wp-includes\/js\/wp-embed.min.js\n\/* ]]> *\/\n<\/script>\n","thumbnail_url":"https:\/\/i0.wp.com\/www.jazzzeitung.de\/cms\/wp-content\/uploads\/2022\/08\/DSC_3810-scaled.jpg?fit=2560%2C1703&ssl=1","thumbnail_width":2560,"thumbnail_height":1703,"description":"Die Meldung vom Tod des Schweizer Schlagzeugers Fredy Studer kam \u00fcberraschend. Er galt als &#8222;der&#8220; Schweizer Schlagzeuger, &#8222;Einer des besten&#8220;, wie es die Neue Z\u00fcrcher Zeitung auf den Punkt brachte. Mark Sattler, Dramaturg CONTEMPORARY bei Lucerne Festival, hat etliche Projekte mit ihm zusammen initiiert. F\u00fcr die JazzZeitung.de erinnert er sich an den Musiker und Freund Fredy Studer. Luzern als Musikstadt: Bevor ich 1999 zu den Musikfestwochen kam, war die kleine Stadt am Vierwaldst\u00e4tter See f\u00fcr mich verbunden mit der Band OM und besonders Fredy Studer, den ich aus ECM-Zeiten kannte. Seit dem Beginn meiner Luzerner Arbeit in 1999 haben wir uns regelm\u00e4\u00dfig getroffen. Er hatte immer Ideen dabei. Einige haben wir umgesetzt, zum Beispiel das Hardcore Chambermusic Trio \u201eKoch-Sch\u00fctz-Studer\u201c zusammen gebracht mit Orchester. Thomas K. J. Mejer hat ein St\u00fcck daf\u00fcr geschrieben. Neben Meyer hat mich Fredy mit dem Schweizer Musiker und Komponisten Dieter Ammann bekannt gemacht. F\u00fcr das gleiche Konzert im Sommer 2002 hat Dieter Ammann das Orchesterwerk \u201eCore\u201c geschrieben und sich auf Material von Koch-Sch\u00fctz-Studer bezogen. Eine bis heute sehr fruchtbare Zusammenarbeit und Freundschaft mit Dieter ist entstanden. Dank Fredy! Dann folgte im &hellip;"}

Die Meldung vom Tod des Schweizer Schlagzeugers Fredy Studer kam überraschend. Er galt als &#8222;der&#8220; Schweizer Schlagzeuger, &#8222;Einer des besten&#8220;, wie es die Neue Zürcher Zeitung auf den Punkt brachte. Mark Sattler, Dramaturg CONTEMPORARY bei Lucerne Festival, hat etliche Projekte mit ihm zusammen initiiert. Für die JazzZeitung.de erinnert er sich an den Musiker und Freund Fredy Studer. Luzern als Musikstadt: Bevor ich 1999 zu den Musikfestwochen kam, war die kleine Stadt am Vierwaldstätter See für mich verbunden mit der Band OM und besonders Fredy Studer, den ich aus ECM-Zeiten kannte. Seit dem Beginn meiner Luzerner Arbeit in 1999 haben wir uns regelmäßig getroffen. Er hatte immer Ideen dabei. Einige haben wir umgesetzt, zum Beispiel das Hardcore Chambermusic Trio „Koch-Schütz-Studer“ zusammen gebracht mit Orchester. Thomas K. J. Mejer hat ein Stück dafür geschrieben. Neben Meyer hat mich Fredy mit dem Schweizer Musiker und Komponisten Dieter Ammann bekannt gemacht. Für das gleiche Konzert im Sommer 2002 hat Dieter Ammann das Orchesterwerk „Core“ geschrieben und sich auf Material von Koch-Schütz-Studer bezogen. Eine bis heute sehr fruchtbare Zusammenarbeit und Freundschaft mit Dieter ist entstanden. Dank Fredy! Dann folgte im &hellip;
