{"version":"1.0","provider_name":"JazzZeitung","provider_url":"https:\/\/www.jazzzeitung.de\/cms","author_name":"Redaktion JazzZeitung","author_url":"https:\/\/www.jazzzeitung.de\/cms\/author\/redaktion\/","title":"Klangliche Seilt\u00e4nze voller Z\u00e4rtlichkeit - JazzZeitung","type":"rich","width":600,"height":338,"html":"<blockquote class=\"wp-embedded-content\" data-secret=\"oETumJ6sVt\"><a href=\"https:\/\/www.jazzzeitung.de\/cms\/2022\/04\/klangliche-seiltaenze-voller-zaertlichkeit\/\">Klangliche Seilt\u00e4nze voller Z\u00e4rtlichkeit<\/a><\/blockquote><iframe sandbox=\"allow-scripts\" security=\"restricted\" src=\"https:\/\/www.jazzzeitung.de\/cms\/2022\/04\/klangliche-seiltaenze-voller-zaertlichkeit\/embed\/#?secret=oETumJ6sVt\" width=\"600\" height=\"338\" title=\"&#8222;Klangliche Seilt\u00e4nze voller Z\u00e4rtlichkeit&#8220; &#8211; JazzZeitung\" data-secret=\"oETumJ6sVt\" frameborder=\"0\" marginwidth=\"0\" marginheight=\"0\" scrolling=\"no\" class=\"wp-embedded-content\"><\/iframe><script type=\"text\/javascript\">\n\/* <![CDATA[ *\/\n\/*! This file is auto-generated *\/\n!function(d,l){\"use strict\";l.querySelector&&d.addEventListener&&\"undefined\"!=typeof URL&&(d.wp=d.wp||{},d.wp.receiveEmbedMessage||(d.wp.receiveEmbedMessage=function(e){var t=e.data;if((t||t.secret||t.message||t.value)&&!\/[^a-zA-Z0-9]\/.test(t.secret)){for(var s,r,n,a=l.querySelectorAll('iframe[data-secret=\"'+t.secret+'\"]'),o=l.querySelectorAll('blockquote[data-secret=\"'+t.secret+'\"]'),c=new RegExp(\"^https?:$\",\"i\"),i=0;i<o.length;i++)o[i].style.display=\"none\";for(i=0;i<a.length;i++)s=a[i],e.source===s.contentWindow&&(s.removeAttribute(\"style\"),\"height\"===t.message?(1e3<(r=parseInt(t.value,10))?r=1e3:~~r<200&&(r=200),s.height=r):\"link\"===t.message&&(r=new URL(s.getAttribute(\"src\")),n=new URL(t.value),c.test(n.protocol))&&n.host===r.host&&l.activeElement===s&&(d.top.location.href=t.value))}},d.addEventListener(\"message\",d.wp.receiveEmbedMessage,!1),l.addEventListener(\"DOMContentLoaded\",function(){for(var e,t,s=l.querySelectorAll(\"iframe.wp-embedded-content\"),r=0;r<s.length;r++)(t=(e=s[r]).getAttribute(\"data-secret\"))||(t=Math.random().toString(36).substring(2,12),e.src+=\"#?secret=\"+t,e.setAttribute(\"data-secret\",t)),e.contentWindow.postMessage({message:\"ready\",secret:t},\"*\")},!1)))}(window,document);\n\/\/# sourceURL=https:\/\/www.jazzzeitung.de\/cms\/wp-includes\/js\/wp-embed.min.js\n\/* ]]> *\/\n<\/script>\n","thumbnail_url":"https:\/\/www.jazzzeitung.de\/cms\/wp-content\/uploads\/2022\/04\/Seddiki-matinier_45-900x600.jpg","thumbnail_width":900,"thumbnail_height":600,"description":"Erst nach mehreren Zugaben durfte das gefeierte Duo mit Jean-Louis Matinier und Kevin Seddiki von der B\u00fchne im Leeren Beutel in Regensburg. Von Michael Scheiner Irgendwann beginnt es im Kopf zu klingeln und Erinnerungen an ein weit entferntes Konzert, \u201eFriday Night in San Francisco\u201c, tauchen bei einigen Akkorden von Kevin Seddiki auf.\u00a0 Seddiki, 1981 in Clermont-Ferrand zur Welt gekommen, ist viel zu jung, um das ein Jahr vor seiner Geburt live mitgeschnittene Konzert der drei Gitarrengr\u00f6\u00dfen Paco de Lucia, John McLaughlin und Al Di Meola erlebt zu haben. Sicher hat er es sp\u00e4ter einmal als Video gesehen. Entscheidender f\u00fcr sein eigenes Spiel auf der nylonbespannten akustischen Gitarre aber ist die Mitgliedschaft in Di Meolas Band World Sinfonia. Vier Jahre spielte der franz\u00f6sische Gitarrist mit algerischen und italienischen Wurzeln in der Band des als \u201eschnellster Gitarrist der Welt\u201c gefeierten Fusionmusikers. Dabei fand auch der eine oder andere Lick des \u00e4lteren Bandleaders seinen Weg in Seddikis Spiel. Von einem Imitat kann bei dem klassisch geschulten Musiker indessen keine Rede sein. Auf jeder Station seiner ungemein weit gef\u00e4cherten k\u00fcnstlerischen Karriere hat er Ideen aufgesogen und in sein vielgestaltiges &hellip;"}

Klangliche Seiltänze voller Zärtlichkeit - JazzZeitung

<blockquote class="wp-embedded-content" data-secret="oETumJ6sVt"><a href="https://www.jazzzeitung.de/cms/2022/04/klangliche-seiltaenze-voller-zaertlichkeit/">Klangliche Seiltänze voller Zärtlichkeit</a></blockquote><iframe sandbox="allow-scripts" security="restricted" src="https://www.jazzzeitung.de/cms/2022/04/klangliche-seiltaenze-voller-zaertlichkeit/embed/#?secret=oETumJ6sVt" width="600" height="338" title="&#8222;Klangliche Seiltänze voller Zärtlichkeit&#8220; &#8211; JazzZeitung" data-secret="oETumJ6sVt" frameborder="0" marginwidth="0" marginheight="0" scrolling="no" class="wp-embedded-content"></iframe><script type="text/javascript">
/* <![CDATA[ */
/*! This file is auto-generated */
!function(d,l){"use strict";l.querySelector&&d.addEventListener&&"undefined"!=typeof URL&&(d.wp=d.wp||{},d.wp.receiveEmbedMessage||(d.wp.receiveEmbedMessage=function(e){var t=e.data;if((t||t.secret||t.message||t.value)&&!/[^a-zA-Z0-9]/.test(t.secret)){for(var s,r,n,a=l.querySelectorAll('iframe[data-secret="'+t.secret+'"]'),o=l.querySelectorAll('blockquote[data-secret="'+t.secret+'"]'),c=new RegExp("^https?:$","i"),i=0;i<o.length;i++)o[i].style.display="none";for(i=0;i<a.length;i++)s=a[i],e.source===s.contentWindow&&(s.removeAttribute("style"),"height"===t.message?(1e3<(r=parseInt(t.value,10))?r=1e3:~~r<200&&(r=200),s.height=r):"link"===t.message&&(r=new URL(s.getAttribute("src")),n=new URL(t.value),c.test(n.protocol))&&n.host===r.host&&l.activeElement===s&&(d.top.location.href=t.value))}},d.addEventListener("message",d.wp.receiveEmbedMessage,!1),l.addEventListener("DOMContentLoaded",function(){for(var e,t,s=l.querySelectorAll("iframe.wp-embedded-content"),r=0;r<s.length;r++)(t=(e=s[r]).getAttribute("data-secret"))||(t=Math.random().toString(36).substring(2,12),e.src+="#?secret="+t,e.setAttribute("data-secret",t)),e.contentWindow.postMessage({message:"ready",secret:t},"*")},!1)))}(window,document);
//# sourceURL=https://www.jazzzeitung.de/cms/wp-includes/js/wp-embed.min.js
/* ]]> */
</script>

Erst nach mehreren Zugaben durfte das gefeierte Duo mit Jean-Louis Matinier und Kevin Seddiki von der Bühne im Leeren Beutel in Regensburg. Von Michael Scheiner Irgendwann beginnt es im Kopf zu klingeln und Erinnerungen an ein weit entferntes Konzert, „Friday Night in San Francisco“, tauchen bei einigen Akkorden von Kevin Seddiki auf.  Seddiki, 1981 in Clermont-Ferrand zur Welt gekommen, ist viel zu jung, um das ein Jahr vor seiner Geburt live mitgeschnittene Konzert der drei Gitarrengrößen Paco de Lucia, John McLaughlin und Al Di Meola erlebt zu haben. Sicher hat er es später einmal als Video gesehen. Entscheidender für sein eigenes Spiel auf der nylonbespannten akustischen Gitarre aber ist die Mitgliedschaft in Di Meolas Band World Sinfonia. Vier Jahre spielte der französische Gitarrist mit algerischen und italienischen Wurzeln in der Band des als „schnellster Gitarrist der Welt“ gefeierten Fusionmusikers. Dabei fand auch der eine oder andere Lick des älteren Bandleaders seinen Weg in Seddikis Spiel. Von einem Imitat kann bei dem klassisch geschulten Musiker indessen keine Rede sein. Auf jeder Station seiner ungemein weit gefächerten künstlerischen Karriere hat er Ideen aufgesogen und in sein vielgestaltiges &hellip;
