{"version":"1.0","provider_name":"JazzZeitung","provider_url":"https:\/\/www.jazzzeitung.de\/cms","author_name":"Redaktion JazzZeitung","author_url":"https:\/\/www.jazzzeitung.de\/cms\/author\/redaktion\/","title":"+++ news +++70 Jahre SWR Bigband +++ 51. Jazzwoche Burghausen +++ - JazzZeitung","type":"rich","width":600,"height":338,"html":"<blockquote class=\"wp-embedded-content\" data-secret=\"sep6JZSXOW\"><a href=\"https:\/\/www.jazzzeitung.de\/cms\/2022\/03\/news-70-jahre-swr-bigband-51-jazzwoche-burghausen\/\">+++ news +++70 Jahre SWR Bigband +++ 51. Jazzwoche Burghausen +++<\/a><\/blockquote><iframe sandbox=\"allow-scripts\" security=\"restricted\" src=\"https:\/\/www.jazzzeitung.de\/cms\/2022\/03\/news-70-jahre-swr-bigband-51-jazzwoche-burghausen\/embed\/#?secret=sep6JZSXOW\" width=\"600\" height=\"338\" title=\"&#8222;+++ news +++70 Jahre SWR Bigband +++ 51. Jazzwoche Burghausen +++&#8220; &#8211; JazzZeitung\" data-secret=\"sep6JZSXOW\" frameborder=\"0\" marginwidth=\"0\" marginheight=\"0\" scrolling=\"no\" class=\"wp-embedded-content\"><\/iframe><script type=\"text\/javascript\">\n\/* <![CDATA[ *\/\n\/*! This file is auto-generated *\/\n!function(d,l){\"use strict\";l.querySelector&&d.addEventListener&&\"undefined\"!=typeof URL&&(d.wp=d.wp||{},d.wp.receiveEmbedMessage||(d.wp.receiveEmbedMessage=function(e){var t=e.data;if((t||t.secret||t.message||t.value)&&!\/[^a-zA-Z0-9]\/.test(t.secret)){for(var s,r,n,a=l.querySelectorAll('iframe[data-secret=\"'+t.secret+'\"]'),o=l.querySelectorAll('blockquote[data-secret=\"'+t.secret+'\"]'),c=new RegExp(\"^https?:$\",\"i\"),i=0;i<o.length;i++)o[i].style.display=\"none\";for(i=0;i<a.length;i++)s=a[i],e.source===s.contentWindow&&(s.removeAttribute(\"style\"),\"height\"===t.message?(1e3<(r=parseInt(t.value,10))?r=1e3:~~r<200&&(r=200),s.height=r):\"link\"===t.message&&(r=new URL(s.getAttribute(\"src\")),n=new URL(t.value),c.test(n.protocol))&&n.host===r.host&&l.activeElement===s&&(d.top.location.href=t.value))}},d.addEventListener(\"message\",d.wp.receiveEmbedMessage,!1),l.addEventListener(\"DOMContentLoaded\",function(){for(var e,t,s=l.querySelectorAll(\"iframe.wp-embedded-content\"),r=0;r<s.length;r++)(t=(e=s[r]).getAttribute(\"data-secret\"))||(t=Math.random().toString(36).substring(2,12),e.src+=\"#?secret=\"+t,e.setAttribute(\"data-secret\",t)),e.contentWindow.postMessage({message:\"ready\",secret:t},\"*\")},!1)))}(window,document);\n\/\/# sourceURL=https:\/\/www.jazzzeitung.de\/cms\/wp-includes\/js\/wp-embed.min.js\n\/* ]]> *\/\n<\/script>\n","thumbnail_url":"https:\/\/i0.wp.com\/www.jazzzeitung.de\/cms\/wp-content\/uploads\/2022\/03\/SWRBB_Logo-cLena-Semmelroggen-4-scaled.jpg?fit=2560%2C1707&ssl=1","thumbnail_width":2560,"thumbnail_height":1707,"description":"70 Jahre SWR Bigband Nachdem das Jubil\u00e4umskonzert 2021 coronabedingt ausfallen musste, feiert die SWR Bigband dieses Jahr am 3. April in der Porsche-Arena ihr 70 j\u00e4hriges Bestehen. Geplant ist die &#8222;gr\u00f6\u00dfte Bigband Sause, die es in Stuttgart je gegeben hat&#8220;. Es gratulieren zahlreiche K\u00fcnstlerinnen und K\u00fcnstler, darunter Paul Carrack, Till Br\u00f6nner, Gregor Meyle, Nils Landgren, Ida Sand Onita Boone und viele andere. Der Abend wird pr\u00e4sentiert von G\u00f6tz Alsmann. Die musikalische Leitung obliegt dem Artist in Residence der SWR Bigband Magnus Lindgren. Alle Karten vom letzten Jahr behalten ihre G\u00fcltigkeit. Weitere Informationen hier &nbsp; 51. Jazzwoche Burghausen Vom 22. bis zum 27. M\u00e4rz 2022 findet zum ersten Mal nach zwei Jahren wieder die Internationale Jazzwoche Burghausen statt. Das Festival, das seit 1970 existiert, lockt seitdem internationale Stars der Jazzszene nach Bayern. Auch in diesem Jahr gestaltet eine bunte Mischung von K\u00fcnstlerinnen und K\u00fcnstlern das Programm, darunter Bill Evans, Leslie Mandoki mit Al di Meola, Till Br\u00f6nner, Tony Carey und anderen, Alma Naidu, Johannes Enders und viele weitere. Teil des Festivals ist auch das Finale des Burghauser Jazz-Nachwuchspreises, das am 22. M\u00e4rz im Stadtsaal stattfindet. weitere &hellip;"}

70 Jahre SWR Bigband Nachdem das Jubiläumskonzert 2021 coronabedingt ausfallen musste, feiert die SWR Bigband dieses Jahr am 3. April in der Porsche-Arena ihr 70 jähriges Bestehen. Geplant ist die &#8222;größte Bigband Sause, die es in Stuttgart je gegeben hat&#8220;. Es gratulieren zahlreiche Künstlerinnen und Künstler, darunter Paul Carrack, Till Brönner, Gregor Meyle, Nils Landgren, Ida Sand Onita Boone und viele andere. Der Abend wird präsentiert von Götz Alsmann. Die musikalische Leitung obliegt dem Artist in Residence der SWR Bigband Magnus Lindgren. Alle Karten vom letzten Jahr behalten ihre Gültigkeit. Weitere Informationen hier &nbsp; 51. Jazzwoche Burghausen Vom 22. bis zum 27. März 2022 findet zum ersten Mal nach zwei Jahren wieder die Internationale Jazzwoche Burghausen statt. Das Festival, das seit 1970 existiert, lockt seitdem internationale Stars der Jazzszene nach Bayern. Auch in diesem Jahr gestaltet eine bunte Mischung von Künstlerinnen und Künstlern das Programm, darunter Bill Evans, Leslie Mandoki mit Al di Meola, Till Brönner, Tony Carey und anderen, Alma Naidu, Johannes Enders und viele weitere. Teil des Festivals ist auch das Finale des Burghauser Jazz-Nachwuchspreises, das am 22. März im Stadtsaal stattfindet. weitere &hellip;
