{"version":"1.0","provider_name":"JazzZeitung","provider_url":"https:\/\/www.jazzzeitung.de\/cms","author_name":"Redaktion JazzZeitung","author_url":"https:\/\/www.jazzzeitung.de\/cms\/author\/redaktion\/","title":"Jacob Karlzon Trio beim BMW Welt Jazz Award - JazzZeitung","type":"rich","width":600,"height":338,"html":"<blockquote class=\"wp-embedded-content\" data-secret=\"RoKkE3hWhG\"><a href=\"https:\/\/www.jazzzeitung.de\/cms\/2022\/03\/jacob-karlzon-trio-beim-bmw-welt-jazz-award\/\">Jacob Karlzon Trio beim BMW Welt Jazz Award<\/a><\/blockquote><iframe sandbox=\"allow-scripts\" security=\"restricted\" src=\"https:\/\/www.jazzzeitung.de\/cms\/2022\/03\/jacob-karlzon-trio-beim-bmw-welt-jazz-award\/embed\/#?secret=RoKkE3hWhG\" width=\"600\" height=\"338\" title=\"&#8222;Jacob Karlzon Trio beim BMW Welt Jazz Award&#8220; &#8211; JazzZeitung\" data-secret=\"RoKkE3hWhG\" frameborder=\"0\" marginwidth=\"0\" marginheight=\"0\" scrolling=\"no\" class=\"wp-embedded-content\"><\/iframe><script type=\"text\/javascript\">\n\/* <![CDATA[ *\/\n\/*! This file is auto-generated *\/\n!function(d,l){\"use strict\";l.querySelector&&d.addEventListener&&\"undefined\"!=typeof URL&&(d.wp=d.wp||{},d.wp.receiveEmbedMessage||(d.wp.receiveEmbedMessage=function(e){var t=e.data;if((t||t.secret||t.message||t.value)&&!\/[^a-zA-Z0-9]\/.test(t.secret)){for(var s,r,n,a=l.querySelectorAll('iframe[data-secret=\"'+t.secret+'\"]'),o=l.querySelectorAll('blockquote[data-secret=\"'+t.secret+'\"]'),c=new RegExp(\"^https?:$\",\"i\"),i=0;i<o.length;i++)o[i].style.display=\"none\";for(i=0;i<a.length;i++)s=a[i],e.source===s.contentWindow&&(s.removeAttribute(\"style\"),\"height\"===t.message?(1e3<(r=parseInt(t.value,10))?r=1e3:~~r<200&&(r=200),s.height=r):\"link\"===t.message&&(r=new URL(s.getAttribute(\"src\")),n=new URL(t.value),c.test(n.protocol))&&n.host===r.host&&l.activeElement===s&&(d.top.location.href=t.value))}},d.addEventListener(\"message\",d.wp.receiveEmbedMessage,!1),l.addEventListener(\"DOMContentLoaded\",function(){for(var e,t,s=l.querySelectorAll(\"iframe.wp-embedded-content\"),r=0;r<s.length;r++)(t=(e=s[r]).getAttribute(\"data-secret\"))||(t=Math.random().toString(36).substring(2,12),e.src+=\"#?secret=\"+t,e.setAttribute(\"data-secret\",t)),e.contentWindow.postMessage({message:\"ready\",secret:t},\"*\")},!1)))}(window,document);\n\/\/# sourceURL=https:\/\/www.jazzzeitung.de\/cms\/wp-includes\/js\/wp-embed.min.js\n\/* ]]> *\/\n<\/script>\n","thumbnail_url":"https:\/\/i0.wp.com\/www.jazzzeitung.de\/cms\/wp-content\/uploads\/2022\/03\/P1710856-sw-Karlzon-Trio-Foto-TJ-Krebs.jpg?fit=1200%2C800&ssl=1","thumbnail_width":1200,"thumbnail_height":800,"description":"Der 2010 in seiner Heimat Schweden als Jazz-Musiker des Jahres ausgezeichnete Pianist Jacob Karlzon macht schon immer Musik f\u00fcr den inneren Film. In der BMW Welt spielte er zusamen mit\u00a0 Morten Ramsb\u00f8l am Bass und Rasmus Kihlberg am Schlagzeug am 22. M\u00e4rz das 2. Konzert des diesj\u00e4hrigen BMW Welt Jazz Awards mit 5 weiteren Teilnehmerbands. Den Zuh\u00f6rern im Doppelkegel pr\u00e4sentierte Karlzon keine Kurzfilme, sondern gro\u00dfes Kino: Er h\u00e4ngte die St\u00fccke \u00fcbergangslos aneinander und lie\u00df derart eine ausladende Jazzsuite entstehen, die mittels stupender Technik und tiefer Empfindung seinerseits bei den Zuh\u00f6rern gro\u00dfe Emotionen weckte. Ungebremste schwedische Spielfreude konnte Thomas J. Krebs auf seinen Schwarzwei\u00df-Bildern festhalten. &nbsp; &nbsp; &nbsp; &nbsp; &nbsp; &nbsp; &nbsp; &nbsp; &nbsp; &nbsp; &nbsp; &nbsp; &nbsp; &nbsp; &nbsp; Weiter mit dem Wettbewerb geht es am 5. April 2022: Da spielt die israelische Pianistin Anat Fort mit ihrem Trio. Die Pianistin Fort geh\u00f6rt zu der Riege israelischer, in New York gro\u00df gewordener Musiker, die den aktuellen Jazz wesentlich mitpr\u00e4gen. Sie selbst lebt inzwischen wieder in Israel, was ihrer weltweiten Beachtung keinen Abbruch getan hat. Seit \u00fcber 20 Jahren spielt sie mit dem Bassisten Gary Wang &hellip;"}

Der 2010 in seiner Heimat Schweden als Jazz-Musiker des Jahres ausgezeichnete Pianist Jacob Karlzon macht schon immer Musik für den inneren Film. In der BMW Welt spielte er zusamen mit  Morten Ramsbøl am Bass und Rasmus Kihlberg am Schlagzeug am 22. März das 2. Konzert des diesjährigen BMW Welt Jazz Awards mit 5 weiteren Teilnehmerbands. Den Zuhörern im Doppelkegel präsentierte Karlzon keine Kurzfilme, sondern großes Kino: Er hängte die Stücke übergangslos aneinander und ließ derart eine ausladende Jazzsuite entstehen, die mittels stupender Technik und tiefer Empfindung seinerseits bei den Zuhörern große Emotionen weckte. Ungebremste schwedische Spielfreude konnte Thomas J. Krebs auf seinen Schwarzweiß-Bildern festhalten. &nbsp; &nbsp; &nbsp; &nbsp; &nbsp; &nbsp; &nbsp; &nbsp; &nbsp; &nbsp; &nbsp; &nbsp; &nbsp; &nbsp; &nbsp; Weiter mit dem Wettbewerb geht es am 5. April 2022: Da spielt die israelische Pianistin Anat Fort mit ihrem Trio. Die Pianistin Fort gehört zu der Riege israelischer, in New York groß gewordener Musiker, die den aktuellen Jazz wesentlich mitprägen. Sie selbst lebt inzwischen wieder in Israel, was ihrer weltweiten Beachtung keinen Abbruch getan hat. Seit über 20 Jahren spielt sie mit dem Bassisten Gary Wang &hellip;
