{"version":"1.0","provider_name":"JazzZeitung","provider_url":"https:\/\/www.jazzzeitung.de\/cms","author_name":"Michael Scheiner","author_url":"https:\/\/www.jazzzeitung.de\/cms\/author\/mscheiner\/","title":"Zwei furiose Geister im Gleichklang - JazzZeitung","type":"rich","width":600,"height":338,"html":"<blockquote class=\"wp-embedded-content\" data-secret=\"uy1WjQhhLY\"><a href=\"https:\/\/www.jazzzeitung.de\/cms\/2022\/01\/zwei-furiose-geister-im-gleichklang\/\">Zwei furiose Geister im Gleichklang<\/a><\/blockquote><iframe sandbox=\"allow-scripts\" security=\"restricted\" src=\"https:\/\/www.jazzzeitung.de\/cms\/2022\/01\/zwei-furiose-geister-im-gleichklang\/embed\/#?secret=uy1WjQhhLY\" width=\"600\" height=\"338\" title=\"&#8222;Zwei furiose Geister im Gleichklang&#8220; &#8211; JazzZeitung\" data-secret=\"uy1WjQhhLY\" frameborder=\"0\" marginwidth=\"0\" marginheight=\"0\" scrolling=\"no\" class=\"wp-embedded-content\"><\/iframe><script type=\"text\/javascript\">\n\/* <![CDATA[ *\/\n\/*! This file is auto-generated *\/\n!function(d,l){\"use strict\";l.querySelector&&d.addEventListener&&\"undefined\"!=typeof URL&&(d.wp=d.wp||{},d.wp.receiveEmbedMessage||(d.wp.receiveEmbedMessage=function(e){var t=e.data;if((t||t.secret||t.message||t.value)&&!\/[^a-zA-Z0-9]\/.test(t.secret)){for(var s,r,n,a=l.querySelectorAll('iframe[data-secret=\"'+t.secret+'\"]'),o=l.querySelectorAll('blockquote[data-secret=\"'+t.secret+'\"]'),c=new RegExp(\"^https?:$\",\"i\"),i=0;i<o.length;i++)o[i].style.display=\"none\";for(i=0;i<a.length;i++)s=a[i],e.source===s.contentWindow&&(s.removeAttribute(\"style\"),\"height\"===t.message?(1e3<(r=parseInt(t.value,10))?r=1e3:~~r<200&&(r=200),s.height=r):\"link\"===t.message&&(r=new URL(s.getAttribute(\"src\")),n=new URL(t.value),c.test(n.protocol))&&n.host===r.host&&l.activeElement===s&&(d.top.location.href=t.value))}},d.addEventListener(\"message\",d.wp.receiveEmbedMessage,!1),l.addEventListener(\"DOMContentLoaded\",function(){for(var e,t,s=l.querySelectorAll(\"iframe.wp-embedded-content\"),r=0;r<s.length;r++)(t=(e=s[r]).getAttribute(\"data-secret\"))||(t=Math.random().toString(36).substring(2,12),e.src+=\"#?secret=\"+t,e.setAttribute(\"data-secret\",t)),e.contentWindow.postMessage({message:\"ready\",secret:t},\"*\")},!1)))}(window,document);\n\/\/# sourceURL=https:\/\/www.jazzzeitung.de\/cms\/wp-includes\/js\/wp-embed.min.js\n\/* ]]> *\/\n<\/script>\n","thumbnail_url":"https:\/\/i0.wp.com\/www.jazzzeitung.de\/cms\/wp-content\/uploads\/2022\/01\/takase-aki_56.jpg?fit=2362%2C1575&ssl=1","thumbnail_width":2362,"thumbnail_height":1575,"description":"Regensburg. \u201eFurios, es war einfach furios!\u201c Es ist eine Mischung aus Staunen, Begeisterung und Ehrfurcht, die sich im Gesicht der Jazzclub-Besucherin widerspiegelt. \u201eIch konnte nur noch ihre H\u00e4nde anschauen\u201c, stimmt die Begleiterin in das Lob \u00fcber das Konzert der Berliner Pianistin Aki Takase mit dem Saxofonisten Daniel Erdmann ein. Nach einer l\u00e4ngeren Konzertpause, zog das ungew\u00f6hnliche Duo musikbegeisterte Zuh\u00f6rer geradezu magisch an. Die wenigen Pl\u00e4tze f\u00fcr eine unsinnige 25-prozentige Auslastung des Konzertraums im Leeren Beutel waren schnell ausverkauft. Ungew\u00f6hnlich ist nicht nur die Besetzung der beiden Musiker, sie geh\u00f6ren auch zwei verschiedenen Generationen an. Die in Japan geborene virtuose Pianistin, die ihre ersten Auftritte im Jazzclub des Bestsellerautors Haruki Murakamis hatte, ist mit dem Modern Jazz gro\u00df geworden. In den 1980er Jahren kam sie nach Europa und tauchte mit ihrem Mann, dem Pianisten und Gr\u00fcnder des Globe Unity Orchestra Alexander von Schlippenbach, verst\u00e4rkt in die Improvisation und freiere Spielweisen ein. Dabei entwickelte sie \u00fcber Projekte, in denen sie sich intensiv mit der Jazzgeschichte von Duke Ellington bis Ornette Coleman auseinandersetzte, einen energiegeladenen eigenen Stil mit insistierendem Akkordspiel und hartem Anschlag. Beide haben im vergangenen Herbst &hellip;"}

Regensburg. „Furios, es war einfach furios!“ Es ist eine Mischung aus Staunen, Begeisterung und Ehrfurcht, die sich im Gesicht der Jazzclub-Besucherin widerspiegelt. „Ich konnte nur noch ihre Hände anschauen“, stimmt die Begleiterin in das Lob über das Konzert der Berliner Pianistin Aki Takase mit dem Saxofonisten Daniel Erdmann ein. Nach einer längeren Konzertpause, zog das ungewöhnliche Duo musikbegeisterte Zuhörer geradezu magisch an. Die wenigen Plätze für eine unsinnige 25-prozentige Auslastung des Konzertraums im Leeren Beutel waren schnell ausverkauft. Ungewöhnlich ist nicht nur die Besetzung der beiden Musiker, sie gehören auch zwei verschiedenen Generationen an. Die in Japan geborene virtuose Pianistin, die ihre ersten Auftritte im Jazzclub des Bestsellerautors Haruki Murakamis hatte, ist mit dem Modern Jazz groß geworden. In den 1980er Jahren kam sie nach Europa und tauchte mit ihrem Mann, dem Pianisten und Gründer des Globe Unity Orchestra Alexander von Schlippenbach, verstärkt in die Improvisation und freiere Spielweisen ein. Dabei entwickelte sie über Projekte, in denen sie sich intensiv mit der Jazzgeschichte von Duke Ellington bis Ornette Coleman auseinandersetzte, einen energiegeladenen eigenen Stil mit insistierendem Akkordspiel und hartem Anschlag. Beide haben im vergangenen Herbst &hellip;
