{"version":"1.0","provider_name":"JazzZeitung","provider_url":"https:\/\/www.jazzzeitung.de\/cms","title":"Die Radiowoche vom 25.10.21\u201331.10.2021 - JazzZeitung","type":"rich","width":600,"height":338,"html":"<blockquote class=\"wp-embedded-content\" data-secret=\"djp1Oin54Y\"><a href=\"https:\/\/www.jazzzeitung.de\/cms\/2021\/10\/die-radiowoche-vom-25-10-2131-10-2021\/\">Die Radiowoche vom 25.10.21\u201331.10.2021<\/a><\/blockquote><iframe sandbox=\"allow-scripts\" security=\"restricted\" src=\"https:\/\/www.jazzzeitung.de\/cms\/2021\/10\/die-radiowoche-vom-25-10-2131-10-2021\/embed\/#?secret=djp1Oin54Y\" width=\"600\" height=\"338\" title=\"&#8222;Die Radiowoche vom 25.10.21\u201331.10.2021&#8220; &#8211; JazzZeitung\" data-secret=\"djp1Oin54Y\" frameborder=\"0\" marginwidth=\"0\" marginheight=\"0\" scrolling=\"no\" class=\"wp-embedded-content\"><\/iframe><script type=\"text\/javascript\">\n\/* <![CDATA[ *\/\n\/*! This file is auto-generated *\/\n!function(d,l){\"use strict\";l.querySelector&&d.addEventListener&&\"undefined\"!=typeof URL&&(d.wp=d.wp||{},d.wp.receiveEmbedMessage||(d.wp.receiveEmbedMessage=function(e){var t=e.data;if((t||t.secret||t.message||t.value)&&!\/[^a-zA-Z0-9]\/.test(t.secret)){for(var s,r,n,a=l.querySelectorAll('iframe[data-secret=\"'+t.secret+'\"]'),o=l.querySelectorAll('blockquote[data-secret=\"'+t.secret+'\"]'),c=new RegExp(\"^https?:$\",\"i\"),i=0;i<o.length;i++)o[i].style.display=\"none\";for(i=0;i<a.length;i++)s=a[i],e.source===s.contentWindow&&(s.removeAttribute(\"style\"),\"height\"===t.message?(1e3<(r=parseInt(t.value,10))?r=1e3:~~r<200&&(r=200),s.height=r):\"link\"===t.message&&(r=new URL(s.getAttribute(\"src\")),n=new URL(t.value),c.test(n.protocol))&&n.host===r.host&&l.activeElement===s&&(d.top.location.href=t.value))}},d.addEventListener(\"message\",d.wp.receiveEmbedMessage,!1),l.addEventListener(\"DOMContentLoaded\",function(){for(var e,t,s=l.querySelectorAll(\"iframe.wp-embedded-content\"),r=0;r<s.length;r++)(t=(e=s[r]).getAttribute(\"data-secret\"))||(t=Math.random().toString(36).substring(2,12),e.src+=\"#?secret=\"+t,e.setAttribute(\"data-secret\",t)),e.contentWindow.postMessage({message:\"ready\",secret:t},\"*\")},!1)))}(window,document);\n\/\/# sourceURL=https:\/\/www.jazzzeitung.de\/cms\/wp-includes\/js\/wp-embed.min.js\n\/* ]]> *\/\n<\/script>\n","thumbnail_url":"https:\/\/i0.wp.com\/www.jazzzeitung.de\/cms\/wp-content\/uploads\/2021\/07\/radiowoche2021_gesamt.jpg?fit=2200%2C1458&ssl=1","thumbnail_width":2200,"thumbnail_height":1458,"description":"Ein kleiner Blick in die Radiowoche 43. Dies ist die reduzierte Radiowoche, wenn nur die Daten eingepflegt werden, die von den Redaktionen angeliefert werden und \u201ebenutzbar\u201c sind. Die kommen von BR-KLASSIK, der SWR-Jazzredaktion und dem \u00d6sterreichischen Rundfunk, ORF, mit \u00d61. Die \u00dcbersicht zum Download als PDF. Alle Angaben ohne Gew\u00e4hr. mo \u2013 25.10.2021 19:30 | \u00d61 Sylvie Courvoisier &amp; Kris Davis beim Jazzfestival Saalfelden 2021 Die Hauptb\u00fchne des Jazzfestivals Saalfelden im zentral gelegenen Congress war am 21. August d. J. Schauplatz einer besonderen Premiere: Mit Kris Davis und Sylvie Courvoisier waren zwei ma\u00dfgebliche Wahl-New Yorker Pianistinnen zum ersten Mal im Duo zu erleben. Sowohl die aus Kanada stammende Kris Davis als auch die ebenfalls seit vielen Jahren im \u201eBig Apple\u201c lebende und arbeitende Schweizer Tastenkollegin Sylvie Courvoisier gelten als strukturbewusste Klangdenkerinnen, aber auch als Freigeister, die das Abenteuer der freien Improvisation suchen. Improvisierte Kammermusik europ\u00e4ischer Pr\u00e4gung ist ebenso Teil ihres Spektrums wie sinnliche Groove- Freudigkeit. Marlene Schnedl pr\u00e4sentiert diesen mit Spannung erwarteten Programmpunkt des Saalfeldener Festival-Klassikers im Salzburger Pinzgau. 23:03 \u2013 24:00 | \u00d61 Avantgardist mit Humor: Anestis Logothetis w\u00e4re 100 \u2013 In allen Kunstbereichen &hellip;"}

Ein kleiner Blick in die Radiowoche 43. Dies ist die reduzierte Radiowoche, wenn nur die Daten eingepflegt werden, die von den Redaktionen angeliefert werden und „benutzbar“ sind. Die kommen von BR-KLASSIK, der SWR-Jazzredaktion und dem Österreichischen Rundfunk, ORF, mit Ö1. Die Übersicht zum Download als PDF. Alle Angaben ohne Gewähr. mo – 25.10.2021 19:30 | Ö1 Sylvie Courvoisier &amp; Kris Davis beim Jazzfestival Saalfelden 2021 Die Hauptbühne des Jazzfestivals Saalfelden im zentral gelegenen Congress war am 21. August d. J. Schauplatz einer besonderen Premiere: Mit Kris Davis und Sylvie Courvoisier waren zwei maßgebliche Wahl-New Yorker Pianistinnen zum ersten Mal im Duo zu erleben. Sowohl die aus Kanada stammende Kris Davis als auch die ebenfalls seit vielen Jahren im „Big Apple“ lebende und arbeitende Schweizer Tastenkollegin Sylvie Courvoisier gelten als strukturbewusste Klangdenkerinnen, aber auch als Freigeister, die das Abenteuer der freien Improvisation suchen. Improvisierte Kammermusik europäischer Prägung ist ebenso Teil ihres Spektrums wie sinnliche Groove- Freudigkeit. Marlene Schnedl präsentiert diesen mit Spannung erwarteten Programmpunkt des Saalfeldener Festival-Klassikers im Salzburger Pinzgau. 23:03 – 24:00 | Ö1 Avantgardist mit Humor: Anestis Logothetis wäre 100 – In allen Kunstbereichen &hellip;
