{"version":"1.0","provider_name":"JazzZeitung","provider_url":"https:\/\/www.jazzzeitung.de\/cms","author_name":"Martin Hufner","author_url":"https:\/\/www.jazzzeitung.de\/cms\/author\/admin\/","title":"Die Radiowoche vom 18.10.21\u201324.10.2021 - JazzZeitung","type":"rich","width":600,"height":338,"html":"<blockquote class=\"wp-embedded-content\" data-secret=\"lWQCNmFd2n\"><a href=\"https:\/\/www.jazzzeitung.de\/cms\/2021\/10\/die-radiowoche-vom-18-10-2124-10-2021\/\">Die Radiowoche vom 18.10.21\u201324.10.2021<\/a><\/blockquote><iframe sandbox=\"allow-scripts\" security=\"restricted\" src=\"https:\/\/www.jazzzeitung.de\/cms\/2021\/10\/die-radiowoche-vom-18-10-2124-10-2021\/embed\/#?secret=lWQCNmFd2n\" width=\"600\" height=\"338\" title=\"&#8222;Die Radiowoche vom 18.10.21\u201324.10.2021&#8220; &#8211; JazzZeitung\" data-secret=\"lWQCNmFd2n\" frameborder=\"0\" marginwidth=\"0\" marginheight=\"0\" scrolling=\"no\" class=\"wp-embedded-content\"><\/iframe><script type=\"text\/javascript\">\n\/* <![CDATA[ *\/\n\/*! This file is auto-generated *\/\n!function(d,l){\"use strict\";l.querySelector&&d.addEventListener&&\"undefined\"!=typeof URL&&(d.wp=d.wp||{},d.wp.receiveEmbedMessage||(d.wp.receiveEmbedMessage=function(e){var t=e.data;if((t||t.secret||t.message||t.value)&&!\/[^a-zA-Z0-9]\/.test(t.secret)){for(var s,r,n,a=l.querySelectorAll('iframe[data-secret=\"'+t.secret+'\"]'),o=l.querySelectorAll('blockquote[data-secret=\"'+t.secret+'\"]'),c=new RegExp(\"^https?:$\",\"i\"),i=0;i<o.length;i++)o[i].style.display=\"none\";for(i=0;i<a.length;i++)s=a[i],e.source===s.contentWindow&&(s.removeAttribute(\"style\"),\"height\"===t.message?(1e3<(r=parseInt(t.value,10))?r=1e3:~~r<200&&(r=200),s.height=r):\"link\"===t.message&&(r=new URL(s.getAttribute(\"src\")),n=new URL(t.value),c.test(n.protocol))&&n.host===r.host&&l.activeElement===s&&(d.top.location.href=t.value))}},d.addEventListener(\"message\",d.wp.receiveEmbedMessage,!1),l.addEventListener(\"DOMContentLoaded\",function(){for(var e,t,s=l.querySelectorAll(\"iframe.wp-embedded-content\"),r=0;r<s.length;r++)(t=(e=s[r]).getAttribute(\"data-secret\"))||(t=Math.random().toString(36).substring(2,12),e.src+=\"#?secret=\"+t,e.setAttribute(\"data-secret\",t)),e.contentWindow.postMessage({message:\"ready\",secret:t},\"*\")},!1)))}(window,document);\n\/\/# sourceURL=https:\/\/www.jazzzeitung.de\/cms\/wp-includes\/js\/wp-embed.min.js\n\/* ]]> *\/\n<\/script>\n","thumbnail_url":"https:\/\/i0.wp.com\/www.jazzzeitung.de\/cms\/wp-content\/uploads\/2021\/07\/radiowoche2021_gesamt.jpg?fit=2200%2C1458&ssl=1","thumbnail_width":2200,"thumbnail_height":1458,"description":"Ein kleiner Blick in die Radiowoche 42. Nach kurzer krankheitsbedingter Pause geht es erst wieder langsam an. Dies ist die reduzierte Radiowoche, wenn nur die Daten eingepflegt werden, die von den Redaktionen angeliefert werden und \u201ebenutzbar\u201c sind. Die kommen von BR-KLASSIK, der SWR-Jazzredaktion und dem \u00d6sterreichischen Rundfunk, ORF mit \u00d61. Man k\u00f6nnte umgekehrt meinen: Reicht auch! Bis bald, Ihr Radiotr\u00fcffler, Martin Hufner. Apropos: Ausgiebig mit vielen Sendungen wird der 90. Geburtstag von Sofia Gubaidulina bedacht. Das freut mich. Die \u00dcbersicht zum Download als PDF. Alle Angaben ohne Gew\u00e4hr. mo \u2013 18.10.2021 19:30 | \u00d61 Clemens Rofners CLERQ und Pol.D beim Outreach-Festival 2021 Im Zentrum des Er\u00f6ffnungsabends des diesj\u00e4hrigen Outreach-Festivals stand am 5. August 2021 eine mit Spannung erwartete Premiere: Der Tiroler Bassist Clemens Rofer, bekannt u. a. aus dem Quartett HI5, stellte mit CLERQ sein erstes allein verantwortetes Projekt vor. Unterst\u00fctzt von Kai Schumacher (Klavier), Sebastian Schneider (Mono-Synthesizer) und Simon Springer (Schlagzeug), choreografierte Rofner eine rund 48-min\u00fctige, basslastige Groove-Soundscape, organisch entwickelt, akkurat und vielf\u00e4ltig ausgearbeitet, und mit Adam Holzmans per Video zugespieltem Keyboard-Solo als gewitzter Pointe. F\u00fcr den Ausklang des Abends sorgte sp\u00e4ter das Wiener &hellip;"}

Ein kleiner Blick in die Radiowoche 42. Nach kurzer krankheitsbedingter Pause geht es erst wieder langsam an. Dies ist die reduzierte Radiowoche, wenn nur die Daten eingepflegt werden, die von den Redaktionen angeliefert werden und „benutzbar“ sind. Die kommen von BR-KLASSIK, der SWR-Jazzredaktion und dem Österreichischen Rundfunk, ORF mit Ö1. Man könnte umgekehrt meinen: Reicht auch! Bis bald, Ihr Radiotrüffler, Martin Hufner. Apropos: Ausgiebig mit vielen Sendungen wird der 90. Geburtstag von Sofia Gubaidulina bedacht. Das freut mich. Die Übersicht zum Download als PDF. Alle Angaben ohne Gewähr. mo – 18.10.2021 19:30 | Ö1 Clemens Rofners CLERQ und Pol.D beim Outreach-Festival 2021 Im Zentrum des Eröffnungsabends des diesjährigen Outreach-Festivals stand am 5. August 2021 eine mit Spannung erwartete Premiere: Der Tiroler Bassist Clemens Rofer, bekannt u. a. aus dem Quartett HI5, stellte mit CLERQ sein erstes allein verantwortetes Projekt vor. Unterstützt von Kai Schumacher (Klavier), Sebastian Schneider (Mono-Synthesizer) und Simon Springer (Schlagzeug), choreografierte Rofner eine rund 48-minütige, basslastige Groove-Soundscape, organisch entwickelt, akkurat und vielfältig ausgearbeitet, und mit Adam Holzmans per Video zugespieltem Keyboard-Solo als gewitzter Pointe. Für den Ausklang des Abends sorgte später das Wiener &hellip;
