{"version":"1.0","provider_name":"JazzZeitung","provider_url":"https:\/\/www.jazzzeitung.de\/cms","title":"Festivalland NRW: Die Livekultur ist wieder da! - JazzZeitung","type":"rich","width":600,"height":338,"html":"<blockquote class=\"wp-embedded-content\" data-secret=\"lOhzbnRCzL\"><a href=\"https:\/\/www.jazzzeitung.de\/cms\/2021\/09\/festivalland-nrw-die-livekultur-ist-wieder-da\/\">Festivalland NRW: Die Livekultur ist wieder da!<\/a><\/blockquote><iframe sandbox=\"allow-scripts\" security=\"restricted\" src=\"https:\/\/www.jazzzeitung.de\/cms\/2021\/09\/festivalland-nrw-die-livekultur-ist-wieder-da\/embed\/#?secret=lOhzbnRCzL\" width=\"600\" height=\"338\" title=\"&#8222;Festivalland NRW: Die Livekultur ist wieder da!&#8220; &#8211; JazzZeitung\" data-secret=\"lOhzbnRCzL\" frameborder=\"0\" marginwidth=\"0\" marginheight=\"0\" scrolling=\"no\" class=\"wp-embedded-content\"><\/iframe><script type=\"text\/javascript\">\n\/* <![CDATA[ *\/\n\/*! This file is auto-generated *\/\n!function(d,l){\"use strict\";l.querySelector&&d.addEventListener&&\"undefined\"!=typeof URL&&(d.wp=d.wp||{},d.wp.receiveEmbedMessage||(d.wp.receiveEmbedMessage=function(e){var t=e.data;if((t||t.secret||t.message||t.value)&&!\/[^a-zA-Z0-9]\/.test(t.secret)){for(var s,r,n,a=l.querySelectorAll('iframe[data-secret=\"'+t.secret+'\"]'),o=l.querySelectorAll('blockquote[data-secret=\"'+t.secret+'\"]'),c=new RegExp(\"^https?:$\",\"i\"),i=0;i<o.length;i++)o[i].style.display=\"none\";for(i=0;i<a.length;i++)s=a[i],e.source===s.contentWindow&&(s.removeAttribute(\"style\"),\"height\"===t.message?(1e3<(r=parseInt(t.value,10))?r=1e3:~~r<200&&(r=200),s.height=r):\"link\"===t.message&&(r=new URL(s.getAttribute(\"src\")),n=new URL(t.value),c.test(n.protocol))&&n.host===r.host&&l.activeElement===s&&(d.top.location.href=t.value))}},d.addEventListener(\"message\",d.wp.receiveEmbedMessage,!1),l.addEventListener(\"DOMContentLoaded\",function(){for(var e,t,s=l.querySelectorAll(\"iframe.wp-embedded-content\"),r=0;r<s.length;r++)(t=(e=s[r]).getAttribute(\"data-secret\"))||(t=Math.random().toString(36).substring(2,12),e.src+=\"#?secret=\"+t,e.setAttribute(\"data-secret\",t)),e.contentWindow.postMessage({message:\"ready\",secret:t},\"*\")},!1)))}(window,document);\n\/\/# sourceURL=https:\/\/www.jazzzeitung.de\/cms\/wp-includes\/js\/wp-embed.min.js\n\/* ]]> *\/\n<\/script>\n","thumbnail_url":"https:\/\/i0.wp.com\/www.jazzzeitung.de\/cms\/wp-content\/uploads\/2021\/08\/Jazz-an-einem-Sommerabend.jpg?fit=2500%2C892&ssl=1","thumbnail_width":2500,"thumbnail_height":892,"description":"Wenn es um Jazz geht, dann ist NRW ein Festivalland. Vor allem jenseits der Jazzmetropole K\u00f6ln sind sie ein starker Imagetr\u00e4ger und verschaffen oft kleinen oder strukturschwachen St\u00e4dten eine \u00fcberregionale Ausstrahlung. Das Moers-Festival ist hier das prominenteste Beispiel. Immerhin fanden zu Pfingsten im Moerser Freizeitpark die allerersten Konzerte vor Publikum wieder statt. Der &#8222;echte&#8220; Neustart einer Live-Kultur auf breiter Ebene ist erst jetzt im ausgehenden Sommer erfolgt &#8211; aber damit l\u00e4sst sich die Friedhofsruhe der Lockdown-Zeit umso nachhaltiger bek\u00e4mpfen. Jazzjestivals in NRW sind durch sehr diverse Historien, Konzepte und Milieus gepr\u00e4gt. Kreativ und hartn\u00e4ckig und mit viel privater und \u00f6ffentlicher Unterst\u00fctzung haben die Veranstalter ihre Events f\u00fcr die aktuelle Situation passend gemacht und damit auch so manche gute Idee f\u00fcr die Zukunft aus der Taufe gehoben. Platzhirsch-Festival Duisburg Zum Beispiel in Duisburg, was nach au\u00dfen nicht unbedingt als Kulturmetropole wahrgenommen wird: Das Platzhirsch-Festival belegt, dass hier viele kulturaffine Mennschen an einem Strang ziehen. In diesem Jahr profitierte das Festival vom Duisburger Kultursommer, der in einem gro\u00dfen Zelt im Kantpark den verschiedenen Kultursparten ein Forum liefert und hier nat\u00fcrlich auch der Platzhirsch (deswegen hei\u00dft er ja &hellip;"}

Wenn es um Jazz geht, dann ist NRW ein Festivalland. Vor allem jenseits der Jazzmetropole Köln sind sie ein starker Imageträger und verschaffen oft kleinen oder strukturschwachen Städten eine überregionale Ausstrahlung. Das Moers-Festival ist hier das prominenteste Beispiel. Immerhin fanden zu Pfingsten im Moerser Freizeitpark die allerersten Konzerte vor Publikum wieder statt. Der &#8222;echte&#8220; Neustart einer Live-Kultur auf breiter Ebene ist erst jetzt im ausgehenden Sommer erfolgt &#8211; aber damit lässt sich die Friedhofsruhe der Lockdown-Zeit umso nachhaltiger bekämpfen. Jazzjestivals in NRW sind durch sehr diverse Historien, Konzepte und Milieus geprägt. Kreativ und hartnäckig und mit viel privater und öffentlicher Unterstützung haben die Veranstalter ihre Events für die aktuelle Situation passend gemacht und damit auch so manche gute Idee für die Zukunft aus der Taufe gehoben. Platzhirsch-Festival Duisburg Zum Beispiel in Duisburg, was nach außen nicht unbedingt als Kulturmetropole wahrgenommen wird: Das Platzhirsch-Festival belegt, dass hier viele kulturaffine Mennschen an einem Strang ziehen. In diesem Jahr profitierte das Festival vom Duisburger Kultursommer, der in einem großen Zelt im Kantpark den verschiedenen Kultursparten ein Forum liefert und hier natürlich auch der Platzhirsch (deswegen heißt er ja &hellip;
