{"version":"1.0","provider_name":"JazzZeitung","provider_url":"https:\/\/www.jazzzeitung.de\/cms","author_name":"Martin Hufner","author_url":"https:\/\/www.jazzzeitung.de\/cms\/author\/admin\/","title":"Die Radiowoche vom 27.09.21\u201303.10.2021 - JazzZeitung","type":"rich","width":600,"height":338,"html":"<blockquote class=\"wp-embedded-content\" data-secret=\"zaOUyjrbiT\"><a href=\"https:\/\/www.jazzzeitung.de\/cms\/2021\/09\/die-radiowoche-vom-27-09-2103-10-2021\/\">Die Radiowoche vom 27.09.21\u201303.10.2021<\/a><\/blockquote><iframe sandbox=\"allow-scripts\" security=\"restricted\" src=\"https:\/\/www.jazzzeitung.de\/cms\/2021\/09\/die-radiowoche-vom-27-09-2103-10-2021\/embed\/#?secret=zaOUyjrbiT\" width=\"600\" height=\"338\" title=\"&#8222;Die Radiowoche vom 27.09.21\u201303.10.2021&#8220; &#8211; JazzZeitung\" data-secret=\"zaOUyjrbiT\" frameborder=\"0\" marginwidth=\"0\" marginheight=\"0\" scrolling=\"no\" class=\"wp-embedded-content\"><\/iframe><script type=\"text\/javascript\">\n\/* <![CDATA[ *\/\n\/*! This file is auto-generated *\/\n!function(d,l){\"use strict\";l.querySelector&&d.addEventListener&&\"undefined\"!=typeof URL&&(d.wp=d.wp||{},d.wp.receiveEmbedMessage||(d.wp.receiveEmbedMessage=function(e){var t=e.data;if((t||t.secret||t.message||t.value)&&!\/[^a-zA-Z0-9]\/.test(t.secret)){for(var s,r,n,a=l.querySelectorAll('iframe[data-secret=\"'+t.secret+'\"]'),o=l.querySelectorAll('blockquote[data-secret=\"'+t.secret+'\"]'),c=new RegExp(\"^https?:$\",\"i\"),i=0;i<o.length;i++)o[i].style.display=\"none\";for(i=0;i<a.length;i++)s=a[i],e.source===s.contentWindow&&(s.removeAttribute(\"style\"),\"height\"===t.message?(1e3<(r=parseInt(t.value,10))?r=1e3:~~r<200&&(r=200),s.height=r):\"link\"===t.message&&(r=new URL(s.getAttribute(\"src\")),n=new URL(t.value),c.test(n.protocol))&&n.host===r.host&&l.activeElement===s&&(d.top.location.href=t.value))}},d.addEventListener(\"message\",d.wp.receiveEmbedMessage,!1),l.addEventListener(\"DOMContentLoaded\",function(){for(var e,t,s=l.querySelectorAll(\"iframe.wp-embedded-content\"),r=0;r<s.length;r++)(t=(e=s[r]).getAttribute(\"data-secret\"))||(t=Math.random().toString(36).substring(2,12),e.src+=\"#?secret=\"+t,e.setAttribute(\"data-secret\",t)),e.contentWindow.postMessage({message:\"ready\",secret:t},\"*\")},!1)))}(window,document);\n\/\/# sourceURL=https:\/\/www.jazzzeitung.de\/cms\/wp-includes\/js\/wp-embed.min.js\n\/* ]]> *\/\n<\/script>\n","thumbnail_url":"https:\/\/i0.wp.com\/www.jazzzeitung.de\/cms\/wp-content\/uploads\/2021\/07\/radiowoche2021_gesamt.jpg?fit=2200%2C1458&ssl=1","thumbnail_width":2200,"thumbnail_height":1458,"description":"Die Radiowoche vom 27.09.21\u201303.10.2021 Ein kleiner Blick in die Radiowoche 39. Die \u00dcbersicht zum Download als PDF. Alle Angaben ohne Gew\u00e4hr. Mein Wochentipp: sonntag &#8211; 3.10.20201 \u2013 20:03 Uhr | deutschlandfunk kultur Konzert: Live aus dem Kulturpalast Dresden \u2013 Aktion \u2013 Orchestermusik um 1970 Christfried Schmidt: Sinfonie Nr. 2 \u201eIn memoriam Martin Luther King\u201c f\u00fcr Orchester, Bass- und Altsolo (Urauff\u00fchrung) | Bernd Alois Zimmermann: \u201eIch wandte mich und sah an alles Unrecht, das geschah unter der Sonne\u201c, Ekklesiastische Aktion f\u00fcr zwei Sprecher, Bariton-Solo und Orchester Antigone Papoulkas, Alt; Robert Koller, Bariton; Martin Jan Nijhof, Bass; Peter Schweiger, Sprecher; Helmut Vogel, Sprecher; Dresdner Philharmonie; Leitung: Jonathan Stockhammer mo \u2013 27.09.2021 09:05 Uhr | deutschlandfunk Kalenderblatt: Vor 100 Jahren: Der Komponist Engelbert Humperdinck gestorben Er gilt als \u201eEin-Werk-Komponist\u201c, der durch einen einzigartigen Erfolg zu weltweitem Ruhm gelangte. Engelbert Humperdincks \u201eH\u00e4nsel und Gretel\u201c z\u00e4hlt zu jenem festen Kanon von etwa 30 Opern, die immer wieder auf den Spielpl\u00e4nen zu finden sind. 19.30-21.00 | \u00d61 Eine Schweizer Band-Legende auf Abschiedstournee \u2013 Stiller Has bei Glatt &amp; Verkehrt 2021 Am 21. Juli 2021 war eine legend\u00e4re Formation bei Glatt &amp; &hellip;"}

Die Radiowoche vom 27.09.21–03.10.2021 Ein kleiner Blick in die Radiowoche 39. Die Übersicht zum Download als PDF. Alle Angaben ohne Gewähr. Mein Wochentipp: sonntag &#8211; 3.10.20201 – 20:03 Uhr | deutschlandfunk kultur Konzert: Live aus dem Kulturpalast Dresden – Aktion – Orchestermusik um 1970 Christfried Schmidt: Sinfonie Nr. 2 „In memoriam Martin Luther King“ für Orchester, Bass- und Altsolo (Uraufführung) | Bernd Alois Zimmermann: „Ich wandte mich und sah an alles Unrecht, das geschah unter der Sonne“, Ekklesiastische Aktion für zwei Sprecher, Bariton-Solo und Orchester Antigone Papoulkas, Alt; Robert Koller, Bariton; Martin Jan Nijhof, Bass; Peter Schweiger, Sprecher; Helmut Vogel, Sprecher; Dresdner Philharmonie; Leitung: Jonathan Stockhammer mo – 27.09.2021 09:05 Uhr | deutschlandfunk Kalenderblatt: Vor 100 Jahren: Der Komponist Engelbert Humperdinck gestorben Er gilt als „Ein-Werk-Komponist“, der durch einen einzigartigen Erfolg zu weltweitem Ruhm gelangte. Engelbert Humperdincks „Hänsel und Gretel“ zählt zu jenem festen Kanon von etwa 30 Opern, die immer wieder auf den Spielplänen zu finden sind. 19.30-21.00 | Ö1 Eine Schweizer Band-Legende auf Abschiedstournee – Stiller Has bei Glatt &amp; Verkehrt 2021 Am 21. Juli 2021 war eine legendäre Formation bei Glatt &amp; &hellip;
