{"version":"1.0","provider_name":"JazzZeitung","provider_url":"https:\/\/www.jazzzeitung.de\/cms","title":"Die Radiowoche vom 06.09.21\u201312.09.2021 - JazzZeitung","type":"rich","width":600,"height":338,"html":"<blockquote class=\"wp-embedded-content\" data-secret=\"tlEKHaoQo8\"><a href=\"https:\/\/www.jazzzeitung.de\/cms\/2021\/09\/die-radiowoche-vom-06-09-2112-09-2021\/\">Die Radiowoche vom 06.09.21\u201312.09.2021<\/a><\/blockquote><iframe sandbox=\"allow-scripts\" security=\"restricted\" src=\"https:\/\/www.jazzzeitung.de\/cms\/2021\/09\/die-radiowoche-vom-06-09-2112-09-2021\/embed\/#?secret=tlEKHaoQo8\" width=\"600\" height=\"338\" title=\"&#8222;Die Radiowoche vom 06.09.21\u201312.09.2021&#8220; &#8211; JazzZeitung\" data-secret=\"tlEKHaoQo8\" frameborder=\"0\" marginwidth=\"0\" marginheight=\"0\" scrolling=\"no\" class=\"wp-embedded-content\"><\/iframe><script type=\"text\/javascript\">\n\/* <![CDATA[ *\/\n\/*! This file is auto-generated *\/\n!function(d,l){\"use strict\";l.querySelector&&d.addEventListener&&\"undefined\"!=typeof URL&&(d.wp=d.wp||{},d.wp.receiveEmbedMessage||(d.wp.receiveEmbedMessage=function(e){var t=e.data;if((t||t.secret||t.message||t.value)&&!\/[^a-zA-Z0-9]\/.test(t.secret)){for(var s,r,n,a=l.querySelectorAll('iframe[data-secret=\"'+t.secret+'\"]'),o=l.querySelectorAll('blockquote[data-secret=\"'+t.secret+'\"]'),c=new RegExp(\"^https?:$\",\"i\"),i=0;i<o.length;i++)o[i].style.display=\"none\";for(i=0;i<a.length;i++)s=a[i],e.source===s.contentWindow&&(s.removeAttribute(\"style\"),\"height\"===t.message?(1e3<(r=parseInt(t.value,10))?r=1e3:~~r<200&&(r=200),s.height=r):\"link\"===t.message&&(r=new URL(s.getAttribute(\"src\")),n=new URL(t.value),c.test(n.protocol))&&n.host===r.host&&l.activeElement===s&&(d.top.location.href=t.value))}},d.addEventListener(\"message\",d.wp.receiveEmbedMessage,!1),l.addEventListener(\"DOMContentLoaded\",function(){for(var e,t,s=l.querySelectorAll(\"iframe.wp-embedded-content\"),r=0;r<s.length;r++)(t=(e=s[r]).getAttribute(\"data-secret\"))||(t=Math.random().toString(36).substring(2,12),e.src+=\"#?secret=\"+t,e.setAttribute(\"data-secret\",t)),e.contentWindow.postMessage({message:\"ready\",secret:t},\"*\")},!1)))}(window,document);\n\/\/# sourceURL=https:\/\/www.jazzzeitung.de\/cms\/wp-includes\/js\/wp-embed.min.js\n\/* ]]> *\/\n<\/script>\n","thumbnail_url":"https:\/\/i0.wp.com\/www.jazzzeitung.de\/cms\/wp-content\/uploads\/2021\/07\/radiowoche2021_gesamt.jpg?fit=2200%2C1458&ssl=1","thumbnail_width":2200,"thumbnail_height":1458,"description":"Ein kleiner Blick in die Radiowoche 36. Neu in der \u00dcbersicht, das Jazzprogramm von \u00d61. Die ARD-Radio-Suchmaschine zuckt wieder noch ein bisschen. Die \u00dcbersicht zum Download als PDF. Alle Angaben ohne Gew\u00e4hr. mo \u2013 06.09.2021 19:05 Uhr | Deutschlandfunk Kultur Zeitfragen. Politik und Soziales. 19:30 Zeitfragen. Feature:\u00a0 Wer schl\u00e4gt wen in Wort und Bild? \u2013 Werbeschlacht um die W\u00e4hlergunst Von Ralph Gerstenberg. Der Bundestagswahlkampf hat Fahrt aufgenommen. Im Kampf um die Kanzlerschaft geht es darum, den jeweiligen Kandidaten im besten Licht erscheinen zu lassen. Doch ist Armin Laschet nicht eher ein Auslaufmodell, Annalena Baerbock zu unerfahren? Solche Zweifel auszur\u00e4umen, das ist die Aufgabe von Werbestrategen und Wahlkampfmanagern. Welche Slogans greifen, welcher Kandidat wird wie am besten inszeniert, wie l\u00e4sst sich politische Programmatik in griffige Schlagworte gie\u00dfen? Eine Sendung \u00fcber die Werbeschlacht um die W\u00e4hlergunst, die immer mehr auch in digitalen Medien ausgetragen wird. 19.30-21.00 | \u00d61 Trompeter Thomas Gansch, back to the roots\u00a0 \u2013 Thomas Gansch &amp; Blasmusik-Supergroup 2021 im Wiener Konzerthaus Es war ein Herzenswunsch, den sich Thomas Gansch am 21. Juni 2021 im Gro\u00dfen Saal des Wiener Konzerthauses erf\u00fcllen konnte: Der Trompeter und &hellip;"}

Ein kleiner Blick in die Radiowoche 36. Neu in der Übersicht, das Jazzprogramm von Ö1. Die ARD-Radio-Suchmaschine zuckt wieder noch ein bisschen. Die Übersicht zum Download als PDF. Alle Angaben ohne Gewähr. mo – 06.09.2021 19:05 Uhr | Deutschlandfunk Kultur Zeitfragen. Politik und Soziales. 19:30 Zeitfragen. Feature:  Wer schlägt wen in Wort und Bild? – Werbeschlacht um die Wählergunst Von Ralph Gerstenberg. Der Bundestagswahlkampf hat Fahrt aufgenommen. Im Kampf um die Kanzlerschaft geht es darum, den jeweiligen Kandidaten im besten Licht erscheinen zu lassen. Doch ist Armin Laschet nicht eher ein Auslaufmodell, Annalena Baerbock zu unerfahren? Solche Zweifel auszuräumen, das ist die Aufgabe von Werbestrategen und Wahlkampfmanagern. Welche Slogans greifen, welcher Kandidat wird wie am besten inszeniert, wie lässt sich politische Programmatik in griffige Schlagworte gießen? Eine Sendung über die Werbeschlacht um die Wählergunst, die immer mehr auch in digitalen Medien ausgetragen wird. 19.30-21.00 | Ö1 Trompeter Thomas Gansch, back to the roots  – Thomas Gansch &amp; Blasmusik-Supergroup 2021 im Wiener Konzerthaus Es war ein Herzenswunsch, den sich Thomas Gansch am 21. Juni 2021 im Großen Saal des Wiener Konzerthauses erfüllen konnte: Der Trompeter und &hellip;
