{"version":"1.0","provider_name":"JazzZeitung","provider_url":"https:\/\/www.jazzzeitung.de\/cms","author_name":"Huflaikhan","author_url":"https:\/\/www.jazzzeitung.de\/cms\/author\/hufi\/","title":"Peter Br\u00f6tzmann 80 \u2013 eine Preiskonzert-Erinnerung - JazzZeitung","type":"rich","width":600,"height":338,"html":"<blockquote class=\"wp-embedded-content\" data-secret=\"KnH6bXZsSo\"><a href=\"https:\/\/www.jazzzeitung.de\/cms\/2021\/03\/peter-broetzmann-80-eine-preiskonzert-erinnerung\/\">Peter Br\u00f6tzmann 80 \u2013 eine Preiskonzert-Erinnerung<\/a><\/blockquote><iframe sandbox=\"allow-scripts\" security=\"restricted\" src=\"https:\/\/www.jazzzeitung.de\/cms\/2021\/03\/peter-broetzmann-80-eine-preiskonzert-erinnerung\/embed\/#?secret=KnH6bXZsSo\" width=\"600\" height=\"338\" title=\"&#8222;Peter Br\u00f6tzmann 80 \u2013 eine Preiskonzert-Erinnerung&#8220; &#8211; JazzZeitung\" data-secret=\"KnH6bXZsSo\" frameborder=\"0\" marginwidth=\"0\" marginheight=\"0\" scrolling=\"no\" class=\"wp-embedded-content\"><\/iframe><script type=\"text\/javascript\">\n\/* <![CDATA[ *\/\n\/*! This file is auto-generated *\/\n!function(d,l){\"use strict\";l.querySelector&&d.addEventListener&&\"undefined\"!=typeof URL&&(d.wp=d.wp||{},d.wp.receiveEmbedMessage||(d.wp.receiveEmbedMessage=function(e){var t=e.data;if((t||t.secret||t.message||t.value)&&!\/[^a-zA-Z0-9]\/.test(t.secret)){for(var s,r,n,a=l.querySelectorAll('iframe[data-secret=\"'+t.secret+'\"]'),o=l.querySelectorAll('blockquote[data-secret=\"'+t.secret+'\"]'),c=new RegExp(\"^https?:$\",\"i\"),i=0;i<o.length;i++)o[i].style.display=\"none\";for(i=0;i<a.length;i++)s=a[i],e.source===s.contentWindow&&(s.removeAttribute(\"style\"),\"height\"===t.message?(1e3<(r=parseInt(t.value,10))?r=1e3:~~r<200&&(r=200),s.height=r):\"link\"===t.message&&(r=new URL(s.getAttribute(\"src\")),n=new URL(t.value),c.test(n.protocol))&&n.host===r.host&&l.activeElement===s&&(d.top.location.href=t.value))}},d.addEventListener(\"message\",d.wp.receiveEmbedMessage,!1),l.addEventListener(\"DOMContentLoaded\",function(){for(var e,t,s=l.querySelectorAll(\"iframe.wp-embedded-content\"),r=0;r<s.length;r++)(t=(e=s[r]).getAttribute(\"data-secret\"))||(t=Math.random().toString(36).substring(2,12),e.src+=\"#?secret=\"+t,e.setAttribute(\"data-secret\",t)),e.contentWindow.postMessage({message:\"ready\",secret:t},\"*\")},!1)))}(window,document);\n\/\/# sourceURL=https:\/\/www.jazzzeitung.de\/cms\/wp-includes\/js\/wp-embed.min.js\n\/* ]]> *\/\n<\/script>\n","thumbnail_url":"https:\/\/i0.wp.com\/www.jazzzeitung.de\/cms\/wp-content\/uploads\/2021\/03\/broetzi-6335_hufi.jpg?fit=1200%2C795&ssl=1","thumbnail_width":1200,"thumbnail_height":795,"description":"Peter Br\u00f6tzmann wird am 6. M\u00e4rz 2021 seinen 80. Geburtstag feiern. Dummerweise an einem Samstag, denn die Radio-Sendungen zu Peter Br\u00f6tzmann sind dann schon am Donnerstag und Freitag gelaufen (siehe unten die Links mit Sendungen von Lippegaus, Noglik und Loewner). Samstag ist Badetag mit Bundesliga. Auch in Zeiten der Pandemie. Im Jahr 2011 hat Peter Br\u00f6tzmann im zarten Alter von 70 Jahren den Albert-Mangelsdorff-Preis erhalten. Verliehen wurde er in der Berliner Akademie der K\u00fcnste (West). Markus M\u00fcller sprach die Laudatio. Manfred Schoof und der mittlerweile verstorbene Frank Dostal \u00fcberreichten ihm seinen Preis und das Preisgeld. Nele Hertling, damals Vizepr\u00e4sidentin der Akademie der K\u00fcnste erinnerte an die k\u00fcnstlerische Situation in den 60er und 70er Jahren. Martin Hufner berichtete exklusiv f\u00fcr die neue musikzeitung. Seine Beobachtungen mit der notorischen Urgesteins-Faselei wiederholen wir an dieser Stelle. Denn manch Einblick ist vielleicht doch tief genug. Unterwegs sein \u2013Jazzmusiker Peter Br\u00f6tzmann erhielt Albert-Mangelsdorff-Preis Er ist mittlerweile 70 Jahre und immer noch gilt er als ein, wenn nicht \u201edas\u201c Urgestein des freien Jazz in Deutschland seit den 60er Jahren. Peter Br\u00f6tzmann hat zur Er\u00f6ffnung des Cage-Jahres und zugleich als Auftaktkonzertes des &hellip;"}

Peter Brötzmann 80 – eine Preiskonzert-Erinnerung - JazzZeitung

<blockquote class="wp-embedded-content" data-secret="KnH6bXZsSo"><a href="https://www.jazzzeitung.de/cms/2021/03/peter-broetzmann-80-eine-preiskonzert-erinnerung/">Peter Brötzmann 80 – eine Preiskonzert-Erinnerung</a></blockquote><iframe sandbox="allow-scripts" security="restricted" src="https://www.jazzzeitung.de/cms/2021/03/peter-broetzmann-80-eine-preiskonzert-erinnerung/embed/#?secret=KnH6bXZsSo" width="600" height="338" title="&#8222;Peter Brötzmann 80 – eine Preiskonzert-Erinnerung&#8220; &#8211; JazzZeitung" data-secret="KnH6bXZsSo" frameborder="0" marginwidth="0" marginheight="0" scrolling="no" class="wp-embedded-content"></iframe><script type="text/javascript">
/* <![CDATA[ */
/*! This file is auto-generated */
!function(d,l){"use strict";l.querySelector&&d.addEventListener&&"undefined"!=typeof URL&&(d.wp=d.wp||{},d.wp.receiveEmbedMessage||(d.wp.receiveEmbedMessage=function(e){var t=e.data;if((t||t.secret||t.message||t.value)&&!/[^a-zA-Z0-9]/.test(t.secret)){for(var s,r,n,a=l.querySelectorAll('iframe[data-secret="'+t.secret+'"]'),o=l.querySelectorAll('blockquote[data-secret="'+t.secret+'"]'),c=new RegExp("^https?:$","i"),i=0;i<o.length;i++)o[i].style.display="none";for(i=0;i<a.length;i++)s=a[i],e.source===s.contentWindow&&(s.removeAttribute("style"),"height"===t.message?(1e3<(r=parseInt(t.value,10))?r=1e3:~~r<200&&(r=200),s.height=r):"link"===t.message&&(r=new URL(s.getAttribute("src")),n=new URL(t.value),c.test(n.protocol))&&n.host===r.host&&l.activeElement===s&&(d.top.location.href=t.value))}},d.addEventListener("message",d.wp.receiveEmbedMessage,!1),l.addEventListener("DOMContentLoaded",function(){for(var e,t,s=l.querySelectorAll("iframe.wp-embedded-content"),r=0;r<s.length;r++)(t=(e=s[r]).getAttribute("data-secret"))||(t=Math.random().toString(36).substring(2,12),e.src+="#?secret="+t,e.setAttribute("data-secret",t)),e.contentWindow.postMessage({message:"ready",secret:t},"*")},!1)))}(window,document);
//# sourceURL=https://www.jazzzeitung.de/cms/wp-includes/js/wp-embed.min.js
/* ]]> */
</script>

Peter Brötzmann wird am 6. März 2021 seinen 80. Geburtstag feiern. Dummerweise an einem Samstag, denn die Radio-Sendungen zu Peter Brötzmann sind dann schon am Donnerstag und Freitag gelaufen (siehe unten die Links mit Sendungen von Lippegaus, Noglik und Loewner). Samstag ist Badetag mit Bundesliga. Auch in Zeiten der Pandemie. Im Jahr 2011 hat Peter Brötzmann im zarten Alter von 70 Jahren den Albert-Mangelsdorff-Preis erhalten. Verliehen wurde er in der Berliner Akademie der Künste (West). Markus Müller sprach die Laudatio. Manfred Schoof und der mittlerweile verstorbene Frank Dostal überreichten ihm seinen Preis und das Preisgeld. Nele Hertling, damals Vizepräsidentin der Akademie der Künste erinnerte an die künstlerische Situation in den 60er und 70er Jahren. Martin Hufner berichtete exklusiv für die neue musikzeitung. Seine Beobachtungen mit der notorischen Urgesteins-Faselei wiederholen wir an dieser Stelle. Denn manch Einblick ist vielleicht doch tief genug. Unterwegs sein –Jazzmusiker Peter Brötzmann erhielt Albert-Mangelsdorff-Preis Er ist mittlerweile 70 Jahre und immer noch gilt er als ein, wenn nicht „das“ Urgestein des freien Jazz in Deutschland seit den 60er Jahren. Peter Brötzmann hat zur Eröffnung des Cage-Jahres und zugleich als Auftaktkonzertes des &hellip;
