{"version":"1.0","provider_name":"JazzZeitung","provider_url":"https:\/\/www.jazzzeitung.de\/cms","author_name":"Andreas Kolb","author_url":"https:\/\/www.jazzzeitung.de\/cms\/author\/kolb\/","title":"Die Jazzwelt des Werner Heider - JazzZeitung","type":"rich","width":600,"height":338,"html":"<blockquote class=\"wp-embedded-content\" data-secret=\"v8rTKJJ5UD\"><a href=\"https:\/\/www.jazzzeitung.de\/cms\/2021\/01\/die-jazzwelt-des-werner-heider\/\">Die Jazzwelt des Werner Heider<\/a><\/blockquote><iframe sandbox=\"allow-scripts\" security=\"restricted\" src=\"https:\/\/www.jazzzeitung.de\/cms\/2021\/01\/die-jazzwelt-des-werner-heider\/embed\/#?secret=v8rTKJJ5UD\" width=\"600\" height=\"338\" title=\"&#8222;Die Jazzwelt des Werner Heider&#8220; &#8211; JazzZeitung\" data-secret=\"v8rTKJJ5UD\" frameborder=\"0\" marginwidth=\"0\" marginheight=\"0\" scrolling=\"no\" class=\"wp-embedded-content\"><\/iframe><script type=\"text\/javascript\">\n\/* <![CDATA[ *\/\n\/*! This file is auto-generated *\/\n!function(d,l){\"use strict\";l.querySelector&&d.addEventListener&&\"undefined\"!=typeof URL&&(d.wp=d.wp||{},d.wp.receiveEmbedMessage||(d.wp.receiveEmbedMessage=function(e){var t=e.data;if((t||t.secret||t.message||t.value)&&!\/[^a-zA-Z0-9]\/.test(t.secret)){for(var s,r,n,a=l.querySelectorAll('iframe[data-secret=\"'+t.secret+'\"]'),o=l.querySelectorAll('blockquote[data-secret=\"'+t.secret+'\"]'),c=new RegExp(\"^https?:$\",\"i\"),i=0;i<o.length;i++)o[i].style.display=\"none\";for(i=0;i<a.length;i++)s=a[i],e.source===s.contentWindow&&(s.removeAttribute(\"style\"),\"height\"===t.message?(1e3<(r=parseInt(t.value,10))?r=1e3:~~r<200&&(r=200),s.height=r):\"link\"===t.message&&(r=new URL(s.getAttribute(\"src\")),n=new URL(t.value),c.test(n.protocol))&&n.host===r.host&&l.activeElement===s&&(d.top.location.href=t.value))}},d.addEventListener(\"message\",d.wp.receiveEmbedMessage,!1),l.addEventListener(\"DOMContentLoaded\",function(){for(var e,t,s=l.querySelectorAll(\"iframe.wp-embedded-content\"),r=0;r<s.length;r++)(t=(e=s[r]).getAttribute(\"data-secret\"))||(t=Math.random().toString(36).substring(2,12),e.src+=\"#?secret=\"+t,e.setAttribute(\"data-secret\",t)),e.contentWindow.postMessage({message:\"ready\",secret:t},\"*\")},!1)))}(window,document);\n\/\/# sourceURL=https:\/\/www.jazzzeitung.de\/cms\/wp-includes\/js\/wp-embed.min.js\n\/* ]]> *\/\n<\/script>\n","thumbnail_url":"https:\/\/i0.wp.com\/www.jazzzeitung.de\/cms\/wp-content\/uploads\/2020\/12\/2020_02_personalia_heiderKoch.jpg?fit=1429%2C1071&ssl=1","thumbnail_width":1429,"thumbnail_height":1071,"description":"Da die Entwicklung des Jazz untrennbar mit der Tonaufzeichnung verbunden ist, war und ist es f\u00fcr Jazzmusiker im Gegensatz zu ihren klassischen Kollegen kein Problem, eine historisch orientierte Auff\u00fchrungspraxis zu realisieren. Dennoch sind Innovation und Fortschritt bis heute ein Markenzeichen dieses Musikstils. Eine besonders innovative Phase waren die ausgehenden 50er- und beginnenden 60er-Jahre des vergangenen Jahrhunderts: Musiker wie Miles Davis, Charlie Mingus, Thelonius Monk, aber auch\u00a0 Jimmy Giuffre, Bob Brookmeyer und Jim Hall l\u00e4uteten damals das Ende des Bebop ein und suchten mit ihrer Musik den Anschluss ans Konzertleben klassischer Pr\u00e4gung. Dass es Sehns\u00fcchte auch in umgekehrter Richtung \u2013 aus dem klassischen Lager hinein ins Jazz-Genre \u2013 gab, kann man mit der 2018 von Peter Fulda produzierten CD \u201eDie Jazzwelt des Werner Heider\u201c nachvollziehen. Hier sind wichtige Jazzst\u00fccke oder auch jazzverwandte St\u00fccke des fr\u00e4nkischen Pianisten und Komponisten aus den Jahren 1954 bis heute versammelt. Junge Musiker holen die jazzige Kammermusik Heiders aus der Wirtschaftswunderzeit in die Gegenwart. F\u00fcr heutige Ohren klingen diese St\u00fccke ein bisschen wie aus der Zeit gefallen, doch hat man etwas F\u00fchlung mit dem Geist der Nachkriegszeit aufgenommen, dann springt einen der\u00a0 &hellip;"}

Da die Entwicklung des Jazz untrennbar mit der Tonaufzeichnung verbunden ist, war und ist es für Jazzmusiker im Gegensatz zu ihren klassischen Kollegen kein Problem, eine historisch orientierte Aufführungspraxis zu realisieren. Dennoch sind Innovation und Fortschritt bis heute ein Markenzeichen dieses Musikstils. Eine besonders innovative Phase waren die ausgehenden 50er- und beginnenden 60er-Jahre des vergangenen Jahrhunderts: Musiker wie Miles Davis, Charlie Mingus, Thelonius Monk, aber auch  Jimmy Giuffre, Bob Brookmeyer und Jim Hall läuteten damals das Ende des Bebop ein und suchten mit ihrer Musik den Anschluss ans Konzertleben klassischer Prägung. Dass es Sehnsüchte auch in umgekehrter Richtung – aus dem klassischen Lager hinein ins Jazz-Genre – gab, kann man mit der 2018 von Peter Fulda produzierten CD „Die Jazzwelt des Werner Heider“ nachvollziehen. Hier sind wichtige Jazzstücke oder auch jazzverwandte Stücke des fränkischen Pianisten und Komponisten aus den Jahren 1954 bis heute versammelt. Junge Musiker holen die jazzige Kammermusik Heiders aus der Wirtschaftswunderzeit in die Gegenwart. Für heutige Ohren klingen diese Stücke ein bisschen wie aus der Zeit gefallen, doch hat man etwas Fühlung mit dem Geist der Nachkriegszeit aufgenommen, dann springt einen der  &hellip;
