{"version":"1.0","provider_name":"JazzZeitung","provider_url":"https:\/\/www.jazzzeitung.de\/cms","title":"+++News:+++Konzerte im BIX+++Fabrik Sessions: Jazz Open Special+++ - JazzZeitung","type":"rich","width":600,"height":338,"html":"<blockquote class=\"wp-embedded-content\" data-secret=\"Bq23PE8oS4\"><a href=\"https:\/\/www.jazzzeitung.de\/cms\/2020\/09\/newskonzerte-im-bixfabrik-sessions-jazz-open-special\/\">+++News:+++Konzerte im BIX+++Fabrik Sessions: Jazz Open Special+++<\/a><\/blockquote><iframe sandbox=\"allow-scripts\" security=\"restricted\" src=\"https:\/\/www.jazzzeitung.de\/cms\/2020\/09\/newskonzerte-im-bixfabrik-sessions-jazz-open-special\/embed\/#?secret=Bq23PE8oS4\" width=\"600\" height=\"338\" title=\"&#8222;+++News:+++Konzerte im BIX+++Fabrik Sessions: Jazz Open Special+++&#8220; &#8211; JazzZeitung\" data-secret=\"Bq23PE8oS4\" frameborder=\"0\" marginwidth=\"0\" marginheight=\"0\" scrolling=\"no\" class=\"wp-embedded-content\"><\/iframe><script type=\"text\/javascript\">\n\/* <![CDATA[ *\/\n\/*! This file is auto-generated *\/\n!function(d,l){\"use strict\";l.querySelector&&d.addEventListener&&\"undefined\"!=typeof URL&&(d.wp=d.wp||{},d.wp.receiveEmbedMessage||(d.wp.receiveEmbedMessage=function(e){var t=e.data;if((t||t.secret||t.message||t.value)&&!\/[^a-zA-Z0-9]\/.test(t.secret)){for(var s,r,n,a=l.querySelectorAll('iframe[data-secret=\"'+t.secret+'\"]'),o=l.querySelectorAll('blockquote[data-secret=\"'+t.secret+'\"]'),c=new RegExp(\"^https?:$\",\"i\"),i=0;i<o.length;i++)o[i].style.display=\"none\";for(i=0;i<a.length;i++)s=a[i],e.source===s.contentWindow&&(s.removeAttribute(\"style\"),\"height\"===t.message?(1e3<(r=parseInt(t.value,10))?r=1e3:~~r<200&&(r=200),s.height=r):\"link\"===t.message&&(r=new URL(s.getAttribute(\"src\")),n=new URL(t.value),c.test(n.protocol))&&n.host===r.host&&l.activeElement===s&&(d.top.location.href=t.value))}},d.addEventListener(\"message\",d.wp.receiveEmbedMessage,!1),l.addEventListener(\"DOMContentLoaded\",function(){for(var e,t,s=l.querySelectorAll(\"iframe.wp-embedded-content\"),r=0;r<s.length;r++)(t=(e=s[r]).getAttribute(\"data-secret\"))||(t=Math.random().toString(36).substring(2,12),e.src+=\"#?secret=\"+t,e.setAttribute(\"data-secret\",t)),e.contentWindow.postMessage({message:\"ready\",secret:t},\"*\")},!1)))}(window,document);\n\/\/# sourceURL=https:\/\/www.jazzzeitung.de\/cms\/wp-includes\/js\/wp-embed.min.js\n\/* ]]> *\/\n<\/script>\n","thumbnail_url":"https:\/\/i0.wp.com\/www.jazzzeitung.de\/cms\/wp-content\/uploads\/2020\/08\/2020_09_03_Peter-LehelcFelix-Schurr-scaled-e1598883276111.jpeg?fit=2547%2C1811&ssl=1","thumbnail_width":2547,"thumbnail_height":1811,"description":"Die Konzerte der Woche im BIX KW 36\/2020 Peter Lehel mit neuem Quartett Nach einer kurzen Sommerpause finden am kommenden Wochenende im BIX Jazzclub in Stuttgart wieder zwei\u00a0 Konzerte im Rahmen des F\u00f6rderprogramms \u201eKultur im Sommer 2020\u201c statt: Nach 20 Jahren des klassischen Peter Lehel Quartets, tritt der Saxophonist und Komponist Peter Lehel am 3. September um 20.30 Uhr mit seiner neuen Viererbesetzung, bestehend aus Uli M\u00f6ck (Tasten), Dirk Bl\u00fcmlein (E-Bass) und Christian Huber (Schlagzeug), auf. Der von Lehel arrangierte, experimentierfreudige Sound der Band bewegt sich zwischen Improvisation und Komposition, mit viel Freiheit f\u00fcr alle Beteiligten. Weitere Informationen: http:\/\/www.bix-stuttgart.de\/veranstaltungsdetails\/6171 &nbsp; Band in the BIX feat. Axel Schlosser &#8222;The Art of Jazz Trumpet&#8220; Der Tr\u00e4ger des Jazzpreises Ostalb und Trompeter Axel Schlosser tritt zusammen mit den Musikern der Band in the BIX am 4. September um 21 Uhr auf. Die Bandmitglieder Olaf Polziehn (Tasten), Mini Schulz (Bass) und Meinhard \u201eObi\u201c Jenne (Schlagzeug) besch\u00e4ftigen sich nicht nur mit dem Jazz der Gegenwart, sondern sehen sich auch in der Tradition, im Austausch mit der Musik der fr\u00fcheren Zeiten zu treten. So steht die Jazztrompete und ausgew\u00e4hlte St\u00fccke ihrer &hellip;"}

Die Konzerte der Woche im BIX KW 36/2020 Peter Lehel mit neuem Quartett Nach einer kurzen Sommerpause finden am kommenden Wochenende im BIX Jazzclub in Stuttgart wieder zwei  Konzerte im Rahmen des Förderprogramms „Kultur im Sommer 2020“ statt: Nach 20 Jahren des klassischen Peter Lehel Quartets, tritt der Saxophonist und Komponist Peter Lehel am 3. September um 20.30 Uhr mit seiner neuen Viererbesetzung, bestehend aus Uli Möck (Tasten), Dirk Blümlein (E-Bass) und Christian Huber (Schlagzeug), auf. Der von Lehel arrangierte, experimentierfreudige Sound der Band bewegt sich zwischen Improvisation und Komposition, mit viel Freiheit für alle Beteiligten. Weitere Informationen: http://www.bix-stuttgart.de/veranstaltungsdetails/6171 &nbsp; Band in the BIX feat. Axel Schlosser &#8222;The Art of Jazz Trumpet&#8220; Der Träger des Jazzpreises Ostalb und Trompeter Axel Schlosser tritt zusammen mit den Musikern der Band in the BIX am 4. September um 21 Uhr auf. Die Bandmitglieder Olaf Polziehn (Tasten), Mini Schulz (Bass) und Meinhard „Obi“ Jenne (Schlagzeug) beschäftigen sich nicht nur mit dem Jazz der Gegenwart, sondern sehen sich auch in der Tradition, im Austausch mit der Musik der früheren Zeiten zu treten. So steht die Jazztrompete und ausgewählte Stücke ihrer &hellip;
