{"version":"1.0","provider_name":"JazzZeitung","provider_url":"https:\/\/www.jazzzeitung.de\/cms","author_name":"Redaktion JazzZeitung","author_url":"https:\/\/www.jazzzeitung.de\/cms\/author\/redaktion\/","title":"Julia Kadel erh\u00e4lt den Essener \u201eJazz Pott\u201c 2020 - JazzZeitung","type":"rich","width":600,"height":338,"html":"<blockquote class=\"wp-embedded-content\" data-secret=\"yy3wqEizMj\"><a href=\"https:\/\/www.jazzzeitung.de\/cms\/2020\/08\/julia-kadel-erhaelt-den-essener-jazz-pott-2020\/\">Julia Kadel erh\u00e4lt den Essener \u201eJazz Pott\u201c 2020<\/a><\/blockquote><iframe sandbox=\"allow-scripts\" security=\"restricted\" src=\"https:\/\/www.jazzzeitung.de\/cms\/2020\/08\/julia-kadel-erhaelt-den-essener-jazz-pott-2020\/embed\/#?secret=yy3wqEizMj\" width=\"600\" height=\"338\" title=\"&#8222;Julia Kadel erh\u00e4lt den Essener \u201eJazz Pott\u201c 2020&#8220; &#8211; JazzZeitung\" data-secret=\"yy3wqEizMj\" frameborder=\"0\" marginwidth=\"0\" marginheight=\"0\" scrolling=\"no\" class=\"wp-embedded-content\"><\/iframe><script type=\"text\/javascript\">\n\/* <![CDATA[ *\/\n\/*! This file is auto-generated *\/\n!function(d,l){\"use strict\";l.querySelector&&d.addEventListener&&\"undefined\"!=typeof URL&&(d.wp=d.wp||{},d.wp.receiveEmbedMessage||(d.wp.receiveEmbedMessage=function(e){var t=e.data;if((t||t.secret||t.message||t.value)&&!\/[^a-zA-Z0-9]\/.test(t.secret)){for(var s,r,n,a=l.querySelectorAll('iframe[data-secret=\"'+t.secret+'\"]'),o=l.querySelectorAll('blockquote[data-secret=\"'+t.secret+'\"]'),c=new RegExp(\"^https?:$\",\"i\"),i=0;i<o.length;i++)o[i].style.display=\"none\";for(i=0;i<a.length;i++)s=a[i],e.source===s.contentWindow&&(s.removeAttribute(\"style\"),\"height\"===t.message?(1e3<(r=parseInt(t.value,10))?r=1e3:~~r<200&&(r=200),s.height=r):\"link\"===t.message&&(r=new URL(s.getAttribute(\"src\")),n=new URL(t.value),c.test(n.protocol))&&n.host===r.host&&l.activeElement===s&&(d.top.location.href=t.value))}},d.addEventListener(\"message\",d.wp.receiveEmbedMessage,!1),l.addEventListener(\"DOMContentLoaded\",function(){for(var e,t,s=l.querySelectorAll(\"iframe.wp-embedded-content\"),r=0;r<s.length;r++)(t=(e=s[r]).getAttribute(\"data-secret\"))||(t=Math.random().toString(36).substring(2,12),e.src+=\"#?secret=\"+t,e.setAttribute(\"data-secret\",t)),e.contentWindow.postMessage({message:\"ready\",secret:t},\"*\")},!1)))}(window,document);\n\/\/# sourceURL=https:\/\/www.jazzzeitung.de\/cms\/wp-includes\/js\/wp-embed.min.js\n\/* ]]> *\/\n<\/script>\n","thumbnail_url":"https:\/\/i0.wp.com\/www.jazzzeitung.de\/cms\/wp-content\/uploads\/2020\/08\/Julia-Kadel-c-Lisa-Wassmann_01_klein-scaled-e1597750365495.jpg?fit=2131%2C1667&ssl=1","thumbnail_width":2131,"thumbnail_height":1667,"description":"Die Auswahljury der Reihe \u201eJazz in Essen\u201c unter der Leitung von Dr. Berthold Klostermann verleiht in diesem Jahr den Preis f\u00fcr innovative Jazzmusiker \u2013 den \u201eJazz Pott\u201c \u2013 \u00a0an Julia Kadel. Das Preisgeld in H\u00f6he von 2.000 Euro wird von dem Essener Kabarettisten Hagen Rether gestiftet. Die 23. Preistr\u00e4gerin und ehemalige Psychologiestudentin hat sich mit ihrem mittlerweile dritten Album \u201eKaskaden\u201c (2019) als Pianistin, Komponistin und Leiterin ihres Trios in der Jazzwelt etabliert. \u201eEin scheinbar konventionelles Format, das den H\u00f6rer aber in eine erstaunlich abwechslungsreiche Klangwelt aus Jazz, Ger\u00e4uschhaftem und Kammermusikalischem zieht; zu h\u00f6ren ist filigrane Musik der lyrischen Art, wobei stets der kollektive Prozess im Mittelpunkt steht\u201c, zeigt sich der Leiter der Auswahljury begeistert. Auch Julia Kadel selbst hat \u00fcber das Musikmachen mit ihrem Trio Folgendes gesagt: \u201eImprovisieren ist so gewaltig, weil man in jedem Moment alle M\u00f6glichkeiten hat. Man sucht zu dritt gleichzeitig in einem st\u00e4ndigen Prozess des Moments nach Energie, nach Magie, nach Sch\u00f6nheit, nach H\u00e4sslichkeit, nach Kraft. Nach etwas Wahrem. Und alle treffen Entscheidungen nach ihren intuitiven Neigungen. Und dann passiert, was eben passiert.\u201c Das Preistr\u00e4gerkonzert findet am 20. September im Grillo &hellip;"}

Julia Kadel erhält den Essener „Jazz Pott“ 2020 - JazzZeitung

<blockquote class="wp-embedded-content" data-secret="yy3wqEizMj"><a href="https://www.jazzzeitung.de/cms/2020/08/julia-kadel-erhaelt-den-essener-jazz-pott-2020/">Julia Kadel erhält den Essener „Jazz Pott“ 2020</a></blockquote><iframe sandbox="allow-scripts" security="restricted" src="https://www.jazzzeitung.de/cms/2020/08/julia-kadel-erhaelt-den-essener-jazz-pott-2020/embed/#?secret=yy3wqEizMj" width="600" height="338" title="&#8222;Julia Kadel erhält den Essener „Jazz Pott“ 2020&#8220; &#8211; JazzZeitung" data-secret="yy3wqEizMj" frameborder="0" marginwidth="0" marginheight="0" scrolling="no" class="wp-embedded-content"></iframe><script type="text/javascript">
/* <![CDATA[ */
/*! This file is auto-generated */
!function(d,l){"use strict";l.querySelector&&d.addEventListener&&"undefined"!=typeof URL&&(d.wp=d.wp||{},d.wp.receiveEmbedMessage||(d.wp.receiveEmbedMessage=function(e){var t=e.data;if((t||t.secret||t.message||t.value)&&!/[^a-zA-Z0-9]/.test(t.secret)){for(var s,r,n,a=l.querySelectorAll('iframe[data-secret="'+t.secret+'"]'),o=l.querySelectorAll('blockquote[data-secret="'+t.secret+'"]'),c=new RegExp("^https?:$","i"),i=0;i<o.length;i++)o[i].style.display="none";for(i=0;i<a.length;i++)s=a[i],e.source===s.contentWindow&&(s.removeAttribute("style"),"height"===t.message?(1e3<(r=parseInt(t.value,10))?r=1e3:~~r<200&&(r=200),s.height=r):"link"===t.message&&(r=new URL(s.getAttribute("src")),n=new URL(t.value),c.test(n.protocol))&&n.host===r.host&&l.activeElement===s&&(d.top.location.href=t.value))}},d.addEventListener("message",d.wp.receiveEmbedMessage,!1),l.addEventListener("DOMContentLoaded",function(){for(var e,t,s=l.querySelectorAll("iframe.wp-embedded-content"),r=0;r<s.length;r++)(t=(e=s[r]).getAttribute("data-secret"))||(t=Math.random().toString(36).substring(2,12),e.src+="#?secret="+t,e.setAttribute("data-secret",t)),e.contentWindow.postMessage({message:"ready",secret:t},"*")},!1)))}(window,document);
//# sourceURL=https://www.jazzzeitung.de/cms/wp-includes/js/wp-embed.min.js
/* ]]> */
</script>

Die Auswahljury der Reihe „Jazz in Essen“ unter der Leitung von Dr. Berthold Klostermann verleiht in diesem Jahr den Preis für innovative Jazzmusiker – den „Jazz Pott“ –  an Julia Kadel. Das Preisgeld in Höhe von 2.000 Euro wird von dem Essener Kabarettisten Hagen Rether gestiftet. Die 23. Preisträgerin und ehemalige Psychologiestudentin hat sich mit ihrem mittlerweile dritten Album „Kaskaden“ (2019) als Pianistin, Komponistin und Leiterin ihres Trios in der Jazzwelt etabliert. „Ein scheinbar konventionelles Format, das den Hörer aber in eine erstaunlich abwechslungsreiche Klangwelt aus Jazz, Geräuschhaftem und Kammermusikalischem zieht; zu hören ist filigrane Musik der lyrischen Art, wobei stets der kollektive Prozess im Mittelpunkt steht“, zeigt sich der Leiter der Auswahljury begeistert. Auch Julia Kadel selbst hat über das Musikmachen mit ihrem Trio Folgendes gesagt: „Improvisieren ist so gewaltig, weil man in jedem Moment alle Möglichkeiten hat. Man sucht zu dritt gleichzeitig in einem ständigen Prozess des Moments nach Energie, nach Magie, nach Schönheit, nach Hässlichkeit, nach Kraft. Nach etwas Wahrem. Und alle treffen Entscheidungen nach ihren intuitiven Neigungen. Und dann passiert, was eben passiert.“ Das Preisträgerkonzert findet am 20. September im Grillo &hellip;
