{"version":"1.0","provider_name":"JazzZeitung","provider_url":"https:\/\/www.jazzzeitung.de\/cms","author_name":"Andreas Kolb","author_url":"https:\/\/www.jazzzeitung.de\/cms\/author\/kolb\/","title":"Schlagzeuger Matthias Kaul gestorben - JazzZeitung","type":"rich","width":600,"height":338,"html":"<blockquote class=\"wp-embedded-content\" data-secret=\"HcnmYIXctx\"><a href=\"https:\/\/www.jazzzeitung.de\/cms\/2020\/07\/schlagzeuger-matthias-kaul-gestorben\/\">Schlagzeuger Matthias Kaul gestorben<\/a><\/blockquote><iframe sandbox=\"allow-scripts\" security=\"restricted\" src=\"https:\/\/www.jazzzeitung.de\/cms\/2020\/07\/schlagzeuger-matthias-kaul-gestorben\/embed\/#?secret=HcnmYIXctx\" width=\"600\" height=\"338\" title=\"&#8222;Schlagzeuger Matthias Kaul gestorben&#8220; &#8211; JazzZeitung\" data-secret=\"HcnmYIXctx\" frameborder=\"0\" marginwidth=\"0\" marginheight=\"0\" scrolling=\"no\" class=\"wp-embedded-content\"><\/iframe><script type=\"text\/javascript\">\n\/* <![CDATA[ *\/\n\/*! This file is auto-generated *\/\n!function(d,l){\"use strict\";l.querySelector&&d.addEventListener&&\"undefined\"!=typeof URL&&(d.wp=d.wp||{},d.wp.receiveEmbedMessage||(d.wp.receiveEmbedMessage=function(e){var t=e.data;if((t||t.secret||t.message||t.value)&&!\/[^a-zA-Z0-9]\/.test(t.secret)){for(var s,r,n,a=l.querySelectorAll('iframe[data-secret=\"'+t.secret+'\"]'),o=l.querySelectorAll('blockquote[data-secret=\"'+t.secret+'\"]'),c=new RegExp(\"^https?:$\",\"i\"),i=0;i<o.length;i++)o[i].style.display=\"none\";for(i=0;i<a.length;i++)s=a[i],e.source===s.contentWindow&&(s.removeAttribute(\"style\"),\"height\"===t.message?(1e3<(r=parseInt(t.value,10))?r=1e3:~~r<200&&(r=200),s.height=r):\"link\"===t.message&&(r=new URL(s.getAttribute(\"src\")),n=new URL(t.value),c.test(n.protocol))&&n.host===r.host&&l.activeElement===s&&(d.top.location.href=t.value))}},d.addEventListener(\"message\",d.wp.receiveEmbedMessage,!1),l.addEventListener(\"DOMContentLoaded\",function(){for(var e,t,s=l.querySelectorAll(\"iframe.wp-embedded-content\"),r=0;r<s.length;r++)(t=(e=s[r]).getAttribute(\"data-secret\"))||(t=Math.random().toString(36).substring(2,12),e.src+=\"#?secret=\"+t,e.setAttribute(\"data-secret\",t)),e.contentWindow.postMessage({message:\"ready\",secret:t},\"*\")},!1)))}(window,document);\n\/\/# sourceURL=https:\/\/www.jazzzeitung.de\/cms\/wp-includes\/js\/wp-embed.min.js\n\/* ]]> *\/\n<\/script>\n","thumbnail_url":"https:\/\/i0.wp.com\/www.jazzzeitung.de\/cms\/wp-content\/uploads\/2020\/07\/dossier-muenchen-big-gigapixel-width-1600px.jpg?fit=1600%2C1148&ssl=1","thumbnail_width":1600,"thumbnail_height":1148,"description":"Matthias Kaul ist tot. Matthias Kaul, (Schlagzeuger und Komponist) begann seinen musikalischen Weg sehr jung als extrem aktiver H\u00f6rer, wobei die Umgebung in der er aufwuchs, ma\u00dfgeblich f\u00fcr seinen gesamten kompositorischen Weg war. Seit seinem 17. Lebensjahr trommelt er, studierte sp\u00e4ter klassisches Schlagzeug, und noch sp\u00e4ter begann er zu komponieren. Sein Kompositionsunterricht bestand daraus, dass er viele hundert Werke anderer Komponisten zur Urauff\u00fchrung brachte. Seit Ende seines Studiums arbeitet er entschieden als \u201efreelanced musician\u201c. Matthias Kaul starb vor drei Tagen. In seinen Antworten auf die 11 Fragen der nmz: Welche Musik soll zu Ihrer Beerdigung erklingen? Es reicht, bei meiner Beerdigung einige Mikrofone in die H\u00f6he zu halten, sodass die Umweltkl\u00e4nge in der Lautst\u00e4rke leicht angehoben\u00a0werden. In Erinnerung an den Musiker verweisen wir auf einen Konzertbericht von Andreas Kolb aus dem Jahr 2002. Schlagzeuger Matthias Kaul nimmt ein elektrisches Klangbad im Cuvilli\u00e9s-Theater Brotzeit und Champagnerflaschen, Wolldecken und Abendkleider: bei \u201eOper f\u00fcr alle\u201c verwandelte sich der Max Joseph Platz wieder einmal in ein Open-Air-Kino der besonderen Art. H\u00e4ndels \u201eC\u00e4sar in \u00c4gypten\u201c wurde live aus dem Nationaltheater via Gro\u00df-Videoleinwand \u00fcbertragen. Doch nicht nur bei diesem Event dr\u00e4ngelte &hellip;"}

Matthias Kaul ist tot. Matthias Kaul, (Schlagzeuger und Komponist) begann seinen musikalischen Weg sehr jung als extrem aktiver Hörer, wobei die Umgebung in der er aufwuchs, maßgeblich für seinen gesamten kompositorischen Weg war. Seit seinem 17. Lebensjahr trommelt er, studierte später klassisches Schlagzeug, und noch später begann er zu komponieren. Sein Kompositionsunterricht bestand daraus, dass er viele hundert Werke anderer Komponisten zur Uraufführung brachte. Seit Ende seines Studiums arbeitet er entschieden als „freelanced musician“. Matthias Kaul starb vor drei Tagen. In seinen Antworten auf die 11 Fragen der nmz: Welche Musik soll zu Ihrer Beerdigung erklingen? Es reicht, bei meiner Beerdigung einige Mikrofone in die Höhe zu halten, sodass die Umweltklänge in der Lautstärke leicht angehoben werden. In Erinnerung an den Musiker verweisen wir auf einen Konzertbericht von Andreas Kolb aus dem Jahr 2002. Schlagzeuger Matthias Kaul nimmt ein elektrisches Klangbad im Cuvilliés-Theater Brotzeit und Champagnerflaschen, Wolldecken und Abendkleider: bei „Oper für alle“ verwandelte sich der Max Joseph Platz wieder einmal in ein Open-Air-Kino der besonderen Art. Händels „Cäsar in Ägypten“ wurde live aus dem Nationaltheater via Groß-Videoleinwand übertragen. Doch nicht nur bei diesem Event drängelte &hellip;
