{"version":"1.0","provider_name":"JazzZeitung","provider_url":"https:\/\/www.jazzzeitung.de\/cms","title":"jazzahead! 2020 wird abgesagt und erst im Mai 2021 nachgeholt - JazzZeitung","type":"rich","width":600,"height":338,"html":"<blockquote class=\"wp-embedded-content\" data-secret=\"fq5WrpWt2D\"><a href=\"https:\/\/www.jazzzeitung.de\/cms\/2020\/03\/jazzahead-2020-wird-abgesagt-und-2021-nachgeholt\/\">jazzahead! 2020 wird abgesagt und erst im Mai 2021 nachgeholt<\/a><\/blockquote><iframe sandbox=\"allow-scripts\" security=\"restricted\" src=\"https:\/\/www.jazzzeitung.de\/cms\/2020\/03\/jazzahead-2020-wird-abgesagt-und-2021-nachgeholt\/embed\/#?secret=fq5WrpWt2D\" width=\"600\" height=\"338\" title=\"&#8222;jazzahead! 2020 wird abgesagt und erst im Mai 2021 nachgeholt&#8220; &#8211; JazzZeitung\" data-secret=\"fq5WrpWt2D\" frameborder=\"0\" marginwidth=\"0\" marginheight=\"0\" scrolling=\"no\" class=\"wp-embedded-content\"><\/iframe><script type=\"text\/javascript\">\n\/* <![CDATA[ *\/\n\/*! This file is auto-generated *\/\n!function(d,l){\"use strict\";l.querySelector&&d.addEventListener&&\"undefined\"!=typeof URL&&(d.wp=d.wp||{},d.wp.receiveEmbedMessage||(d.wp.receiveEmbedMessage=function(e){var t=e.data;if((t||t.secret||t.message||t.value)&&!\/[^a-zA-Z0-9]\/.test(t.secret)){for(var s,r,n,a=l.querySelectorAll('iframe[data-secret=\"'+t.secret+'\"]'),o=l.querySelectorAll('blockquote[data-secret=\"'+t.secret+'\"]'),c=new RegExp(\"^https?:$\",\"i\"),i=0;i<o.length;i++)o[i].style.display=\"none\";for(i=0;i<a.length;i++)s=a[i],e.source===s.contentWindow&&(s.removeAttribute(\"style\"),\"height\"===t.message?(1e3<(r=parseInt(t.value,10))?r=1e3:~~r<200&&(r=200),s.height=r):\"link\"===t.message&&(r=new URL(s.getAttribute(\"src\")),n=new URL(t.value),c.test(n.protocol))&&n.host===r.host&&l.activeElement===s&&(d.top.location.href=t.value))}},d.addEventListener(\"message\",d.wp.receiveEmbedMessage,!1),l.addEventListener(\"DOMContentLoaded\",function(){for(var e,t,s=l.querySelectorAll(\"iframe.wp-embedded-content\"),r=0;r<s.length;r++)(t=(e=s[r]).getAttribute(\"data-secret\"))||(t=Math.random().toString(36).substring(2,12),e.src+=\"#?secret=\"+t,e.setAttribute(\"data-secret\",t)),e.contentWindow.postMessage({message:\"ready\",secret:t},\"*\")},!1)))}(window,document);\n\/\/# sourceURL=https:\/\/www.jazzzeitung.de\/cms\/wp-includes\/js\/wp-embed.min.js\n\/* ]]> *\/\n<\/script>\n","thumbnail_url":"https:\/\/i0.wp.com\/www.jazzzeitung.de\/cms\/wp-content\/uploads\/2017\/04\/001_Foto-van-Loon.jpg?fit=6726%2C4489&ssl=1","thumbnail_width":6726,"thumbnail_height":4489,"description":"Die jazzahead! 2020 wird abgesagt, dies gab die Bremer Messegesellschaft heute bekannt. Die Entscheidung begr\u00fcndet Hans Peter Schneider, Gesch\u00e4ftsf\u00fchrer der M3B GmbH, zu der die Messe Bremen geh\u00f6rt, wie folgt: \u201eDie jazzahead! lebt vom internationalen Austausch und von Begegnungen \u2013 dies wird in Corona-Zeiten leider nicht m\u00f6glich sein, auch Ende April noch nicht. Wir bedauern die Absage sehr, aber der Gesundheitsschutz hat oberste Priorit\u00e4t.\u201c Die gr\u00f6\u00dfte Jazz-Fachmesse der Welt, die urspr\u00fcnglich von Donnerstag bis Sonntag, 23. bis 26. April 2020, in den Hallen 6 und 7 der Messe Bremen geplant war, sowie das begleitende Festival von Freitag bis Sonntag, 17. bis 26. April 2020, werden verschoben. F\u00fcr die Fachmesse steht bereits ein neuer Termin: Donnerstag bis Sonntag, 29. April bis 2. Mai 2021. Die Veranstalter hatten zun\u00e4chst \u00fcberpr\u00fcft, ob es m\u00f6glich ist, die Jazz-Fachmesse und das begleitende Jazz-Festival in die Sommermonate zu verlegen. \u201eDoch gemeinsam mit unseren Partnern haben wir uns jetzt dazu entschieden, die jazzahead! ins n\u00e4chste Jahr zu verschieben\u201c, sagt Projektleiterin Sybille Kornitschky von der Messe Bremen. Das Partnerland Kanada hat bereits f\u00fcr 2021 zugesagt. Auch die Auswahl der diesj\u00e4hrigen Showcase-Bands wird beibehalten. &hellip;"}

Die jazzahead! 2020 wird abgesagt, dies gab die Bremer Messegesellschaft heute bekannt. Die Entscheidung begründet Hans Peter Schneider, Geschäftsführer der M3B GmbH, zu der die Messe Bremen gehört, wie folgt: „Die jazzahead! lebt vom internationalen Austausch und von Begegnungen – dies wird in Corona-Zeiten leider nicht möglich sein, auch Ende April noch nicht. Wir bedauern die Absage sehr, aber der Gesundheitsschutz hat oberste Priorität.“ Die größte Jazz-Fachmesse der Welt, die ursprünglich von Donnerstag bis Sonntag, 23. bis 26. April 2020, in den Hallen 6 und 7 der Messe Bremen geplant war, sowie das begleitende Festival von Freitag bis Sonntag, 17. bis 26. April 2020, werden verschoben. Für die Fachmesse steht bereits ein neuer Termin: Donnerstag bis Sonntag, 29. April bis 2. Mai 2021. Die Veranstalter hatten zunächst überprüft, ob es möglich ist, die Jazz-Fachmesse und das begleitende Jazz-Festival in die Sommermonate zu verlegen. „Doch gemeinsam mit unseren Partnern haben wir uns jetzt dazu entschieden, die jazzahead! ins nächste Jahr zu verschieben“, sagt Projektleiterin Sybille Kornitschky von der Messe Bremen. Das Partnerland Kanada hat bereits für 2021 zugesagt. Auch die Auswahl der diesjährigen Showcase-Bands wird beibehalten. &hellip;
