{"version":"1.0","provider_name":"JazzZeitung","provider_url":"https:\/\/www.jazzzeitung.de\/cms","author_name":"Redaktion JazzZeitung","author_url":"https:\/\/www.jazzzeitung.de\/cms\/author\/redaktion\/","title":"Heinrich von Kalnein: M\u00f6bius Strip - JazzZeitung","type":"rich","width":600,"height":338,"html":"<blockquote class=\"wp-embedded-content\" data-secret=\"6Pp0g1hRia\"><a href=\"https:\/\/www.jazzzeitung.de\/cms\/2020\/03\/heinrich-von-kalnein-moebius-strip\/\">Heinrich von Kalnein: M\u00f6bius Strip<\/a><\/blockquote><iframe sandbox=\"allow-scripts\" security=\"restricted\" src=\"https:\/\/www.jazzzeitung.de\/cms\/2020\/03\/heinrich-von-kalnein-moebius-strip\/embed\/#?secret=6Pp0g1hRia\" width=\"600\" height=\"338\" title=\"&#8222;Heinrich von Kalnein: M\u00f6bius Strip&#8220; &#8211; JazzZeitung\" data-secret=\"6Pp0g1hRia\" frameborder=\"0\" marginwidth=\"0\" marginheight=\"0\" scrolling=\"no\" class=\"wp-embedded-content\"><\/iframe><script type=\"text\/javascript\">\n\/* <![CDATA[ *\/\n\/*! This file is auto-generated *\/\n!function(d,l){\"use strict\";l.querySelector&&d.addEventListener&&\"undefined\"!=typeof URL&&(d.wp=d.wp||{},d.wp.receiveEmbedMessage||(d.wp.receiveEmbedMessage=function(e){var t=e.data;if((t||t.secret||t.message||t.value)&&!\/[^a-zA-Z0-9]\/.test(t.secret)){for(var s,r,n,a=l.querySelectorAll('iframe[data-secret=\"'+t.secret+'\"]'),o=l.querySelectorAll('blockquote[data-secret=\"'+t.secret+'\"]'),c=new RegExp(\"^https?:$\",\"i\"),i=0;i<o.length;i++)o[i].style.display=\"none\";for(i=0;i<a.length;i++)s=a[i],e.source===s.contentWindow&&(s.removeAttribute(\"style\"),\"height\"===t.message?(1e3<(r=parseInt(t.value,10))?r=1e3:~~r<200&&(r=200),s.height=r):\"link\"===t.message&&(r=new URL(s.getAttribute(\"src\")),n=new URL(t.value),c.test(n.protocol))&&n.host===r.host&&l.activeElement===s&&(d.top.location.href=t.value))}},d.addEventListener(\"message\",d.wp.receiveEmbedMessage,!1),l.addEventListener(\"DOMContentLoaded\",function(){for(var e,t,s=l.querySelectorAll(\"iframe.wp-embedded-content\"),r=0;r<s.length;r++)(t=(e=s[r]).getAttribute(\"data-secret\"))||(t=Math.random().toString(36).substring(2,12),e.src+=\"#?secret=\"+t,e.setAttribute(\"data-secret\",t)),e.contentWindow.postMessage({message:\"ready\",secret:t},\"*\")},!1)))}(window,document);\n\/\/# sourceURL=https:\/\/www.jazzzeitung.de\/cms\/wp-includes\/js\/wp-embed.min.js\n\/* ]]> *\/\n<\/script>\n","thumbnail_url":"https:\/\/i0.wp.com\/www.jazzzeitung.de\/cms\/wp-content\/uploads\/2020\/03\/cover_HvK-M\u0153biusStrip.jpg?fit=1500%2C1500&ssl=1","thumbnail_width":1500,"thumbnail_height":1500,"description":"Jeder aus\u00fcbende Musiker kennt Et\u00fcdenb\u00fccher: Jene systematisch aufbauenden Sammlungen, in denen in meist kleinen, reduzierten St\u00fccken bestimmte spielerische Probleme angegangen werden. Aber wenn gro\u00dfe Komponisten am Werk sind, gehen solche \u201eVersuchsanordnungen\u201c \u00fcber das rein technische weit hinaus und es entstehen gro\u00dfe k\u00fcnstlerische Sch\u00f6pfungen f\u00fcr die Ewigkeit. Jazz als freiere, improvisierte Praxis emanzipiert sich von jeder rigiden Systematik, wo es ums unmittelbare Spielen geht. Auf der neuen Doppel-CD des Saxofonisten Heinrich von Kalnein dr\u00e4ngen sich solche Gedanken dennoch auf. Nicht falsch verstehen: Der in Graz lebende Saxofonist, Bandleader, Komponist und P\u00e4dagoge w\u00fcrde wohl nie schn\u00f6de Techniket\u00fcden ver\u00f6ffentlichen. Aber das neue Release leistet sich eine fast schon enzyklop\u00e4dische Bandbreite, um die Vielfalt an musikalischen M\u00f6glichkeiten im Jazz zu bilanzieren. Volume 1 stellt die Individualit\u00e4t von Instrument und Musikerpers\u00f6nlichkeit heraus. Bemerkenswert ist der Entstehungsprozess dieser lupenrein klingenden Aufnahmen. Heinrich von Kalnein improvisierte n\u00e4mlich die meisten dieser St\u00fccke zun\u00e4chst allein f\u00fcr sich im Studio von Joachim K\u00fchn auf Ibiza, \u00fcbrigens auf pers\u00f6nliche Einladung des ber\u00fchmten Pianisten hin. Die Bassistin Gina Schwarz und der Drummer Lukas K\u00f6nig spielten sp\u00e4ter ihre eigenen Tracks dazu. Der Prolog ist ein einladendes Rezitativ. St\u00fcck &hellip;"}

Heinrich von Kalnein: Möbius Strip - JazzZeitung

<blockquote class="wp-embedded-content" data-secret="6Pp0g1hRia"><a href="https://www.jazzzeitung.de/cms/2020/03/heinrich-von-kalnein-moebius-strip/">Heinrich von Kalnein: Möbius Strip</a></blockquote><iframe sandbox="allow-scripts" security="restricted" src="https://www.jazzzeitung.de/cms/2020/03/heinrich-von-kalnein-moebius-strip/embed/#?secret=6Pp0g1hRia" width="600" height="338" title="&#8222;Heinrich von Kalnein: Möbius Strip&#8220; &#8211; JazzZeitung" data-secret="6Pp0g1hRia" frameborder="0" marginwidth="0" marginheight="0" scrolling="no" class="wp-embedded-content"></iframe><script type="text/javascript">
/* <![CDATA[ */
/*! This file is auto-generated */
!function(d,l){"use strict";l.querySelector&&d.addEventListener&&"undefined"!=typeof URL&&(d.wp=d.wp||{},d.wp.receiveEmbedMessage||(d.wp.receiveEmbedMessage=function(e){var t=e.data;if((t||t.secret||t.message||t.value)&&!/[^a-zA-Z0-9]/.test(t.secret)){for(var s,r,n,a=l.querySelectorAll('iframe[data-secret="'+t.secret+'"]'),o=l.querySelectorAll('blockquote[data-secret="'+t.secret+'"]'),c=new RegExp("^https?:$","i"),i=0;i<o.length;i++)o[i].style.display="none";for(i=0;i<a.length;i++)s=a[i],e.source===s.contentWindow&&(s.removeAttribute("style"),"height"===t.message?(1e3<(r=parseInt(t.value,10))?r=1e3:~~r<200&&(r=200),s.height=r):"link"===t.message&&(r=new URL(s.getAttribute("src")),n=new URL(t.value),c.test(n.protocol))&&n.host===r.host&&l.activeElement===s&&(d.top.location.href=t.value))}},d.addEventListener("message",d.wp.receiveEmbedMessage,!1),l.addEventListener("DOMContentLoaded",function(){for(var e,t,s=l.querySelectorAll("iframe.wp-embedded-content"),r=0;r<s.length;r++)(t=(e=s[r]).getAttribute("data-secret"))||(t=Math.random().toString(36).substring(2,12),e.src+="#?secret="+t,e.setAttribute("data-secret",t)),e.contentWindow.postMessage({message:"ready",secret:t},"*")},!1)))}(window,document);
//# sourceURL=https://www.jazzzeitung.de/cms/wp-includes/js/wp-embed.min.js
/* ]]> */
</script>

https://i0.wp.com/www.jazzzeitung.de/cms/wp-content/uploads/2020/03/cover_HvK-MœbiusStrip.jpg?fit=1500%2C1500&ssl=1

Jeder ausübende Musiker kennt Etüdenbücher: Jene systematisch aufbauenden Sammlungen, in denen in meist kleinen, reduzierten Stücken bestimmte spielerische Probleme angegangen werden. Aber wenn große Komponisten am Werk sind, gehen solche „Versuchsanordnungen“ über das rein technische weit hinaus und es entstehen große künstlerische Schöpfungen für die Ewigkeit. Jazz als freiere, improvisierte Praxis emanzipiert sich von jeder rigiden Systematik, wo es ums unmittelbare Spielen geht. Auf der neuen Doppel-CD des Saxofonisten Heinrich von Kalnein drängen sich solche Gedanken dennoch auf. Nicht falsch verstehen: Der in Graz lebende Saxofonist, Bandleader, Komponist und Pädagoge würde wohl nie schnöde Techniketüden veröffentlichen. Aber das neue Release leistet sich eine fast schon enzyklopädische Bandbreite, um die Vielfalt an musikalischen Möglichkeiten im Jazz zu bilanzieren. Volume 1 stellt die Individualität von Instrument und Musikerpersönlichkeit heraus. Bemerkenswert ist der Entstehungsprozess dieser lupenrein klingenden Aufnahmen. Heinrich von Kalnein improvisierte nämlich die meisten dieser Stücke zunächst allein für sich im Studio von Joachim Kühn auf Ibiza, übrigens auf persönliche Einladung des berühmten Pianisten hin. Die Bassistin Gina Schwarz und der Drummer Lukas König spielten später ihre eigenen Tracks dazu. Der Prolog ist ein einladendes Rezitativ. Stück &hellip;
