{"version":"1.0","provider_name":"JazzZeitung","provider_url":"https:\/\/www.jazzzeitung.de\/cms","author_name":"Thomas J. Krebs","author_url":"https:\/\/www.jazzzeitung.de\/cms\/author\/krebs\/","title":"Pablo Helds neue CD Ascent - JazzZeitung","type":"rich","width":600,"height":338,"html":"<blockquote class=\"wp-embedded-content\" data-secret=\"SUpweVJOmB\"><a href=\"https:\/\/www.jazzzeitung.de\/cms\/2020\/02\/pablo-helds-neue-cd-ascent\/\">Pablo Helds neue CD Ascent<\/a><\/blockquote><iframe sandbox=\"allow-scripts\" security=\"restricted\" src=\"https:\/\/www.jazzzeitung.de\/cms\/2020\/02\/pablo-helds-neue-cd-ascent\/embed\/#?secret=SUpweVJOmB\" width=\"600\" height=\"338\" title=\"&#8222;Pablo Helds neue CD Ascent&#8220; &#8211; JazzZeitung\" data-secret=\"SUpweVJOmB\" frameborder=\"0\" marginwidth=\"0\" marginheight=\"0\" scrolling=\"no\" class=\"wp-embedded-content\"><\/iframe><script type=\"text\/javascript\">\n\/* <![CDATA[ *\/\n\/*! This file is auto-generated *\/\n!function(d,l){\"use strict\";l.querySelector&&d.addEventListener&&\"undefined\"!=typeof URL&&(d.wp=d.wp||{},d.wp.receiveEmbedMessage||(d.wp.receiveEmbedMessage=function(e){var t=e.data;if((t||t.secret||t.message||t.value)&&!\/[^a-zA-Z0-9]\/.test(t.secret)){for(var s,r,n,a=l.querySelectorAll('iframe[data-secret=\"'+t.secret+'\"]'),o=l.querySelectorAll('blockquote[data-secret=\"'+t.secret+'\"]'),c=new RegExp(\"^https?:$\",\"i\"),i=0;i<o.length;i++)o[i].style.display=\"none\";for(i=0;i<a.length;i++)s=a[i],e.source===s.contentWindow&&(s.removeAttribute(\"style\"),\"height\"===t.message?(1e3<(r=parseInt(t.value,10))?r=1e3:~~r<200&&(r=200),s.height=r):\"link\"===t.message&&(r=new URL(s.getAttribute(\"src\")),n=new URL(t.value),c.test(n.protocol))&&n.host===r.host&&l.activeElement===s&&(d.top.location.href=t.value))}},d.addEventListener(\"message\",d.wp.receiveEmbedMessage,!1),l.addEventListener(\"DOMContentLoaded\",function(){for(var e,t,s=l.querySelectorAll(\"iframe.wp-embedded-content\"),r=0;r<s.length;r++)(t=(e=s[r]).getAttribute(\"data-secret\"))||(t=Math.random().toString(36).substring(2,12),e.src+=\"#?secret=\"+t,e.setAttribute(\"data-secret\",t)),e.contentWindow.postMessage({message:\"ready\",secret:t},\"*\")},!1)))}(window,document);\n\/\/# sourceURL=https:\/\/www.jazzzeitung.de\/cms\/wp-includes\/js\/wp-embed.min.js\n\/* ]]> *\/\n<\/script>\n","thumbnail_url":"https:\/\/i0.wp.com\/www.jazzzeitung.de\/cms\/wp-content\/uploads\/2020\/02\/P1212098-sw-Pablo-Held-1.jpg?fit=1200%2C894&ssl=1","thumbnail_width":1200,"thumbnail_height":894,"description":"Nach dem traurigen Ende des M\u00fcnchner Pirouet Labels, auf dem das Pablo Held Trio 2008 sein erstes Album ver\u00f6ffentlichte, haben die Musiker offensichtlich eine neue Heimat bei dem im Jahr 2008 von Dave Stapleton &amp; Tim Dickeson gegr\u00fcndeten britischen Label Edition Records gefunden. Bereits die erste Ver\u00f6ffentlichung des Trios im Fr\u00fchjahr 2018 \u201eInvestigations\u201c \u00fcberzeugte. So konnten nicht nur Fans aufatmen, die Zukunft dieses einzigartigen Trios war in trockenen T\u00fcchern. In der Zwischenzeit haben Pablo Held, Robert Landfermann &amp; Jonas Burgwinkel parallel Erfahrungen in anderen Bands oder Projekten gesammelt und sich entsprechend weiterentwickelt. Mit \u201eAscent\u201c erscheint nun die zweite Ver\u00f6ffentlichung auf Edition Records. Auch wenn der Titel offiziell unter dem Namen \u201ePablo Held\u201c l\u00e4uft, pr\u00e4sentiert sich hier lupenrein das Pablo Held Trio, das sich als f\u00fcr das Album und die Musik pr\u00e4genden Gast den inspirierten brasilianischen Gitarristen Nelson Veras dazu geholt hat. Zentrales Konzept des Trios ist nach wie vor sich beim Musizieren auf das Wesentliche zu konzentrieren, den Schwerpunkt darauf zu legen was musikalisch wichtig ist und Ballast wegzulassen. Mit Nelson Veras Spiel auf der akustischen Gitarre funktioniert das tadellos. Der Opener \u201eUnlocking Mechanism\u201c beginnt &hellip;"}

Nach dem traurigen Ende des Münchner Pirouet Labels, auf dem das Pablo Held Trio 2008 sein erstes Album veröffentlichte, haben die Musiker offensichtlich eine neue Heimat bei dem im Jahr 2008 von Dave Stapleton &amp; Tim Dickeson gegründeten britischen Label Edition Records gefunden. Bereits die erste Veröffentlichung des Trios im Frühjahr 2018 „Investigations“ überzeugte. So konnten nicht nur Fans aufatmen, die Zukunft dieses einzigartigen Trios war in trockenen Tüchern. In der Zwischenzeit haben Pablo Held, Robert Landfermann &amp; Jonas Burgwinkel parallel Erfahrungen in anderen Bands oder Projekten gesammelt und sich entsprechend weiterentwickelt. Mit „Ascent“ erscheint nun die zweite Veröffentlichung auf Edition Records. Auch wenn der Titel offiziell unter dem Namen „Pablo Held“ läuft, präsentiert sich hier lupenrein das Pablo Held Trio, das sich als für das Album und die Musik prägenden Gast den inspirierten brasilianischen Gitarristen Nelson Veras dazu geholt hat. Zentrales Konzept des Trios ist nach wie vor sich beim Musizieren auf das Wesentliche zu konzentrieren, den Schwerpunkt darauf zu legen was musikalisch wichtig ist und Ballast wegzulassen. Mit Nelson Veras Spiel auf der akustischen Gitarre funktioniert das tadellos. Der Opener „Unlocking Mechanism“ beginnt &hellip;
