{"version":"1.0","provider_name":"JazzZeitung","provider_url":"https:\/\/www.jazzzeitung.de\/cms","author_name":"Redaktion JazzZeitung","author_url":"https:\/\/www.jazzzeitung.de\/cms\/author\/redaktion\/","title":"Das 30. Jazzfest der Jazzmusiker-Initiative M\u00fcnchen \u2013 erste Halbzeit - JazzZeitung","type":"rich","width":600,"height":338,"html":"<blockquote class=\"wp-embedded-content\" data-secret=\"D0lwRdxpHJ\"><a href=\"https:\/\/www.jazzzeitung.de\/cms\/2019\/10\/zum-30-jazzfest-der-jazzmusiker-initiative-muenchen\/\">Das 30. Jazzfest der Jazzmusiker-Initiative M\u00fcnchen \u2013 erste Halbzeit<\/a><\/blockquote><iframe sandbox=\"allow-scripts\" security=\"restricted\" src=\"https:\/\/www.jazzzeitung.de\/cms\/2019\/10\/zum-30-jazzfest-der-jazzmusiker-initiative-muenchen\/embed\/#?secret=D0lwRdxpHJ\" width=\"600\" height=\"338\" title=\"&#8222;Das 30. Jazzfest der Jazzmusiker-Initiative M\u00fcnchen \u2013 erste Halbzeit&#8220; &#8211; JazzZeitung\" data-secret=\"D0lwRdxpHJ\" frameborder=\"0\" marginwidth=\"0\" marginheight=\"0\" scrolling=\"no\" class=\"wp-embedded-content\"><\/iframe><script type=\"text\/javascript\">\n\/* <![CDATA[ *\/\n\/*! This file is auto-generated *\/\n!function(d,l){\"use strict\";l.querySelector&&d.addEventListener&&\"undefined\"!=typeof URL&&(d.wp=d.wp||{},d.wp.receiveEmbedMessage||(d.wp.receiveEmbedMessage=function(e){var t=e.data;if((t||t.secret||t.message||t.value)&&!\/[^a-zA-Z0-9]\/.test(t.secret)){for(var s,r,n,a=l.querySelectorAll('iframe[data-secret=\"'+t.secret+'\"]'),o=l.querySelectorAll('blockquote[data-secret=\"'+t.secret+'\"]'),c=new RegExp(\"^https?:$\",\"i\"),i=0;i<o.length;i++)o[i].style.display=\"none\";for(i=0;i<a.length;i++)s=a[i],e.source===s.contentWindow&&(s.removeAttribute(\"style\"),\"height\"===t.message?(1e3<(r=parseInt(t.value,10))?r=1e3:~~r<200&&(r=200),s.height=r):\"link\"===t.message&&(r=new URL(s.getAttribute(\"src\")),n=new URL(t.value),c.test(n.protocol))&&n.host===r.host&&l.activeElement===s&&(d.top.location.href=t.value))}},d.addEventListener(\"message\",d.wp.receiveEmbedMessage,!1),l.addEventListener(\"DOMContentLoaded\",function(){for(var e,t,s=l.querySelectorAll(\"iframe.wp-embedded-content\"),r=0;r<s.length;r++)(t=(e=s[r]).getAttribute(\"data-secret\"))||(t=Math.random().toString(36).substring(2,12),e.src+=\"#?secret=\"+t,e.setAttribute(\"data-secret\",t)),e.contentWindow.postMessage({message:\"ready\",secret:t},\"*\")},!1)))}(window,document);\n\/\/# sourceURL=https:\/\/www.jazzzeitung.de\/cms\/wp-includes\/js\/wp-embed.min.js\n\/* ]]> *\/\n<\/script>\n","thumbnail_url":"https:\/\/www.jazzzeitung.de\/cms\/wp-content\/uploads\/2019\/10\/\u252c\u00aeGodehard.Lutz@bayern-mail.de_IMGP0337-900x596.jpg","thumbnail_width":900,"thumbnail_height":596,"description":"Das 30. Jazzfest der Jazzmusiker-Initiative M\u00fcnchen JIM begann mit zwei Konzerten\u00a0 in der Black Box im Kulturzentrum Gasteig. Dort ist es durch die Unterst\u00fctzung des Kulturreferats der Stadt M\u00fcnchen seit einigen Jahren zu Hause. Begonnen hat es 1990 als 5-t\u00e4gige Selbstdarstellung und Werbeveranstaltung der M\u00fcnchener Jazzszene. Aus ihr gr\u00fcndete sich im Jahr darauf JIM e. V. als Selbsthilfeorganisation und Veranstalter des Festivals. Im Zirkuszelt im Olympiapark, wo das Jazzfest manchmal fast im Schlamm versank, war es 5 Jahre beheimatet. Danach tingelte es durch die halbe Stadt und erschloss dem Jazz vor\u00fcbergehend die verschiedensten Spielorte. Einige der Musiker der vier Bands, die das Festival 2019 er\u00f6ffneten, waren auch schon in den Anfangsjahren dabei. Schlie\u00dflich wollten und wollen sich die Jazzmusiker mit ihrer Initiative zus\u00e4tzliche Auftrittsm\u00f6glichkeiten verschaffen, wenn diese auch bei weitem nicht den Vereinsmitgliedern und l\u00e4ngst auch nicht mehr nur M\u00fcnchener Musikern vorbehalten sind. Diese standen und stehen aber beim Jubil\u00e4um eindeutig im Fokus. Zum Auftakt pr\u00e4sentierten drei Bands ihre bei ENJA Records erschienen Alben: Matthias Gmelin mit \u201eVibes Waltz\u201c (CD 9764) rhythmusbetonten Modern Jazz in Oktett-Besetzung mit Tim Collins, Jason Seizer, Diony Var\u00ecas Astudillo, Peter &hellip;"}

Das 30. Jazzfest der Jazzmusiker-Initiative München – erste Halbzeit - JazzZeitung

<blockquote class="wp-embedded-content" data-secret="D0lwRdxpHJ"><a href="https://www.jazzzeitung.de/cms/2019/10/zum-30-jazzfest-der-jazzmusiker-initiative-muenchen/">Das 30. Jazzfest der Jazzmusiker-Initiative München – erste Halbzeit</a></blockquote><iframe sandbox="allow-scripts" security="restricted" src="https://www.jazzzeitung.de/cms/2019/10/zum-30-jazzfest-der-jazzmusiker-initiative-muenchen/embed/#?secret=D0lwRdxpHJ" width="600" height="338" title="&#8222;Das 30. Jazzfest der Jazzmusiker-Initiative München – erste Halbzeit&#8220; &#8211; JazzZeitung" data-secret="D0lwRdxpHJ" frameborder="0" marginwidth="0" marginheight="0" scrolling="no" class="wp-embedded-content"></iframe><script type="text/javascript">
/* <![CDATA[ */
/*! This file is auto-generated */
!function(d,l){"use strict";l.querySelector&&d.addEventListener&&"undefined"!=typeof URL&&(d.wp=d.wp||{},d.wp.receiveEmbedMessage||(d.wp.receiveEmbedMessage=function(e){var t=e.data;if((t||t.secret||t.message||t.value)&&!/[^a-zA-Z0-9]/.test(t.secret)){for(var s,r,n,a=l.querySelectorAll('iframe[data-secret="'+t.secret+'"]'),o=l.querySelectorAll('blockquote[data-secret="'+t.secret+'"]'),c=new RegExp("^https?:$","i"),i=0;i<o.length;i++)o[i].style.display="none";for(i=0;i<a.length;i++)s=a[i],e.source===s.contentWindow&&(s.removeAttribute("style"),"height"===t.message?(1e3<(r=parseInt(t.value,10))?r=1e3:~~r<200&&(r=200),s.height=r):"link"===t.message&&(r=new URL(s.getAttribute("src")),n=new URL(t.value),c.test(n.protocol))&&n.host===r.host&&l.activeElement===s&&(d.top.location.href=t.value))}},d.addEventListener("message",d.wp.receiveEmbedMessage,!1),l.addEventListener("DOMContentLoaded",function(){for(var e,t,s=l.querySelectorAll("iframe.wp-embedded-content"),r=0;r<s.length;r++)(t=(e=s[r]).getAttribute("data-secret"))||(t=Math.random().toString(36).substring(2,12),e.src+="#?secret="+t,e.setAttribute("data-secret",t)),e.contentWindow.postMessage({message:"ready",secret:t},"*")},!1)))}(window,document);
//# sourceURL=https://www.jazzzeitung.de/cms/wp-includes/js/wp-embed.min.js
/* ]]> */
</script>

Das 30. Jazzfest der Jazzmusiker-Initiative München JIM begann mit zwei Konzerten  in der Black Box im Kulturzentrum Gasteig. Dort ist es durch die Unterstützung des Kulturreferats der Stadt München seit einigen Jahren zu Hause. Begonnen hat es 1990 als 5-tägige Selbstdarstellung und Werbeveranstaltung der Münchener Jazzszene. Aus ihr gründete sich im Jahr darauf JIM e. V. als Selbsthilfeorganisation und Veranstalter des Festivals. Im Zirkuszelt im Olympiapark, wo das Jazzfest manchmal fast im Schlamm versank, war es 5 Jahre beheimatet. Danach tingelte es durch die halbe Stadt und erschloss dem Jazz vorübergehend die verschiedensten Spielorte. Einige der Musiker der vier Bands, die das Festival 2019 eröffneten, waren auch schon in den Anfangsjahren dabei. Schließlich wollten und wollen sich die Jazzmusiker mit ihrer Initiative zusätzliche Auftrittsmöglichkeiten verschaffen, wenn diese auch bei weitem nicht den Vereinsmitgliedern und längst auch nicht mehr nur Münchener Musikern vorbehalten sind. Diese standen und stehen aber beim Jubiläum eindeutig im Fokus. Zum Auftakt präsentierten drei Bands ihre bei ENJA Records erschienen Alben: Matthias Gmelin mit „Vibes Waltz“ (CD 9764) rhythmusbetonten Modern Jazz in Oktett-Besetzung mit Tim Collins, Jason Seizer, Diony Varìas Astudillo, Peter &hellip;
