{"version":"1.0","provider_name":"JazzZeitung","provider_url":"https:\/\/www.jazzzeitung.de\/cms","title":"Ein Werwolf tanzt den Rap - JazzZeitung","type":"rich","width":600,"height":338,"html":"<blockquote class=\"wp-embedded-content\" data-secret=\"EEeXmU09KD\"><a href=\"https:\/\/www.jazzzeitung.de\/cms\/2019\/10\/ein-werwolf-tanzt-den-rap\/\">Ein Werwolf tanzt den Rap<\/a><\/blockquote><iframe sandbox=\"allow-scripts\" security=\"restricted\" src=\"https:\/\/www.jazzzeitung.de\/cms\/2019\/10\/ein-werwolf-tanzt-den-rap\/embed\/#?secret=EEeXmU09KD\" width=\"600\" height=\"338\" title=\"&#8222;Ein Werwolf tanzt den Rap&#8220; &#8211; JazzZeitung\" data-secret=\"EEeXmU09KD\" frameborder=\"0\" marginwidth=\"0\" marginheight=\"0\" scrolling=\"no\" class=\"wp-embedded-content\"><\/iframe><script type=\"text\/javascript\">\n\/* <![CDATA[ *\/\n\/*! This file is auto-generated *\/\n!function(d,l){\"use strict\";l.querySelector&&d.addEventListener&&\"undefined\"!=typeof URL&&(d.wp=d.wp||{},d.wp.receiveEmbedMessage||(d.wp.receiveEmbedMessage=function(e){var t=e.data;if((t||t.secret||t.message||t.value)&&!\/[^a-zA-Z0-9]\/.test(t.secret)){for(var s,r,n,a=l.querySelectorAll('iframe[data-secret=\"'+t.secret+'\"]'),o=l.querySelectorAll('blockquote[data-secret=\"'+t.secret+'\"]'),c=new RegExp(\"^https?:$\",\"i\"),i=0;i<o.length;i++)o[i].style.display=\"none\";for(i=0;i<a.length;i++)s=a[i],e.source===s.contentWindow&&(s.removeAttribute(\"style\"),\"height\"===t.message?(1e3<(r=parseInt(t.value,10))?r=1e3:~~r<200&&(r=200),s.height=r):\"link\"===t.message&&(r=new URL(s.getAttribute(\"src\")),n=new URL(t.value),c.test(n.protocol))&&n.host===r.host&&l.activeElement===s&&(d.top.location.href=t.value))}},d.addEventListener(\"message\",d.wp.receiveEmbedMessage,!1),l.addEventListener(\"DOMContentLoaded\",function(){for(var e,t,s=l.querySelectorAll(\"iframe.wp-embedded-content\"),r=0;r<s.length;r++)(t=(e=s[r]).getAttribute(\"data-secret\"))||(t=Math.random().toString(36).substring(2,12),e.src+=\"#?secret=\"+t,e.setAttribute(\"data-secret\",t)),e.contentWindow.postMessage({message:\"ready\",secret:t},\"*\")},!1)))}(window,document);\n\/\/# sourceURL=https:\/\/www.jazzzeitung.de\/cms\/wp-includes\/js\/wp-embed.min.js\n\/* ]]> *\/\n<\/script>\n","thumbnail_url":"https:\/\/i0.wp.com\/www.jazzzeitung.de\/cms\/wp-content\/uploads\/2019\/10\/Joao-maria_10.jpeg?fit=567%2C386&ssl=1","thumbnail_width":567,"thumbnail_height":386,"description":"Im Jazzclub Leerer Beutel in Regensburg bekommt die portugiesische S\u00e4ngerin Maria Jo\u00e3o im Duo mit Jo\u00e3o Farinha frenetischen Applaus. \u00a0\u00a0\u00a0\u00a0\u00a0\u00a0\u00a0\u00a0\u00a0 Singen? Klar, singen kann sie auch, die Portugiesin mit der Mehroktavenstimme \u2013 und wie! Was sie aber sonst noch alles mit ihrer Stimme, der Zunge, den Lippen und mit dem Mundraum macht, geht \u2013 um es mit einem vertrauten Bild zu beschreiben \u2013 auf keine Kuhhaut. Maria Jo\u00e3o gurrt, schreit, gurgelt, sie piepst und kickst, l\u00e4sst die Stimmb\u00e4nder flattern und f\u00fcgt alles zu einer vibrierenden Klangcollage, einem rauschhaften musikalischen Erlebnis allerersten G\u00fcte zusammen. Nach Jahren der Absenz erlebten die Besucher des Jazzclubs im gut gef\u00fcllten Leeren Beutel die Vokalk\u00fcnstlerin mit Kompositionen und St\u00fccken aus ihren letzten beiden Alben.\u00a0 \u201ePlastico\u201c ist in Quintettbesetzung mit Ogre entstanden und von Jo\u00e3os Begleiter, dem Komponisten Jo\u00e3o Farinha am Fl\u00fcgel, diversen Keyboards und Synthesizern f\u00fcr das intimere Duo neu und schl\u00fcssig arrangiert worden. H\u00e4ufig spielt der Sound eine wesentlich st\u00e4rkere Rolle, als herk\u00f6mmliche musikalische Parameter. Eektronische Grooves ersetzen Schlagzeug und teilweise Bass, w\u00e4hrend Farinha die stimmlichen Eskapaden Maria Jo\u00e3os klangmalerisch unterstreicht, kontrastiert oder auch mal herausfordert. Wechselt er bei ruhigeren, &hellip;"}

Im Jazzclub Leerer Beutel in Regensburg bekommt die portugiesische Sängerin Maria João im Duo mit João Farinha frenetischen Applaus.           Singen? Klar, singen kann sie auch, die Portugiesin mit der Mehroktavenstimme – und wie! Was sie aber sonst noch alles mit ihrer Stimme, der Zunge, den Lippen und mit dem Mundraum macht, geht – um es mit einem vertrauten Bild zu beschreiben – auf keine Kuhhaut. Maria João gurrt, schreit, gurgelt, sie piepst und kickst, lässt die Stimmbänder flattern und fügt alles zu einer vibrierenden Klangcollage, einem rauschhaften musikalischen Erlebnis allerersten Güte zusammen. Nach Jahren der Absenz erlebten die Besucher des Jazzclubs im gut gefüllten Leeren Beutel die Vokalkünstlerin mit Kompositionen und Stücken aus ihren letzten beiden Alben.  „Plastico“ ist in Quintettbesetzung mit Ogre entstanden und von Joãos Begleiter, dem Komponisten João Farinha am Flügel, diversen Keyboards und Synthesizern für das intimere Duo neu und schlüssig arrangiert worden. Häufig spielt der Sound eine wesentlich stärkere Rolle, als herkömmliche musikalische Parameter. Eektronische Grooves ersetzen Schlagzeug und teilweise Bass, während Farinha die stimmlichen Eskapaden Maria Joãos klangmalerisch unterstreicht, kontrastiert oder auch mal herausfordert. Wechselt er bei ruhigeren, &hellip;
