{"version":"1.0","provider_name":"JazzZeitung","provider_url":"https:\/\/www.jazzzeitung.de\/cms","author_name":"Redaktion JazzZeitung","author_url":"https:\/\/www.jazzzeitung.de\/cms\/author\/redaktion\/","title":"Veranstaltungstipp: \u201eTRIODOLLA\u201c im Jazzkeller H\u00fcrth - JazzZeitung","type":"rich","width":600,"height":338,"html":"<blockquote class=\"wp-embedded-content\" data-secret=\"OVIZVbaBxF\"><a href=\"https:\/\/www.jazzzeitung.de\/cms\/2019\/07\/veranstaltungstipp-triodolla-im-jazzkeller-huerth\/\">Veranstaltungstipp: \u201eTRIODOLLA\u201c im Jazzkeller H\u00fcrth<\/a><\/blockquote><iframe sandbox=\"allow-scripts\" security=\"restricted\" src=\"https:\/\/www.jazzzeitung.de\/cms\/2019\/07\/veranstaltungstipp-triodolla-im-jazzkeller-huerth\/embed\/#?secret=OVIZVbaBxF\" width=\"600\" height=\"338\" title=\"&#8222;Veranstaltungstipp: \u201eTRIODOLLA\u201c im Jazzkeller H\u00fcrth&#8220; &#8211; JazzZeitung\" data-secret=\"OVIZVbaBxF\" frameborder=\"0\" marginwidth=\"0\" marginheight=\"0\" scrolling=\"no\" class=\"wp-embedded-content\"><\/iframe><script type=\"text\/javascript\">\n\/* <![CDATA[ *\/\n\/*! This file is auto-generated *\/\n!function(d,l){\"use strict\";l.querySelector&&d.addEventListener&&\"undefined\"!=typeof URL&&(d.wp=d.wp||{},d.wp.receiveEmbedMessage||(d.wp.receiveEmbedMessage=function(e){var t=e.data;if((t||t.secret||t.message||t.value)&&!\/[^a-zA-Z0-9]\/.test(t.secret)){for(var s,r,n,a=l.querySelectorAll('iframe[data-secret=\"'+t.secret+'\"]'),o=l.querySelectorAll('blockquote[data-secret=\"'+t.secret+'\"]'),c=new RegExp(\"^https?:$\",\"i\"),i=0;i<o.length;i++)o[i].style.display=\"none\";for(i=0;i<a.length;i++)s=a[i],e.source===s.contentWindow&&(s.removeAttribute(\"style\"),\"height\"===t.message?(1e3<(r=parseInt(t.value,10))?r=1e3:~~r<200&&(r=200),s.height=r):\"link\"===t.message&&(r=new URL(s.getAttribute(\"src\")),n=new URL(t.value),c.test(n.protocol))&&n.host===r.host&&l.activeElement===s&&(d.top.location.href=t.value))}},d.addEventListener(\"message\",d.wp.receiveEmbedMessage,!1),l.addEventListener(\"DOMContentLoaded\",function(){for(var e,t,s=l.querySelectorAll(\"iframe.wp-embedded-content\"),r=0;r<s.length;r++)(t=(e=s[r]).getAttribute(\"data-secret\"))||(t=Math.random().toString(36).substring(2,12),e.src+=\"#?secret=\"+t,e.setAttribute(\"data-secret\",t)),e.contentWindow.postMessage({message:\"ready\",secret:t},\"*\")},!1)))}(window,document);\n\/\/# sourceURL=https:\/\/www.jazzzeitung.de\/cms\/wp-includes\/js\/wp-embed.min.js\n\/* ]]> *\/\n<\/script>\n","thumbnail_url":"https:\/\/i0.wp.com\/www.jazzzeitung.de\/cms\/wp-content\/uploads\/2019\/07\/19.07.2019-Triadolla-Marius-Klaus-der-Geiger-Klaus-Mages.jpg?fit=1000%2C667&ssl=1","thumbnail_width":1000,"thumbnail_height":667,"description":"Am 19. Juli findet in H\u00fcrth ein ganz besonderes Konzert statt, auf das wir gerne hinweisen &#8211; das Treffen dreier Generationen: Drei Musikerpers\u00f6nlichkeiten vermengen sich zu einer neuen kreativen Emulsion mit Tendenz zur positiven Explosion. Drei pers\u00f6nliche Geschichten schichten neue Ebenen zu musikalischen Formen wie Tango, Jazz-Evergreens, Salonmusik, Spontanimprovisationen, Protestsongs und Songs \u00e1 la Tom Waits. Rudi Carell h\u00e4tte getr\u00e4llert:\u201e Lass Dich \u00fcberraschen\u201c: f\u00fcnfhundertf\u00fcnundf\u00fcnfzigtausendf\u00fcnfhundertf\u00fcnfundf\u00fcnzig M\u00f6glichkeiten. Klaus der Geiger, einer der bekanntesten Stra\u00dfenmusiker Deutschlands, f\u00fcr sein Lebenswerk l\u00e4ngst schon geehrt, trifft auf einen mit zahlreichen Preisen ausgezeichneten aufstrebenden Musiker der K\u00f6lner Musikszene, Marius Peters.\u00a0Ihr Programm umfasst Improvisationen, St\u00fccke des Jazz Repertoires, vor allem aber die revolution\u00e4re argentische Tangomusik Astor Piazzollas. Lebensgef\u00fchl, rhythmische Finesse &amp; ein vitaler Puls zeichnen seine Musik aus. Die Wurzeln des traditionellen Tangos werden erweitert &amp; immer st\u00e4rker mit Elementen der Klassik, moderner Konzertmusik &amp; Jazz verwoben. Die Musiker widmen sich mit gro\u00dfer Spielfreude dieser Musik. Kennengelernt haben sie sich unmittelbar auf der B\u00fchne w\u00e4hrend eines Konzertes. Harmonie &amp; spontane Interaktion stellten direkt eine Verbindung dar.\u00a0Gemeinsam ist beiden zudem die akademische Ausbildung im Bereich Klassik und Jazz. Ihr kammermusikalisches Projekt mit Geige &amp; &hellip;"}

Veranstaltungstipp: „TRIODOLLA“ im Jazzkeller Hürth - JazzZeitung

<blockquote class="wp-embedded-content" data-secret="OVIZVbaBxF"><a href="https://www.jazzzeitung.de/cms/2019/07/veranstaltungstipp-triodolla-im-jazzkeller-huerth/">Veranstaltungstipp: „TRIODOLLA“ im Jazzkeller Hürth</a></blockquote><iframe sandbox="allow-scripts" security="restricted" src="https://www.jazzzeitung.de/cms/2019/07/veranstaltungstipp-triodolla-im-jazzkeller-huerth/embed/#?secret=OVIZVbaBxF" width="600" height="338" title="&#8222;Veranstaltungstipp: „TRIODOLLA“ im Jazzkeller Hürth&#8220; &#8211; JazzZeitung" data-secret="OVIZVbaBxF" frameborder="0" marginwidth="0" marginheight="0" scrolling="no" class="wp-embedded-content"></iframe><script type="text/javascript">
/* <![CDATA[ */
/*! This file is auto-generated */
!function(d,l){"use strict";l.querySelector&&d.addEventListener&&"undefined"!=typeof URL&&(d.wp=d.wp||{},d.wp.receiveEmbedMessage||(d.wp.receiveEmbedMessage=function(e){var t=e.data;if((t||t.secret||t.message||t.value)&&!/[^a-zA-Z0-9]/.test(t.secret)){for(var s,r,n,a=l.querySelectorAll('iframe[data-secret="'+t.secret+'"]'),o=l.querySelectorAll('blockquote[data-secret="'+t.secret+'"]'),c=new RegExp("^https?:$","i"),i=0;i<o.length;i++)o[i].style.display="none";for(i=0;i<a.length;i++)s=a[i],e.source===s.contentWindow&&(s.removeAttribute("style"),"height"===t.message?(1e3<(r=parseInt(t.value,10))?r=1e3:~~r<200&&(r=200),s.height=r):"link"===t.message&&(r=new URL(s.getAttribute("src")),n=new URL(t.value),c.test(n.protocol))&&n.host===r.host&&l.activeElement===s&&(d.top.location.href=t.value))}},d.addEventListener("message",d.wp.receiveEmbedMessage,!1),l.addEventListener("DOMContentLoaded",function(){for(var e,t,s=l.querySelectorAll("iframe.wp-embedded-content"),r=0;r<s.length;r++)(t=(e=s[r]).getAttribute("data-secret"))||(t=Math.random().toString(36).substring(2,12),e.src+="#?secret="+t,e.setAttribute("data-secret",t)),e.contentWindow.postMessage({message:"ready",secret:t},"*")},!1)))}(window,document);
//# sourceURL=https://www.jazzzeitung.de/cms/wp-includes/js/wp-embed.min.js
/* ]]> */
</script>

Am 19. Juli findet in Hürth ein ganz besonderes Konzert statt, auf das wir gerne hinweisen &#8211; das Treffen dreier Generationen: Drei Musikerpersönlichkeiten vermengen sich zu einer neuen kreativen Emulsion mit Tendenz zur positiven Explosion. Drei persönliche Geschichten schichten neue Ebenen zu musikalischen Formen wie Tango, Jazz-Evergreens, Salonmusik, Spontanimprovisationen, Protestsongs und Songs á la Tom Waits. Rudi Carell hätte geträllert:„ Lass Dich überraschen“: fünfhundertfünundfünfzigtausendfünfhundertfünfundfünzig Möglichkeiten. Klaus der Geiger, einer der bekanntesten Straßenmusiker Deutschlands, für sein Lebenswerk längst schon geehrt, trifft auf einen mit zahlreichen Preisen ausgezeichneten aufstrebenden Musiker der Kölner Musikszene, Marius Peters. Ihr Programm umfasst Improvisationen, Stücke des Jazz Repertoires, vor allem aber die revolutionäre argentische Tangomusik Astor Piazzollas. Lebensgefühl, rhythmische Finesse &amp; ein vitaler Puls zeichnen seine Musik aus. Die Wurzeln des traditionellen Tangos werden erweitert &amp; immer stärker mit Elementen der Klassik, moderner Konzertmusik &amp; Jazz verwoben. Die Musiker widmen sich mit großer Spielfreude dieser Musik. Kennengelernt haben sie sich unmittelbar auf der Bühne während eines Konzertes. Harmonie &amp; spontane Interaktion stellten direkt eine Verbindung dar. Gemeinsam ist beiden zudem die akademische Ausbildung im Bereich Klassik und Jazz. Ihr kammermusikalisches Projekt mit Geige &amp; &hellip;
