{"version":"1.0","provider_name":"JazzZeitung","provider_url":"https:\/\/www.jazzzeitung.de\/cms","title":"\u201eKlassik meets Jazz\u201c beim Carl Bechstein Wettbewerb 2019 - JazzZeitung","type":"rich","width":600,"height":338,"html":"<blockquote class=\"wp-embedded-content\" data-secret=\"scwfJ3M2E9\"><a href=\"https:\/\/www.jazzzeitung.de\/cms\/2019\/06\/klassik-meets-jazz-im-carl-bechstein-wettbewerb-2019\/\">\u201eKlassik meets Jazz\u201c beim Carl Bechstein Wettbewerb 2019<\/a><\/blockquote><iframe sandbox=\"allow-scripts\" security=\"restricted\" src=\"https:\/\/www.jazzzeitung.de\/cms\/2019\/06\/klassik-meets-jazz-im-carl-bechstein-wettbewerb-2019\/embed\/#?secret=scwfJ3M2E9\" width=\"600\" height=\"338\" title=\"&#8222;\u201eKlassik meets Jazz\u201c beim Carl Bechstein Wettbewerb 2019&#8220; &#8211; JazzZeitung\" data-secret=\"scwfJ3M2E9\" frameborder=\"0\" marginwidth=\"0\" marginheight=\"0\" scrolling=\"no\" class=\"wp-embedded-content\"><\/iframe><script type=\"text\/javascript\">\n\/* <![CDATA[ *\/\n\/*! This file is auto-generated *\/\n!function(d,l){\"use strict\";l.querySelector&&d.addEventListener&&\"undefined\"!=typeof URL&&(d.wp=d.wp||{},d.wp.receiveEmbedMessage||(d.wp.receiveEmbedMessage=function(e){var t=e.data;if((t||t.secret||t.message||t.value)&&!\/[^a-zA-Z0-9]\/.test(t.secret)){for(var s,r,n,a=l.querySelectorAll('iframe[data-secret=\"'+t.secret+'\"]'),o=l.querySelectorAll('blockquote[data-secret=\"'+t.secret+'\"]'),c=new RegExp(\"^https?:$\",\"i\"),i=0;i<o.length;i++)o[i].style.display=\"none\";for(i=0;i<a.length;i++)s=a[i],e.source===s.contentWindow&&(s.removeAttribute(\"style\"),\"height\"===t.message?(1e3<(r=parseInt(t.value,10))?r=1e3:~~r<200&&(r=200),s.height=r):\"link\"===t.message&&(r=new URL(s.getAttribute(\"src\")),n=new URL(t.value),c.test(n.protocol))&&n.host===r.host&&l.activeElement===s&&(d.top.location.href=t.value))}},d.addEventListener(\"message\",d.wp.receiveEmbedMessage,!1),l.addEventListener(\"DOMContentLoaded\",function(){for(var e,t,s=l.querySelectorAll(\"iframe.wp-embedded-content\"),r=0;r<s.length;r++)(t=(e=s[r]).getAttribute(\"data-secret\"))||(t=Math.random().toString(36).substring(2,12),e.src+=\"#?secret=\"+t,e.setAttribute(\"data-secret\",t)),e.contentWindow.postMessage({message:\"ready\",secret:t},\"*\")},!1)))}(window,document);\n\/\/# sourceURL=https:\/\/www.jazzzeitung.de\/cms\/wp-includes\/js\/wp-embed.min.js\n\/* ]]> *\/\n<\/script>\n","thumbnail_url":"https:\/\/i0.wp.com\/www.jazzzeitung.de\/cms\/wp-content\/uploads\/2019\/05\/CBW_2019_promo-keyvisual.jpg?fit=620%2C330&ssl=1","thumbnail_width":620,"thumbnail_height":330,"description":"Der sechste Carl Bechstein Wettbewerb f\u00fcr Kinder und Jugendliche findet vom 1. bis 3. November 2019 im Kulturstall von Schloss Britz in Berlin-Neuk\u00f6lln statt. Er ist ausgeschrieben in der Wertung \u201eKlavier solo\u201c und richtet sich sowohl an junge Klassik- als auch an Jazz-Pianistinnen und Pianisten. Der Carl Bechstein Wettbewerb ist 2019 zum zweiten Mal ausgeschrieben in der Kategorie \u201eKlavier solo\u201c, allerdings verbindet er zum ersten Mal die Klassik und den Jazz. Damit wird bewusst Neuland in der Wettbewerbslandschaft betreten. Die Teilnehmenden dieser durchaus verschiedenen Kategorien treten zwar in unterschiedlichen Wertungsgruppen an, k\u00f6nnen einander aber trotzdem besser kennenlernen, voneinander profitieren und vielleicht sogar neue Freundschaften kn\u00fcpfen. Nach der spannenden Erfahrung des Jazz-Wettbewerbs 2018 wurde beschlossen, auch beim Wettbewerb 2019, der der Klassik gewidmet ist, ein Zeitfenster f\u00fcr junge Jazzmusikerinnen und Jazzmusiker anzubieten. Alle Teilnehmdenen treten mit ihrem gew\u00e4hlten Programm an. Klassiker erfahren, wie Jazzer ihre Musik auf der B\u00fchne pr\u00e4sentieren und umgekehrt. W\u00e4hrend es in der Wertung der klassischen Pianistinnen und Pianisten vier Altersgruppen geben wird, treten die Jazzerinnen und Jazzer in einer gemeinsamen Wertungsgruppe an. Die Jury vereint beide Kategorien. Klassik bleibt Klassik, Jazz bleibt &hellip;"}

Der sechste Carl Bechstein Wettbewerb für Kinder und Jugendliche findet vom 1. bis 3. November 2019 im Kulturstall von Schloss Britz in Berlin-Neukölln statt. Er ist ausgeschrieben in der Wertung „Klavier solo“ und richtet sich sowohl an junge Klassik- als auch an Jazz-Pianistinnen und Pianisten. Der Carl Bechstein Wettbewerb ist 2019 zum zweiten Mal ausgeschrieben in der Kategorie „Klavier solo“, allerdings verbindet er zum ersten Mal die Klassik und den Jazz. Damit wird bewusst Neuland in der Wettbewerbslandschaft betreten. Die Teilnehmenden dieser durchaus verschiedenen Kategorien treten zwar in unterschiedlichen Wertungsgruppen an, können einander aber trotzdem besser kennenlernen, voneinander profitieren und vielleicht sogar neue Freundschaften knüpfen. Nach der spannenden Erfahrung des Jazz-Wettbewerbs 2018 wurde beschlossen, auch beim Wettbewerb 2019, der der Klassik gewidmet ist, ein Zeitfenster für junge Jazzmusikerinnen und Jazzmusiker anzubieten. Alle Teilnehmdenen treten mit ihrem gewählten Programm an. Klassiker erfahren, wie Jazzer ihre Musik auf der Bühne präsentieren und umgekehrt. Während es in der Wertung der klassischen Pianistinnen und Pianisten vier Altersgruppen geben wird, treten die Jazzerinnen und Jazzer in einer gemeinsamen Wertungsgruppe an. Die Jury vereint beide Kategorien. Klassik bleibt Klassik, Jazz bleibt &hellip;
