{"version":"1.0","provider_name":"JazzZeitung","provider_url":"https:\/\/www.jazzzeitung.de\/cms","author_name":"Redaktion JazzZeitung","author_url":"https:\/\/www.jazzzeitung.de\/cms\/author\/redaktion\/","title":"Yonathan Avishai mit seinem Trio im Jazzclub Unterfahrt - JazzZeitung","type":"rich","width":600,"height":338,"html":"<blockquote class=\"wp-embedded-content\" data-secret=\"m5R2ydT6Jc\"><a href=\"https:\/\/www.jazzzeitung.de\/cms\/2019\/01\/yonathan-avishai-mit-seinem-trio-im-jazzclub-unterfahrt\/\">Yonathan Avishai mit seinem Trio im Jazzclub Unterfahrt<\/a><\/blockquote><iframe sandbox=\"allow-scripts\" security=\"restricted\" src=\"https:\/\/www.jazzzeitung.de\/cms\/2019\/01\/yonathan-avishai-mit-seinem-trio-im-jazzclub-unterfahrt\/embed\/#?secret=m5R2ydT6Jc\" width=\"600\" height=\"338\" title=\"&#8222;Yonathan Avishai mit seinem Trio im Jazzclub Unterfahrt&#8220; &#8211; JazzZeitung\" data-secret=\"m5R2ydT6Jc\" frameborder=\"0\" marginwidth=\"0\" marginheight=\"0\" scrolling=\"no\" class=\"wp-embedded-content\"><\/iframe><script type=\"text\/javascript\">\n\/* <![CDATA[ *\/\n\/*! This file is auto-generated *\/\n!function(d,l){\"use strict\";l.querySelector&&d.addEventListener&&\"undefined\"!=typeof URL&&(d.wp=d.wp||{},d.wp.receiveEmbedMessage||(d.wp.receiveEmbedMessage=function(e){var t=e.data;if((t||t.secret||t.message||t.value)&&!\/[^a-zA-Z0-9]\/.test(t.secret)){for(var s,r,n,a=l.querySelectorAll('iframe[data-secret=\"'+t.secret+'\"]'),o=l.querySelectorAll('blockquote[data-secret=\"'+t.secret+'\"]'),c=new RegExp(\"^https?:$\",\"i\"),i=0;i<o.length;i++)o[i].style.display=\"none\";for(i=0;i<a.length;i++)s=a[i],e.source===s.contentWindow&&(s.removeAttribute(\"style\"),\"height\"===t.message?(1e3<(r=parseInt(t.value,10))?r=1e3:~~r<200&&(r=200),s.height=r):\"link\"===t.message&&(r=new URL(s.getAttribute(\"src\")),n=new URL(t.value),c.test(n.protocol))&&n.host===r.host&&l.activeElement===s&&(d.top.location.href=t.value))}},d.addEventListener(\"message\",d.wp.receiveEmbedMessage,!1),l.addEventListener(\"DOMContentLoaded\",function(){for(var e,t,s=l.querySelectorAll(\"iframe.wp-embedded-content\"),r=0;r<s.length;r++)(t=(e=s[r]).getAttribute(\"data-secret\"))||(t=Math.random().toString(36).substring(2,12),e.src+=\"#?secret=\"+t,e.setAttribute(\"data-secret\",t)),e.contentWindow.postMessage({message:\"ready\",secret:t},\"*\")},!1)))}(window,document);\n\/\/# sourceURL=https:\/\/www.jazzzeitung.de\/cms\/wp-includes\/js\/wp-embed.min.js\n\/* ]]> *\/\n<\/script>\n","thumbnail_url":"https:\/\/i0.wp.com\/www.jazzzeitung.de\/cms\/wp-content\/uploads\/2019\/01\/Yonathan-Avishai-Trio-mit-Uli-Habersetzer-Foto-TJ-Krebs-jazzphotoagency@web.de_.jpg?fit=1800%2C1200&ssl=1","thumbnail_width":1800,"thumbnail_height":1200,"description":"Letzte Woche gastierte das Yonathan Avishai Trio im M\u00fcnchner Jazzclub Unterfahrt. Als Pianist bei Avishai Cohen war er an dessen ECM Alben \u201eInto The Silence\u201c und \u201eCross My Palm With Silver\u201c mit beteiligt, w\u00e4hrend Yonathan Avishai selbst seit \u00fcber 5 Jahren mit seinem eigenen Piano-Trio die Klangwelt der 88 Tasten erkundet und weiter entwickelt. Im ersten Set des Abends pr\u00e4sentierte das Trio ihre neue CD \u201eJoys and Solitudes\u201c, die Ende des Monats auf dem Label ECM erscheinen wird. Im zweiten Set schlie\u00dflich spielte das Trio eine Mischung aus \u00e4lteren Originals aus der Feder Avishais, sowie ein paar einzigartig arrangierte Standards. Den gesamten Abend \u00fcber vermittelte das Trio eine leichte, federnde Spannung mit immer wieder leisen, aber eindringlichen \u00dcberraschungsmomenten. Kongenial begleitet wurde der in Israel geborene und mittlerweile im Pariser Umland ans\u00e4ssige Yonathan Avishai dabei von Yoni Zelnik am Bass sowie dem Schlagzeuger Donald Kontomanou. Was sofort auffiel war die extrem lyrische Art, mit dem das Trio ihren H\u00f6rern im Spiel begegnete. Standards wie Ellingtons \u201eMood Indigo\u201c oder John Lewis \u201eDjango\u201c wurden harmonisch geradezu seziert, mit viel Raum f\u00fcr den Klang, fast meditativ gespielt, w\u00e4hrend Originalkompositionen &hellip;"}

Letzte Woche gastierte das Yonathan Avishai Trio im Münchner Jazzclub Unterfahrt. Als Pianist bei Avishai Cohen war er an dessen ECM Alben „Into The Silence“ und „Cross My Palm With Silver“ mit beteiligt, während Yonathan Avishai selbst seit über 5 Jahren mit seinem eigenen Piano-Trio die Klangwelt der 88 Tasten erkundet und weiter entwickelt. Im ersten Set des Abends präsentierte das Trio ihre neue CD „Joys and Solitudes“, die Ende des Monats auf dem Label ECM erscheinen wird. Im zweiten Set schließlich spielte das Trio eine Mischung aus älteren Originals aus der Feder Avishais, sowie ein paar einzigartig arrangierte Standards. Den gesamten Abend über vermittelte das Trio eine leichte, federnde Spannung mit immer wieder leisen, aber eindringlichen Überraschungsmomenten. Kongenial begleitet wurde der in Israel geborene und mittlerweile im Pariser Umland ansässige Yonathan Avishai dabei von Yoni Zelnik am Bass sowie dem Schlagzeuger Donald Kontomanou. Was sofort auffiel war die extrem lyrische Art, mit dem das Trio ihren Hörern im Spiel begegnete. Standards wie Ellingtons „Mood Indigo“ oder John Lewis „Django“ wurden harmonisch geradezu seziert, mit viel Raum für den Klang, fast meditativ gespielt, während Originalkompositionen &hellip;
