{"version":"1.0","provider_name":"JazzZeitung","provider_url":"https:\/\/www.jazzzeitung.de\/cms","author_name":"Redaktion JazzZeitung","author_url":"https:\/\/www.jazzzeitung.de\/cms\/author\/redaktion\/","title":"+++Michael Keul in Weiden+++Martin Auer in Freising+++ - JazzZeitung","type":"rich","width":600,"height":338,"html":"<blockquote class=\"wp-embedded-content\" data-secret=\"WLoNtmgqBC\"><a href=\"https:\/\/www.jazzzeitung.de\/cms\/2018\/12\/michael-keul-in-weidenmartin-auer-in-freising\/\">+++Michael Keul in Weiden+++Martin Auer in Freising+++<\/a><\/blockquote><iframe sandbox=\"allow-scripts\" security=\"restricted\" src=\"https:\/\/www.jazzzeitung.de\/cms\/2018\/12\/michael-keul-in-weidenmartin-auer-in-freising\/embed\/#?secret=WLoNtmgqBC\" width=\"600\" height=\"338\" title=\"&#8222;+++Michael Keul in Weiden+++Martin Auer in Freising+++&#8220; &#8211; JazzZeitung\" data-secret=\"WLoNtmgqBC\" frameborder=\"0\" marginwidth=\"0\" marginheight=\"0\" scrolling=\"no\" class=\"wp-embedded-content\"><\/iframe><script type=\"text\/javascript\">\n\/* <![CDATA[ *\/\n\/*! This file is auto-generated *\/\n!function(d,l){\"use strict\";l.querySelector&&d.addEventListener&&\"undefined\"!=typeof URL&&(d.wp=d.wp||{},d.wp.receiveEmbedMessage||(d.wp.receiveEmbedMessage=function(e){var t=e.data;if((t||t.secret||t.message||t.value)&&!\/[^a-zA-Z0-9]\/.test(t.secret)){for(var s,r,n,a=l.querySelectorAll('iframe[data-secret=\"'+t.secret+'\"]'),o=l.querySelectorAll('blockquote[data-secret=\"'+t.secret+'\"]'),c=new RegExp(\"^https?:$\",\"i\"),i=0;i<o.length;i++)o[i].style.display=\"none\";for(i=0;i<a.length;i++)s=a[i],e.source===s.contentWindow&&(s.removeAttribute(\"style\"),\"height\"===t.message?(1e3<(r=parseInt(t.value,10))?r=1e3:~~r<200&&(r=200),s.height=r):\"link\"===t.message&&(r=new URL(s.getAttribute(\"src\")),n=new URL(t.value),c.test(n.protocol))&&n.host===r.host&&l.activeElement===s&&(d.top.location.href=t.value))}},d.addEventListener(\"message\",d.wp.receiveEmbedMessage,!1),l.addEventListener(\"DOMContentLoaded\",function(){for(var e,t,s=l.querySelectorAll(\"iframe.wp-embedded-content\"),r=0;r<s.length;r++)(t=(e=s[r]).getAttribute(\"data-secret\"))||(t=Math.random().toString(36).substring(2,12),e.src+=\"#?secret=\"+t,e.setAttribute(\"data-secret\",t)),e.contentWindow.postMessage({message:\"ready\",secret:t},\"*\")},!1)))}(window,document);\n\/\/# sourceURL=https:\/\/www.jazzzeitung.de\/cms\/wp-includes\/js\/wp-embed.min.js\n\/* ]]> *\/\n<\/script>\n","thumbnail_url":"https:\/\/i0.wp.com\/www.jazzzeitung.de\/cms\/wp-content\/uploads\/2018\/11\/auer-martinPB.jpg?fit=1300%2C709&ssl=1","thumbnail_width":1300,"thumbnail_height":709,"description":"Jazzzirkel Weiden pr\u00e4sentiert: Klavier und Vibraphon mit JPEK Mainstream JPEK Mainstream, das sind Tizian Jost (Vibraphon),\u00a0Bernhard Pichl (Piano), Rudi Engel (Bass) und Michael Keul\u00a0 am Drumset. Die Besetzung dieses Ensembles wird Jazzkenner an das legend\u00e4re MODERN JAZZ QUARTET erinnern, das seit den 50er Jahren Jahrzehnte hinweg zum Ma\u00dfstab f\u00fcr hoch\u00e4sthetischen, kammermusikalischen Jazz wurde. So hatte der Schlagzeuger Michael Keul die Idee, diese legend\u00e4re Formation mit der reizvollen, eher seltenen Kombination von Klavier und Vibraphon, musikalisch wieder auferstehen zu lassen. Am Freitag, 14. Dezember 2018, 20:00 Uhr, gibt es im BISTROT PARIS in Weiden Bearbeitungen von bekannten Standards in einem\u00a0neuen rhythmischen Gewand sowie mitrei\u00dfende Eigenkompositionen zu h\u00f6ren. www.jazz-zirkel-weiden.de www.tizian-jost.de www.bernhardpichl.com www.michaelkeuldrums.de &nbsp; JazzTime Freising pr\u00e4sentiert: Das Martin Auer Quintett Am Freitag den 7. Februar gastiert, auf Einladung von 3klang e.V., in der Reihe JazzTime Freising, das Martin Auer Quintett in der Domstadt. Der Trompeter Martin Auer hat seit vielen Jahren das Gl\u00fcck, nicht nur mit vier au\u00dfergew\u00f6hnlichen Musikerpers\u00f6nlichkeiten zusammen musizieren zu d\u00fcrfen, sondern seine Mitstreiter auch zu seinen besten Freunden zu z\u00e4hlen. Seit der Gr\u00fcndung 1995 haben er sowie Florian Tr\u00fcbsbach (sx), Jan Eschke (p), Andreas &hellip;"}

Jazzzirkel Weiden präsentiert: Klavier und Vibraphon mit JPEK Mainstream JPEK Mainstream, das sind Tizian Jost (Vibraphon), Bernhard Pichl (Piano), Rudi Engel (Bass) und Michael Keul  am Drumset. Die Besetzung dieses Ensembles wird Jazzkenner an das legendäre MODERN JAZZ QUARTET erinnern, das seit den 50er Jahren Jahrzehnte hinweg zum Maßstab für hochästhetischen, kammermusikalischen Jazz wurde. So hatte der Schlagzeuger Michael Keul die Idee, diese legendäre Formation mit der reizvollen, eher seltenen Kombination von Klavier und Vibraphon, musikalisch wieder auferstehen zu lassen. Am Freitag, 14. Dezember 2018, 20:00 Uhr, gibt es im BISTROT PARIS in Weiden Bearbeitungen von bekannten Standards in einem neuen rhythmischen Gewand sowie mitreißende Eigenkompositionen zu hören. www.jazz-zirkel-weiden.de www.tizian-jost.de www.bernhardpichl.com www.michaelkeuldrums.de &nbsp; JazzTime Freising präsentiert: Das Martin Auer Quintett Am Freitag den 7. Februar gastiert, auf Einladung von 3klang e.V., in der Reihe JazzTime Freising, das Martin Auer Quintett in der Domstadt. Der Trompeter Martin Auer hat seit vielen Jahren das Glück, nicht nur mit vier außergewöhnlichen Musikerpersönlichkeiten zusammen musizieren zu dürfen, sondern seine Mitstreiter auch zu seinen besten Freunden zu zählen. Seit der Gründung 1995 haben er sowie Florian Trübsbach (sx), Jan Eschke (p), Andreas &hellip;
