{"version":"1.0","provider_name":"JazzZeitung","provider_url":"https:\/\/www.jazzzeitung.de\/cms","author_name":"Redaktion JazzZeitung","author_url":"https:\/\/www.jazzzeitung.de\/cms\/author\/redaktion\/","title":"Jasper van\u2019t Hof & Heinz Sauer im Kallmann Museum - JazzZeitung","type":"rich","width":600,"height":338,"html":"<blockquote class=\"wp-embedded-content\" data-secret=\"eqaNgK8sDf\"><a href=\"https:\/\/www.jazzzeitung.de\/cms\/2018\/12\/jasper-vant-hof-heinz-sauer-im-kallmann-museum\/\">Jasper van\u2019t Hof &#038; Heinz Sauer im Kallmann Museum<\/a><\/blockquote><iframe sandbox=\"allow-scripts\" security=\"restricted\" src=\"https:\/\/www.jazzzeitung.de\/cms\/2018\/12\/jasper-vant-hof-heinz-sauer-im-kallmann-museum\/embed\/#?secret=eqaNgK8sDf\" width=\"600\" height=\"338\" title=\"&#8222;Jasper van\u2019t Hof &#038; Heinz Sauer im Kallmann Museum&#8220; &#8211; JazzZeitung\" data-secret=\"eqaNgK8sDf\" frameborder=\"0\" marginwidth=\"0\" marginheight=\"0\" scrolling=\"no\" class=\"wp-embedded-content\"><\/iframe><script type=\"text\/javascript\">\n\/* <![CDATA[ *\/\n\/*! This file is auto-generated *\/\n!function(d,l){\"use strict\";l.querySelector&&d.addEventListener&&\"undefined\"!=typeof URL&&(d.wp=d.wp||{},d.wp.receiveEmbedMessage||(d.wp.receiveEmbedMessage=function(e){var t=e.data;if((t||t.secret||t.message||t.value)&&!\/[^a-zA-Z0-9]\/.test(t.secret)){for(var s,r,n,a=l.querySelectorAll('iframe[data-secret=\"'+t.secret+'\"]'),o=l.querySelectorAll('blockquote[data-secret=\"'+t.secret+'\"]'),c=new RegExp(\"^https?:$\",\"i\"),i=0;i<o.length;i++)o[i].style.display=\"none\";for(i=0;i<a.length;i++)s=a[i],e.source===s.contentWindow&&(s.removeAttribute(\"style\"),\"height\"===t.message?(1e3<(r=parseInt(t.value,10))?r=1e3:~~r<200&&(r=200),s.height=r):\"link\"===t.message&&(r=new URL(s.getAttribute(\"src\")),n=new URL(t.value),c.test(n.protocol))&&n.host===r.host&&l.activeElement===s&&(d.top.location.href=t.value))}},d.addEventListener(\"message\",d.wp.receiveEmbedMessage,!1),l.addEventListener(\"DOMContentLoaded\",function(){for(var e,t,s=l.querySelectorAll(\"iframe.wp-embedded-content\"),r=0;r<s.length;r++)(t=(e=s[r]).getAttribute(\"data-secret\"))||(t=Math.random().toString(36).substring(2,12),e.src+=\"#?secret=\"+t,e.setAttribute(\"data-secret\",t)),e.contentWindow.postMessage({message:\"ready\",secret:t},\"*\")},!1)))}(window,document);\n\/\/# sourceURL=https:\/\/www.jazzzeitung.de\/cms\/wp-includes\/js\/wp-embed.min.js\n\/* ]]> *\/\n<\/script>\n","thumbnail_url":"https:\/\/i0.wp.com\/www.jazzzeitung.de\/cms\/wp-content\/uploads\/2018\/12\/duo-Neu-1.jpg?fit=454%2C302&ssl=1","thumbnail_width":454,"thumbnail_height":302,"description":"Ismaning, Freitag Abend: Die Fahrt dorthin ein absoluter verkehrstechnischer Albtraum! Nach Stau, Flug- und S-Bahnversp\u00e4tung trafen die K\u00fcnstler sp\u00e4t, aber gl\u00fccklicherweise rechtzeitig ein. Heute Abend im Kallmann Museum auf dem Programm ein \u201eunplugged Set\u201c der beiden gro\u00dfen Improvisatoren des Jazz, dem Pianisten Jasper van\u2019t Hof und Heinz Sauer am Tenorsaxophon. Ein schneller Check noch vor dem Konzert \u2026 Themen kurz angespielt, ein paar Notizen, Setlist zusammen gestellt, alles gut! P\u00fcnktlich ging es dann los. Bis auf den letzten Platz ausverkauft, sehr intimer Rahmen im Konzertraum des Museums! Vor nunmehr 35 Jahren trafen van\u2019t Hof und Sauer zum ersten Mal beim Jazzfestival in der Hamburger Fabrik aufeinander. Weitere zehn Jahre verstrichen bis die beiden wieder zusammen fanden, und nun musizieren sie in regelm\u00e4\u00dfigen Abst\u00e4nden, wenn die Termine passen. Ein Gipfeltreffen zweier Titanen, die traumwanderlisch zusammen musizieren, aufeinander h\u00f6ren, reagieren und improvisieren. Kraftvoll, ungez\u00fcgelt und kompromisslos spielten die beiden eigene Kompositionen wie \u201eThe Preacher\u201c, \u201eMerel\u201c oder das beeindruckende Schlussst\u00fcck \u201ePeace\u201c. Das Publikum erlebte pointierte, intensive Konversationen der beiden Ausnahmemusiker auf ihren Instrumenten. Auch ohne Synthesizer und Elektronik sorgte van\u2019t Hof mal f\u00fcr verfremdete Kl\u00e4nge an seinem Piano, &hellip;"}

Ismaning, Freitag Abend: Die Fahrt dorthin ein absoluter verkehrstechnischer Albtraum! Nach Stau, Flug- und S-Bahnverspätung trafen die Künstler spät, aber glücklicherweise rechtzeitig ein. Heute Abend im Kallmann Museum auf dem Programm ein „unplugged Set“ der beiden großen Improvisatoren des Jazz, dem Pianisten Jasper van’t Hof und Heinz Sauer am Tenorsaxophon. Ein schneller Check noch vor dem Konzert … Themen kurz angespielt, ein paar Notizen, Setlist zusammen gestellt, alles gut! Pünktlich ging es dann los. Bis auf den letzten Platz ausverkauft, sehr intimer Rahmen im Konzertraum des Museums! Vor nunmehr 35 Jahren trafen van’t Hof und Sauer zum ersten Mal beim Jazzfestival in der Hamburger Fabrik aufeinander. Weitere zehn Jahre verstrichen bis die beiden wieder zusammen fanden, und nun musizieren sie in regelmäßigen Abständen, wenn die Termine passen. Ein Gipfeltreffen zweier Titanen, die traumwanderlisch zusammen musizieren, aufeinander hören, reagieren und improvisieren. Kraftvoll, ungezügelt und kompromisslos spielten die beiden eigene Kompositionen wie „The Preacher“, „Merel“ oder das beeindruckende Schlussstück „Peace“. Das Publikum erlebte pointierte, intensive Konversationen der beiden Ausnahmemusiker auf ihren Instrumenten. Auch ohne Synthesizer und Elektronik sorgte van’t Hof mal für verfremdete Klänge an seinem Piano, &hellip;
