{"version":"1.0","provider_name":"JazzZeitung","provider_url":"https:\/\/www.jazzzeitung.de\/cms","author_name":"Redaktion JazzZeitung","author_url":"https:\/\/www.jazzzeitung.de\/cms\/author\/redaktion\/","title":"Nachlese: Jazz & The City Salzburg 2018 - JazzZeitung","type":"rich","width":600,"height":338,"html":"<blockquote class=\"wp-embedded-content\" data-secret=\"hGkVs29mE1\"><a href=\"https:\/\/www.jazzzeitung.de\/cms\/2018\/10\/nachlese-jazz-the-city-salzburg-2018\/\">Nachlese: Jazz &#038; The City Salzburg 2018<\/a><\/blockquote><iframe sandbox=\"allow-scripts\" security=\"restricted\" src=\"https:\/\/www.jazzzeitung.de\/cms\/2018\/10\/nachlese-jazz-the-city-salzburg-2018\/embed\/#?secret=hGkVs29mE1\" width=\"600\" height=\"338\" title=\"&#8222;Nachlese: Jazz &#038; The City Salzburg 2018&#8220; &#8211; JazzZeitung\" data-secret=\"hGkVs29mE1\" frameborder=\"0\" marginwidth=\"0\" marginheight=\"0\" scrolling=\"no\" class=\"wp-embedded-content\"><\/iframe><script type=\"text\/javascript\">\n\/* <![CDATA[ *\/\n\/*! This file is auto-generated *\/\n!function(d,l){\"use strict\";l.querySelector&&d.addEventListener&&\"undefined\"!=typeof URL&&(d.wp=d.wp||{},d.wp.receiveEmbedMessage||(d.wp.receiveEmbedMessage=function(e){var t=e.data;if((t||t.secret||t.message||t.value)&&!\/[^a-zA-Z0-9]\/.test(t.secret)){for(var s,r,n,a=l.querySelectorAll('iframe[data-secret=\"'+t.secret+'\"]'),o=l.querySelectorAll('blockquote[data-secret=\"'+t.secret+'\"]'),c=new RegExp(\"^https?:$\",\"i\"),i=0;i<o.length;i++)o[i].style.display=\"none\";for(i=0;i<a.length;i++)s=a[i],e.source===s.contentWindow&&(s.removeAttribute(\"style\"),\"height\"===t.message?(1e3<(r=parseInt(t.value,10))?r=1e3:~~r<200&&(r=200),s.height=r):\"link\"===t.message&&(r=new URL(s.getAttribute(\"src\")),n=new URL(t.value),c.test(n.protocol))&&n.host===r.host&&l.activeElement===s&&(d.top.location.href=t.value))}},d.addEventListener(\"message\",d.wp.receiveEmbedMessage,!1),l.addEventListener(\"DOMContentLoaded\",function(){for(var e,t,s=l.querySelectorAll(\"iframe.wp-embedded-content\"),r=0;r<s.length;r++)(t=(e=s[r]).getAttribute(\"data-secret\"))||(t=Math.random().toString(36).substring(2,12),e.src+=\"#?secret=\"+t,e.setAttribute(\"data-secret\",t)),e.contentWindow.postMessage({message:\"ready\",secret:t},\"*\")},!1)))}(window,document);\n\/\/# sourceURL=https:\/\/www.jazzzeitung.de\/cms\/wp-includes\/js\/wp-embed.min.js\n\/* ]]> *\/\n<\/script>\n","thumbnail_url":"https:\/\/i0.wp.com\/www.jazzzeitung.de\/cms\/wp-content\/uploads\/2018\/10\/DSC06776-Samb-c-Ralf-Dombrowski.jpg?fit=1280%2C857&ssl=1","thumbnail_width":1280,"thumbnail_height":857,"description":"Text und Fotos von Ralf Dombrowski. Schon faszinierend, eine Stadt, der man architektonisch anmerkt, dass sie Musik mag. Ein Saal wie das Solit\u00e4r im Neubau des Mozarteums mit gro\u00dfem Panoramafenster Richtung M\u00f6nchsberg w\u00e4re andernorts wom\u00f6glich Immobilienspekulanten zum Opfer gefallen, denn exklusiver geht es kaum. Salzburg aber leistet sich Musik, angedockt an den feudalen Park des Schlosses Mirabell, in Rufn\u00e4he zum Stadttheater. Tina Heine wiederum, die nun zum dritten Mal das Programm von \u201eJazz &amp; The City\u201c verantwortet, wei\u00df genau, dass so ein Raum nach Hochkultur lechzt und sorgt daf\u00fcr, dass er am wichtigen Finalsamstag des Festivals auch mit passenden Projekten bespielt wird. Da ist zum Beispiel die Pianistin Tamar Halperin, die sich im Duo mit dem allerdings sehr dezent agierenden Elektroniker Guy Sternberg Satie, Cage, Corea widmet. Das hat zwar wenig mit dem Kerngesch\u00e4ft des Jazz zu tun, bietet daf\u00fcr aber die M\u00f6glichkeit, vor allem die Miniaturen des franz\u00f6sischen Exzentrikers in einem textur-\u00fcbergreifend atmosph\u00e4rischen Zusammenhang zu erleben, mit Blick auf das erleuchtete Kunstmuseum am M\u00f6nchsberg, das in der fr\u00fchen Abendstunde wie ein Raumschiff in der Dunkelheit schwebt. Danach dann einer der H\u00f6hepunkte des Festivals. Der &hellip;"}

Text und Fotos von Ralf Dombrowski. Schon faszinierend, eine Stadt, der man architektonisch anmerkt, dass sie Musik mag. Ein Saal wie das Solitär im Neubau des Mozarteums mit großem Panoramafenster Richtung Mönchsberg wäre andernorts womöglich Immobilienspekulanten zum Opfer gefallen, denn exklusiver geht es kaum. Salzburg aber leistet sich Musik, angedockt an den feudalen Park des Schlosses Mirabell, in Rufnähe zum Stadttheater. Tina Heine wiederum, die nun zum dritten Mal das Programm von „Jazz &amp; The City“ verantwortet, weiß genau, dass so ein Raum nach Hochkultur lechzt und sorgt dafür, dass er am wichtigen Finalsamstag des Festivals auch mit passenden Projekten bespielt wird. Da ist zum Beispiel die Pianistin Tamar Halperin, die sich im Duo mit dem allerdings sehr dezent agierenden Elektroniker Guy Sternberg Satie, Cage, Corea widmet. Das hat zwar wenig mit dem Kerngeschäft des Jazz zu tun, bietet dafür aber die Möglichkeit, vor allem die Miniaturen des französischen Exzentrikers in einem textur-übergreifend atmosphärischen Zusammenhang zu erleben, mit Blick auf das erleuchtete Kunstmuseum am Mönchsberg, das in der frühen Abendstunde wie ein Raumschiff in der Dunkelheit schwebt. Danach dann einer der Höhepunkte des Festivals. Der &hellip;
