{"version":"1.0","provider_name":"JazzZeitung","provider_url":"https:\/\/www.jazzzeitung.de\/cms","author_name":"Redaktion JazzZeitung","author_url":"https:\/\/www.jazzzeitung.de\/cms\/author\/redaktion\/","title":"Save the date: der Jazzclub Regensburg wird 30 - JazzZeitung","type":"rich","width":600,"height":338,"html":"<blockquote class=\"wp-embedded-content\" data-secret=\"FAgpDlBNbf\"><a href=\"https:\/\/www.jazzzeitung.de\/cms\/2017\/10\/save-the-date-der-jazzclub-regensburg-wird-30\/\">Save the date: der Jazzclub Regensburg wird 30<\/a><\/blockquote><iframe sandbox=\"allow-scripts\" security=\"restricted\" src=\"https:\/\/www.jazzzeitung.de\/cms\/2017\/10\/save-the-date-der-jazzclub-regensburg-wird-30\/embed\/#?secret=FAgpDlBNbf\" width=\"600\" height=\"338\" title=\"&#8222;Save the date: der Jazzclub Regensburg wird 30&#8220; &#8211; JazzZeitung\" data-secret=\"FAgpDlBNbf\" frameborder=\"0\" marginwidth=\"0\" marginheight=\"0\" scrolling=\"no\" class=\"wp-embedded-content\"><\/iframe><script type=\"text\/javascript\">\n\/* <![CDATA[ *\/\n\/*! This file is auto-generated *\/\n!function(d,l){\"use strict\";l.querySelector&&d.addEventListener&&\"undefined\"!=typeof URL&&(d.wp=d.wp||{},d.wp.receiveEmbedMessage||(d.wp.receiveEmbedMessage=function(e){var t=e.data;if((t||t.secret||t.message||t.value)&&!\/[^a-zA-Z0-9]\/.test(t.secret)){for(var s,r,n,a=l.querySelectorAll('iframe[data-secret=\"'+t.secret+'\"]'),o=l.querySelectorAll('blockquote[data-secret=\"'+t.secret+'\"]'),c=new RegExp(\"^https?:$\",\"i\"),i=0;i<o.length;i++)o[i].style.display=\"none\";for(i=0;i<a.length;i++)s=a[i],e.source===s.contentWindow&&(s.removeAttribute(\"style\"),\"height\"===t.message?(1e3<(r=parseInt(t.value,10))?r=1e3:~~r<200&&(r=200),s.height=r):\"link\"===t.message&&(r=new URL(s.getAttribute(\"src\")),n=new URL(t.value),c.test(n.protocol))&&n.host===r.host&&l.activeElement===s&&(d.top.location.href=t.value))}},d.addEventListener(\"message\",d.wp.receiveEmbedMessage,!1),l.addEventListener(\"DOMContentLoaded\",function(){for(var e,t,s=l.querySelectorAll(\"iframe.wp-embedded-content\"),r=0;r<s.length;r++)(t=(e=s[r]).getAttribute(\"data-secret\"))||(t=Math.random().toString(36).substring(2,12),e.src+=\"#?secret=\"+t,e.setAttribute(\"data-secret\",t)),e.contentWindow.postMessage({message:\"ready\",secret:t},\"*\")},!1)))}(window,document);\n\/\/# sourceURL=https:\/\/www.jazzzeitung.de\/cms\/wp-includes\/js\/wp-embed.min.js\n\/* ]]> *\/\n<\/script>\n","thumbnail_url":"https:\/\/i0.wp.com\/www.jazzzeitung.de\/cms\/wp-content\/uploads\/2017\/10\/Pablo-Held-Trio-Wald-73423.jpg?fit=2953%2C1969&ssl=1","thumbnail_width":2953,"thumbnail_height":1969,"description":"Seit 30 Jahren steht der Jazzclub Regensburg f\u00fcr ein genauso hochkar\u00e4tiges, wie abwechslungsreiches Live-Programm. In diesem Herbst wird die bayerische Musikinstitution 30 Jahre alt \u2013 gefeiert wird im November. Seit 1987 hat der Jazz in Regensburg ein Zuhause \u2013im Jazzclub Regensburg, angesiedelt im historischen Gem\u00e4uer des Kulturzentrums \u201eLeerer Beutel\u201c (Bertoldstra\u00dfe 9). Rund 2.000 Konzerte fanden seit der Gr\u00fcndung vor 30 Jahren statt. Dazu geh\u00f6ren Auftritte von nationalen und internationalen Acts, von Stars, Legenden und Newcomern. Darunter finden sich so klangvolle Namen wie Rebecca Bakken, Barbara Thompson, Peter Herbolzheimer, Til Br\u00f6nner, Albert Mangelsdorff, Art Farmer, Cecil Taylor und Jan Gabarek. Derzeit stellt das Jazzclub-Team pro Jahr rund 70 Konzerte auf die Beine. Da die allermeisten Konzerte auf zufriedenstellenden bis sehr guten Zuschauerzuspruch sto\u00dfen, kann man sagen: Regensburg ist eine echte Jazz-Stadt \u2013 nicht zuletzt durch den Jazzclub Regensburg. Anita Keuchl, die als 2. Vorstand f\u00fcr die Finanzen und das Rech-nungswesen zust\u00e4ndig ist, stellt fest: \u201eMit konstant um die 750 Mitgliedern ist der Jazzclub Regensburg einer der gr\u00f6\u00dften in Deutschland. Die ehrenamtlich geleisteten ca. 5.000 Stunden pro Jahr sowie eine solide finanzielle Basis bei Ums\u00e4tzen im sechsstelligen &hellip;"}

Seit 30 Jahren steht der Jazzclub Regensburg für ein genauso hochkarätiges, wie abwechslungsreiches Live-Programm. In diesem Herbst wird die bayerische Musikinstitution 30 Jahre alt – gefeiert wird im November. Seit 1987 hat der Jazz in Regensburg ein Zuhause –im Jazzclub Regensburg, angesiedelt im historischen Gemäuer des Kulturzentrums „Leerer Beutel“ (Bertoldstraße 9). Rund 2.000 Konzerte fanden seit der Gründung vor 30 Jahren statt. Dazu gehören Auftritte von nationalen und internationalen Acts, von Stars, Legenden und Newcomern. Darunter finden sich so klangvolle Namen wie Rebecca Bakken, Barbara Thompson, Peter Herbolzheimer, Til Brönner, Albert Mangelsdorff, Art Farmer, Cecil Taylor und Jan Gabarek. Derzeit stellt das Jazzclub-Team pro Jahr rund 70 Konzerte auf die Beine. Da die allermeisten Konzerte auf zufriedenstellenden bis sehr guten Zuschauerzuspruch stoßen, kann man sagen: Regensburg ist eine echte Jazz-Stadt – nicht zuletzt durch den Jazzclub Regensburg. Anita Keuchl, die als 2. Vorstand für die Finanzen und das Rech-nungswesen zuständig ist, stellt fest: „Mit konstant um die 750 Mitgliedern ist der Jazzclub Regensburg einer der größten in Deutschland. Die ehrenamtlich geleisteten ca. 5.000 Stunden pro Jahr sowie eine solide finanzielle Basis bei Umsätzen im sechsstelligen &hellip;
