{"version":"1.0","provider_name":"JazzZeitung","provider_url":"https:\/\/www.jazzzeitung.de\/cms","author_name":"Redaktion JazzZeitung","author_url":"https:\/\/www.jazzzeitung.de\/cms\/author\/redaktion\/","title":"Bildergalerie: 1. Achava Jazz Award verliehen - JazzZeitung","type":"rich","width":600,"height":338,"html":"<blockquote class=\"wp-embedded-content\" data-secret=\"061qTUTWKa\"><a href=\"https:\/\/www.jazzzeitung.de\/cms\/2017\/09\/bildergalerie-1-achava-jazz-award-verliehen\/\">Bildergalerie: 1. Achava Jazz Award verliehen<\/a><\/blockquote><iframe sandbox=\"allow-scripts\" security=\"restricted\" src=\"https:\/\/www.jazzzeitung.de\/cms\/2017\/09\/bildergalerie-1-achava-jazz-award-verliehen\/embed\/#?secret=061qTUTWKa\" width=\"600\" height=\"338\" title=\"&#8222;Bildergalerie: 1. Achava Jazz Award verliehen&#8220; &#8211; JazzZeitung\" data-secret=\"061qTUTWKa\" frameborder=\"0\" marginwidth=\"0\" marginheight=\"0\" scrolling=\"no\" class=\"wp-embedded-content\"><\/iframe><script type=\"text\/javascript\">\n\/* <![CDATA[ *\/\n\/*! This file is auto-generated *\/\n!function(d,l){\"use strict\";l.querySelector&&d.addEventListener&&\"undefined\"!=typeof URL&&(d.wp=d.wp||{},d.wp.receiveEmbedMessage||(d.wp.receiveEmbedMessage=function(e){var t=e.data;if((t||t.secret||t.message||t.value)&&!\/[^a-zA-Z0-9]\/.test(t.secret)){for(var s,r,n,a=l.querySelectorAll('iframe[data-secret=\"'+t.secret+'\"]'),o=l.querySelectorAll('blockquote[data-secret=\"'+t.secret+'\"]'),c=new RegExp(\"^https?:$\",\"i\"),i=0;i<o.length;i++)o[i].style.display=\"none\";for(i=0;i<a.length;i++)s=a[i],e.source===s.contentWindow&&(s.removeAttribute(\"style\"),\"height\"===t.message?(1e3<(r=parseInt(t.value,10))?r=1e3:~~r<200&&(r=200),s.height=r):\"link\"===t.message&&(r=new URL(s.getAttribute(\"src\")),n=new URL(t.value),c.test(n.protocol))&&n.host===r.host&&l.activeElement===s&&(d.top.location.href=t.value))}},d.addEventListener(\"message\",d.wp.receiveEmbedMessage,!1),l.addEventListener(\"DOMContentLoaded\",function(){for(var e,t,s=l.querySelectorAll(\"iframe.wp-embedded-content\"),r=0;r<s.length;r++)(t=(e=s[r]).getAttribute(\"data-secret\"))||(t=Math.random().toString(36).substring(2,12),e.src+=\"#?secret=\"+t,e.setAttribute(\"data-secret\",t)),e.contentWindow.postMessage({message:\"ready\",secret:t},\"*\")},!1)))}(window,document);\n\/\/# sourceURL=https:\/\/www.jazzzeitung.de\/cms\/wp-includes\/js\/wp-embed.min.js\n\/* ]]> *\/\n<\/script>\n","thumbnail_url":"https:\/\/i0.wp.com\/www.jazzzeitung.de\/cms\/wp-content\/uploads\/2017\/09\/DSC03784-Tatjana-Parra-dombr.jpg?fit=1280%2C853&ssl=1","thumbnail_width":1280,"thumbnail_height":853,"description":"ACHAVA ist mehr als ein Festival \u2013 es ist ein Lebensgef\u00fchl! Der Kern\u00a0der Botschaft der ACHAVA Festspiele \u2013 Br\u00fcderlichkeit, Verst\u00e4ndnis, Respekt\u00a0f\u00fcr\u00a0den Anderen \u2013 gewinnt immer mehr an Gestalt. Es fand ein reger und vor allem\u00a0direkter Austausch auf vielen Ebenen statt: Konzerte, Diskussionsrunden, wie\u00a0die \u201eErfurter\u00a0Religionsgespr\u00e4che\u201c, Sch\u00fclertreffen, eine Filmreihe und\u00a0Ausstellungen boten Raum f\u00fcr einen intensiveren oder sogar neuen Blick auf die\u00a0Welt. Am Abend des 9. Septembers 2017 endeten die ACHAVA Festspiele\u00a0Th\u00fcringen mit einem packenden Abschlusskonzert des\u00a0Omer Klein Trios.\u00a0Von romantisch-vertr\u00e4umten Kl\u00e4ngen bis hin zu\u00a0aufr\u00fcttelnd-energetischem Jazz riss er das Publikum mit. Als besondere\u00a0\u00dcberraschung pr\u00e4sentierte er ein selbstgeschriebenes Lied auf hebr\u00e4isch, von\u00a0ihm pers\u00f6nlich gesungen. Die\u00a0diesj\u00e4hrigen ACHAVA Festspiele Th\u00fcringen erreichten einen neuen Besucherrekord. Trotz einer etwas\u00a0geringeren Anzahl an Veranstaltungen wurden ca. 18.800 Besucher\u00a0gez\u00e4hlt. Dazu\u00a0trug insbesondere das gro\u00dfe\u00a0ACHAVA\u00a0Stra\u00dfenfestival\u00a0um die Kr\u00e4merbr\u00fccke bei, das etwa 12.000 interessierte\u00a0G\u00e4ste verbuchen konnte. F\u00fcr Stimmung sorgten die\u00a0jungen Akteure des Romano\u00a0Glaszo Projects \u2013 eine ungarische Initiative zur Integration von Sinti &amp;\u00a0Roma &#8211; gemeinsam mit Helmut Eisel und dem Gitarristen Joscho Stephan sowie der\u00a0String Company. Der Weimarer Drum Circle animierte Zuschauen zum rhythmischen\u00a0\u201eDraufhauen\u201c, bis Wenigemarkt und Lutherstieg bebten. Der Kinderzirkus Tasifan\u00a0verzauberte\u00a0besonders die kleinen G\u00e4ste. H\u00e4ndler und Besucher zeigten sich\u00a0begeistert von &hellip;"}

ACHAVA ist mehr als ein Festival – es ist ein Lebensgefühl! Der Kern der Botschaft der ACHAVA Festspiele – Brüderlichkeit, Verständnis, Respekt für den Anderen – gewinnt immer mehr an Gestalt. Es fand ein reger und vor allem direkter Austausch auf vielen Ebenen statt: Konzerte, Diskussionsrunden, wie die „Erfurter Religionsgespräche“, Schülertreffen, eine Filmreihe und Ausstellungen boten Raum für einen intensiveren oder sogar neuen Blick auf die Welt. Am Abend des 9. Septembers 2017 endeten die ACHAVA Festspiele Thüringen mit einem packenden Abschlusskonzert des Omer Klein Trios. Von romantisch-verträumten Klängen bis hin zu aufrüttelnd-energetischem Jazz riss er das Publikum mit. Als besondere Überraschung präsentierte er ein selbstgeschriebenes Lied auf hebräisch, von ihm persönlich gesungen. Die diesjährigen ACHAVA Festspiele Thüringen erreichten einen neuen Besucherrekord. Trotz einer etwas geringeren Anzahl an Veranstaltungen wurden ca. 18.800 Besucher gezählt. Dazu trug insbesondere das große ACHAVA Straßenfestival um die Krämerbrücke bei, das etwa 12.000 interessierte Gäste verbuchen konnte. Für Stimmung sorgten die jungen Akteure des Romano Glaszo Projects – eine ungarische Initiative zur Integration von Sinti &amp; Roma &#8211; gemeinsam mit Helmut Eisel und dem Gitarristen Joscho Stephan sowie der String Company. Der Weimarer Drum Circle animierte Zuschauen zum rhythmischen „Draufhauen“, bis Wenigemarkt und Lutherstieg bebten. Der Kinderzirkus Tasifan verzauberte besonders die kleinen Gäste. Händler und Besucher zeigten sich begeistert von &hellip;
