{"version":"1.0","provider_name":"JazzZeitung","provider_url":"https:\/\/www.jazzzeitung.de\/cms","author_name":"Redaktion JazzZeitung","author_url":"https:\/\/www.jazzzeitung.de\/cms\/author\/redaktion\/","title":"Hamburger \u201eJazz\u201c- Sommerprogramm in der Elbphilharmonie - JazzZeitung","type":"rich","width":600,"height":338,"html":"<blockquote class=\"wp-embedded-content\" data-secret=\"9FJfdOibY0\"><a href=\"https:\/\/www.jazzzeitung.de\/cms\/2017\/08\/hamburger-jazz-sommerprogramm-in-der-elbphilharmonie\/\">Hamburger \u201eJazz\u201c- Sommerprogramm in der Elbphilharmonie<\/a><\/blockquote><iframe sandbox=\"allow-scripts\" security=\"restricted\" src=\"https:\/\/www.jazzzeitung.de\/cms\/2017\/08\/hamburger-jazz-sommerprogramm-in-der-elbphilharmonie\/embed\/#?secret=9FJfdOibY0\" width=\"600\" height=\"338\" title=\"&#8222;Hamburger \u201eJazz\u201c- Sommerprogramm in der Elbphilharmonie&#8220; &#8211; JazzZeitung\" data-secret=\"9FJfdOibY0\" frameborder=\"0\" marginwidth=\"0\" marginheight=\"0\" scrolling=\"no\" class=\"wp-embedded-content\"><\/iframe><script type=\"text\/javascript\">\n\/* <![CDATA[ *\/\n\/*! This file is auto-generated *\/\n!function(d,l){\"use strict\";l.querySelector&&d.addEventListener&&\"undefined\"!=typeof URL&&(d.wp=d.wp||{},d.wp.receiveEmbedMessage||(d.wp.receiveEmbedMessage=function(e){var t=e.data;if((t||t.secret||t.message||t.value)&&!\/[^a-zA-Z0-9]\/.test(t.secret)){for(var s,r,n,a=l.querySelectorAll('iframe[data-secret=\"'+t.secret+'\"]'),o=l.querySelectorAll('blockquote[data-secret=\"'+t.secret+'\"]'),c=new RegExp(\"^https?:$\",\"i\"),i=0;i<o.length;i++)o[i].style.display=\"none\";for(i=0;i<a.length;i++)s=a[i],e.source===s.contentWindow&&(s.removeAttribute(\"style\"),\"height\"===t.message?(1e3<(r=parseInt(t.value,10))?r=1e3:~~r<200&&(r=200),s.height=r):\"link\"===t.message&&(r=new URL(s.getAttribute(\"src\")),n=new URL(t.value),c.test(n.protocol))&&n.host===r.host&&l.activeElement===s&&(d.top.location.href=t.value))}},d.addEventListener(\"message\",d.wp.receiveEmbedMessage,!1),l.addEventListener(\"DOMContentLoaded\",function(){for(var e,t,s=l.querySelectorAll(\"iframe.wp-embedded-content\"),r=0;r<s.length;r++)(t=(e=s[r]).getAttribute(\"data-secret\"))||(t=Math.random().toString(36).substring(2,12),e.src+=\"#?secret=\"+t,e.setAttribute(\"data-secret\",t)),e.contentWindow.postMessage({message:\"ready\",secret:t},\"*\")},!1)))}(window,document);\n\/\/# sourceURL=https:\/\/www.jazzzeitung.de\/cms\/wp-includes\/js\/wp-embed.min.js\n\/* ]]> *\/\n<\/script>\n","thumbnail_url":"https:\/\/i0.wp.com\/www.jazzzeitung.de\/cms\/wp-content\/uploads\/2017\/08\/P1530341-Omar-Sosa-Foto-TJ-Krebs-jazzphotoagency@web.de_.jpg?fit=1800%2C1200&ssl=1","thumbnail_width":1800,"thumbnail_height":1200,"description":"Die Hamburger Elbphilharmonie veranstaltete in den vier Augustwochen einen vielseitigen Konzertsommer: Klassik, World-, Filmmusik &amp; Jazz wechselten sich ab und boten dem Publikum ein spannendes Programm. Im Jazz mit von der Partie u.a. Omar Sosa, die Monika Roscher Big Band und das Andromeda Mega Express Orchestra. Alles im gro\u00dfen Konzertsaal und nat\u00fcrlich vor ausverkauftem Haus. Omar Sosa\u2018s einziges Deutschlandkonzert am 23. August mit seinem Quarteto AfroCubano pr\u00e4sentierte dem Publikum eine gelungene Mischung aus Latin Jazz, Funk, afrikanischen und kubanischen Rhythmen. Eine ganz eigene \u201eSosa\u201c-Fusion mit hochkomplexen, inspirierten Kompositionen, die sich mit jazzigen Balladen abwechselten. Der Saxophonist Leandro Saint-Hill kommunizierte von Beginn an aktiv mit dem Publikum, und so gelang der Band eine nicht nur musikalische, sondern vor allem ganz pers\u00f6nliche N\u00e4he zum Publikum. Omar Sosa schaffte es mit seiner Formation binnen k\u00fcrzester Zeit in der Elbphilharmonie ein Havanna-Feeling zu zaubern und das ca. 2000-k\u00f6pfige Publikum, Fans wie neugierige Besucher, restlos zu begeistern. Ein musikalisches Feuerwerk! Kontrastprogramm dann am 26. August: Im ersten Teil des Abends gab sich die Monika Roscher Big Band bei ihrem zweiten Konzert in der Hansestadt die Ehre (2014 fand ihr erster &hellip;"}

Die Hamburger Elbphilharmonie veranstaltete in den vier Augustwochen einen vielseitigen Konzertsommer: Klassik, World-, Filmmusik &amp; Jazz wechselten sich ab und boten dem Publikum ein spannendes Programm. Im Jazz mit von der Partie u.a. Omar Sosa, die Monika Roscher Big Band und das Andromeda Mega Express Orchestra. Alles im großen Konzertsaal und natürlich vor ausverkauftem Haus. Omar Sosa‘s einziges Deutschlandkonzert am 23. August mit seinem Quarteto AfroCubano präsentierte dem Publikum eine gelungene Mischung aus Latin Jazz, Funk, afrikanischen und kubanischen Rhythmen. Eine ganz eigene „Sosa“-Fusion mit hochkomplexen, inspirierten Kompositionen, die sich mit jazzigen Balladen abwechselten. Der Saxophonist Leandro Saint-Hill kommunizierte von Beginn an aktiv mit dem Publikum, und so gelang der Band eine nicht nur musikalische, sondern vor allem ganz persönliche Nähe zum Publikum. Omar Sosa schaffte es mit seiner Formation binnen kürzester Zeit in der Elbphilharmonie ein Havanna-Feeling zu zaubern und das ca. 2000-köpfige Publikum, Fans wie neugierige Besucher, restlos zu begeistern. Ein musikalisches Feuerwerk! Kontrastprogramm dann am 26. August: Im ersten Teil des Abends gab sich die Monika Roscher Big Band bei ihrem zweiten Konzert in der Hansestadt die Ehre (2014 fand ihr erster &hellip;
