{"version":"1.0","provider_name":"JazzZeitung","provider_url":"https:\/\/www.jazzzeitung.de\/cms","author_name":"Redaktion JazzZeitung","author_url":"https:\/\/www.jazzzeitung.de\/cms\/author\/redaktion\/","title":"Nicht nur M\u00fcnchen spielt auf in S\u00fcdtirol - JazzZeitung","type":"rich","width":600,"height":338,"html":"<blockquote class=\"wp-embedded-content\" data-secret=\"6sX5pygLOb\"><a href=\"https:\/\/www.jazzzeitung.de\/cms\/2017\/06\/muenchen-goes-suedtirol\/\">Nicht nur M\u00fcnchen spielt auf in S\u00fcdtirol<\/a><\/blockquote><iframe sandbox=\"allow-scripts\" security=\"restricted\" src=\"https:\/\/www.jazzzeitung.de\/cms\/2017\/06\/muenchen-goes-suedtirol\/embed\/#?secret=6sX5pygLOb\" width=\"600\" height=\"338\" title=\"&#8222;Nicht nur M\u00fcnchen spielt auf in S\u00fcdtirol&#8220; &#8211; JazzZeitung\" data-secret=\"6sX5pygLOb\" frameborder=\"0\" marginwidth=\"0\" marginheight=\"0\" scrolling=\"no\" class=\"wp-embedded-content\"><\/iframe><script type=\"text\/javascript\">\n\/* <![CDATA[ *\/\n\/*! This file is auto-generated *\/\n!function(d,l){\"use strict\";l.querySelector&&d.addEventListener&&\"undefined\"!=typeof URL&&(d.wp=d.wp||{},d.wp.receiveEmbedMessage||(d.wp.receiveEmbedMessage=function(e){var t=e.data;if((t||t.secret||t.message||t.value)&&!\/[^a-zA-Z0-9]\/.test(t.secret)){for(var s,r,n,a=l.querySelectorAll('iframe[data-secret=\"'+t.secret+'\"]'),o=l.querySelectorAll('blockquote[data-secret=\"'+t.secret+'\"]'),c=new RegExp(\"^https?:$\",\"i\"),i=0;i<o.length;i++)o[i].style.display=\"none\";for(i=0;i<a.length;i++)s=a[i],e.source===s.contentWindow&&(s.removeAttribute(\"style\"),\"height\"===t.message?(1e3<(r=parseInt(t.value,10))?r=1e3:~~r<200&&(r=200),s.height=r):\"link\"===t.message&&(r=new URL(s.getAttribute(\"src\")),n=new URL(t.value),c.test(n.protocol))&&n.host===r.host&&l.activeElement===s&&(d.top.location.href=t.value))}},d.addEventListener(\"message\",d.wp.receiveEmbedMessage,!1),l.addEventListener(\"DOMContentLoaded\",function(){for(var e,t,s=l.querySelectorAll(\"iframe.wp-embedded-content\"),r=0;r<s.length;r++)(t=(e=s[r]).getAttribute(\"data-secret\"))||(t=Math.random().toString(36).substring(2,12),e.src+=\"#?secret=\"+t,e.setAttribute(\"data-secret\",t)),e.contentWindow.postMessage({message:\"ready\",secret:t},\"*\")},!1)))}(window,document);\n\/\/# sourceURL=https:\/\/www.jazzzeitung.de\/cms\/wp-includes\/js\/wp-embed.min.js\n\/* ]]> *\/\n<\/script>\n","thumbnail_url":"https:\/\/i0.wp.com\/www.jazzzeitung.de\/cms\/wp-content\/uploads\/2014\/07\/006.jpg?fit=4256%2C2832&ssl=1","thumbnail_width":4256,"thumbnail_height":2832,"description":"Bozen als bew\u00e4hrte B\u00fchne jenseits des Brenner f\u00fcr hiesige Jazzmusiker? Zum S\u00fcdtiroler Abenteuerspielplatz wurde 2011 dort der Waltherplatz f\u00fcr Musikstudenten des U.M.P.A. Jazz Orchestra Munich. Sturmeshalber mussten sie alle W\u00e4scheklammern der Stadt aufkaufen, um ihre Notenbl\u00e4tter auf den Pulten zu halten. F\u00fcr M\u00fcnchner kaum mehr als drei Fahrstunden Richtung S\u00fcden entfernt, liegt das Zentrum eines weitr\u00e4umigen Festivals, das sich Bayerns junger Szene schon seit langem verbunden f\u00fchlt. Vom 100 Kilometer westlich von Bozen gelegenen Sulden am Ortler bis Innichen im \u00e4hnlich fernen Nordosten erstreckt sich das S\u00fcdtirol Jazzfestival mit seinen rund 80 Terminen an 50 Orten. Und diesmal ist es eine in M\u00fcnchner Clubs wie dem \u201eHarry Klein\u201c BIG gewordene BAND, deren mobiler Ableger die meisten Schaupl\u00e4tze zu absolvieren hat. Durch die Zentren von Brixen und Bruneck wird die Jazzrausch Marchingband ziehen, in Meran und Salurn auftreten \u2013 und in Bozen sowieso. Marching Bands geh\u00f6ren zum Konzept des Festivalmachers Klaus Widmann. Sie sollen bei Touristen und Einheimischen Neugier wecken auf neun Tage Musik, die nicht zuletzt deshalb finanziell so gro\u00dfz\u00fcgig von der Region unterst\u00fctzt werden, weil Widmann S\u00fcdtirols Image deutlich \u00fcber T\u00f6rgelen und Speckkn\u00f6del hinaus &hellip;"}

Nicht nur München spielt auf in Südtirol - JazzZeitung

<blockquote class="wp-embedded-content" data-secret="6sX5pygLOb"><a href="https://www.jazzzeitung.de/cms/2017/06/muenchen-goes-suedtirol/">Nicht nur München spielt auf in Südtirol</a></blockquote><iframe sandbox="allow-scripts" security="restricted" src="https://www.jazzzeitung.de/cms/2017/06/muenchen-goes-suedtirol/embed/#?secret=6sX5pygLOb" width="600" height="338" title="&#8222;Nicht nur München spielt auf in Südtirol&#8220; &#8211; JazzZeitung" data-secret="6sX5pygLOb" frameborder="0" marginwidth="0" marginheight="0" scrolling="no" class="wp-embedded-content"></iframe><script type="text/javascript">
/* <![CDATA[ */
/*! This file is auto-generated */
!function(d,l){"use strict";l.querySelector&&d.addEventListener&&"undefined"!=typeof URL&&(d.wp=d.wp||{},d.wp.receiveEmbedMessage||(d.wp.receiveEmbedMessage=function(e){var t=e.data;if((t||t.secret||t.message||t.value)&&!/[^a-zA-Z0-9]/.test(t.secret)){for(var s,r,n,a=l.querySelectorAll('iframe[data-secret="'+t.secret+'"]'),o=l.querySelectorAll('blockquote[data-secret="'+t.secret+'"]'),c=new RegExp("^https?:$","i"),i=0;i<o.length;i++)o[i].style.display="none";for(i=0;i<a.length;i++)s=a[i],e.source===s.contentWindow&&(s.removeAttribute("style"),"height"===t.message?(1e3<(r=parseInt(t.value,10))?r=1e3:~~r<200&&(r=200),s.height=r):"link"===t.message&&(r=new URL(s.getAttribute("src")),n=new URL(t.value),c.test(n.protocol))&&n.host===r.host&&l.activeElement===s&&(d.top.location.href=t.value))}},d.addEventListener("message",d.wp.receiveEmbedMessage,!1),l.addEventListener("DOMContentLoaded",function(){for(var e,t,s=l.querySelectorAll("iframe.wp-embedded-content"),r=0;r<s.length;r++)(t=(e=s[r]).getAttribute("data-secret"))||(t=Math.random().toString(36).substring(2,12),e.src+="#?secret="+t,e.setAttribute("data-secret",t)),e.contentWindow.postMessage({message:"ready",secret:t},"*")},!1)))}(window,document);
//# sourceURL=https://www.jazzzeitung.de/cms/wp-includes/js/wp-embed.min.js
/* ]]> */
</script>

Bozen als bewährte Bühne jenseits des Brenner für hiesige Jazzmusiker? Zum Südtiroler Abenteuerspielplatz wurde 2011 dort der Waltherplatz für Musikstudenten des U.M.P.A. Jazz Orchestra Munich. Sturmeshalber mussten sie alle Wäscheklammern der Stadt aufkaufen, um ihre Notenblätter auf den Pulten zu halten. Für Münchner kaum mehr als drei Fahrstunden Richtung Süden entfernt, liegt das Zentrum eines weiträumigen Festivals, das sich Bayerns junger Szene schon seit langem verbunden fühlt. Vom 100 Kilometer westlich von Bozen gelegenen Sulden am Ortler bis Innichen im ähnlich fernen Nordosten erstreckt sich das Südtirol Jazzfestival mit seinen rund 80 Terminen an 50 Orten. Und diesmal ist es eine in Münchner Clubs wie dem „Harry Klein“ BIG gewordene BAND, deren mobiler Ableger die meisten Schauplätze zu absolvieren hat. Durch die Zentren von Brixen und Bruneck wird die Jazzrausch Marchingband ziehen, in Meran und Salurn auftreten – und in Bozen sowieso. Marching Bands gehören zum Konzept des Festivalmachers Klaus Widmann. Sie sollen bei Touristen und Einheimischen Neugier wecken auf neun Tage Musik, die nicht zuletzt deshalb finanziell so großzügig von der Region unterstützt werden, weil Widmann Südtirols Image deutlich über Törgelen und Speckknödel hinaus &hellip;
