{"version":"1.0","provider_name":"JazzZeitung","provider_url":"https:\/\/www.jazzzeitung.de\/cms","author_name":"Redaktion JazzZeitung","author_url":"https:\/\/www.jazzzeitung.de\/cms\/author\/redaktion\/","title":"+++ Wolfgang Schl\u00fcter erh\u00e4lt den Hamburger Jazzpreis 2017 +++ - JazzZeitung","type":"rich","width":600,"height":338,"html":"<blockquote class=\"wp-embedded-content\" data-secret=\"D3TByD7ckO\"><a href=\"https:\/\/www.jazzzeitung.de\/cms\/2017\/05\/wolfgang-schlueter-erhaelt-den-hamburger-jazzpreis-2017\/\">+++ Wolfgang Schl\u00fcter erh\u00e4lt den Hamburger Jazzpreis 2017 +++<\/a><\/blockquote><iframe sandbox=\"allow-scripts\" security=\"restricted\" src=\"https:\/\/www.jazzzeitung.de\/cms\/2017\/05\/wolfgang-schlueter-erhaelt-den-hamburger-jazzpreis-2017\/embed\/#?secret=D3TByD7ckO\" width=\"600\" height=\"338\" title=\"&#8222;+++ Wolfgang Schl\u00fcter erh\u00e4lt den Hamburger Jazzpreis 2017 +++&#8220; &#8211; JazzZeitung\" data-secret=\"D3TByD7ckO\" frameborder=\"0\" marginwidth=\"0\" marginheight=\"0\" scrolling=\"no\" class=\"wp-embedded-content\"><\/iframe><script type=\"text\/javascript\">\n\/* <![CDATA[ *\/\n\/*! This file is auto-generated *\/\n!function(d,l){\"use strict\";l.querySelector&&d.addEventListener&&\"undefined\"!=typeof URL&&(d.wp=d.wp||{},d.wp.receiveEmbedMessage||(d.wp.receiveEmbedMessage=function(e){var t=e.data;if((t||t.secret||t.message||t.value)&&!\/[^a-zA-Z0-9]\/.test(t.secret)){for(var s,r,n,a=l.querySelectorAll('iframe[data-secret=\"'+t.secret+'\"]'),o=l.querySelectorAll('blockquote[data-secret=\"'+t.secret+'\"]'),c=new RegExp(\"^https?:$\",\"i\"),i=0;i<o.length;i++)o[i].style.display=\"none\";for(i=0;i<a.length;i++)s=a[i],e.source===s.contentWindow&&(s.removeAttribute(\"style\"),\"height\"===t.message?(1e3<(r=parseInt(t.value,10))?r=1e3:~~r<200&&(r=200),s.height=r):\"link\"===t.message&&(r=new URL(s.getAttribute(\"src\")),n=new URL(t.value),c.test(n.protocol))&&n.host===r.host&&l.activeElement===s&&(d.top.location.href=t.value))}},d.addEventListener(\"message\",d.wp.receiveEmbedMessage,!1),l.addEventListener(\"DOMContentLoaded\",function(){for(var e,t,s=l.querySelectorAll(\"iframe.wp-embedded-content\"),r=0;r<s.length;r++)(t=(e=s[r]).getAttribute(\"data-secret\"))||(t=Math.random().toString(36).substring(2,12),e.src+=\"#?secret=\"+t,e.setAttribute(\"data-secret\",t)),e.contentWindow.postMessage({message:\"ready\",secret:t},\"*\")},!1)))}(window,document);\n\/\/# sourceURL=https:\/\/www.jazzzeitung.de\/cms\/wp-includes\/js\/wp-embed.min.js\n\/* ]]> *\/\n<\/script>\n","description":"Seit 2007 werden alle zwei Jahre Musikerinnen und Musiker mit dem Hamburger Jazzpreis ausgezeichnet, die einen besonders qualifizierten k\u00fcnstlerischen Beitrag zur Jazzmusik leisten, die ihren Arbeits- und Lebensmittelpunkt in Hamburg haben und sich f\u00fcr die Belange des Jazz in der Stadt einsetzen. Der mit 10,000 Euro dotierte Preis wurde von der Dr. E.A. Langner Stiftung ins Leben gerufen. 2011 wurde die Tr\u00e4gerschaft an die ELBJAZZ GmbH \u00fcbertragen. Mit diesem Jahr hat das Jazzb\u00fcro Hamburg die Ausrichtung des Preises \u00fcbernommen, ELBJAZZ bleibt Gastgeber der Preisverleihung. Eine Fachjury hat zun\u00e4chst Kandidaten nominiert und in einer Sitzung Ende April den Vibraphonisten Wolfgang Schl\u00fcter zum diesj\u00e4hrigen Preistr\u00e4ger ernannt. Der diesj\u00e4hrigen Jury geh\u00f6rten an: Gabriel Coburger (Musiker und Preistr\u00e4ger des Hamburger Jazzpreises), Nina Sauer (Elbjazz), Michael Langkamp (Musiker und Koordinator des Jazzstudiengangs an der HfMT), M\u00fccke Quinckhardt (Jazzb\u00fcro Hamburg), Stefan Gerdes (NDR Jazzredaktion), Dr. Reiner Br\u00fcggestrat (Vorstandssprecher der Hamburger Volksbank). Die Begr\u00fcndung der Jury: Wolfgang Schl\u00fcter ist einer der bedeutendsten Jazzmusiker, die es je in Hamburg gegeben hat &#8211; ein grandioser Solist von internationalem Format. Er hat viele Jazzepochen miterlebt und sie mit seinem unverwechselbaren Spiel gepr\u00e4gt: vom Swing der &hellip;","thumbnail_url":"https:\/\/i0.wp.com\/www.jazzzeitung.de\/cms\/wp-content\/uploads\/2012\/01\/ipad-logo-200.png?fit=200%2C200&ssl=1","thumbnail_width":200,"thumbnail_height":200}

+++ Wolfgang Schlüter erhält den Hamburger Jazzpreis 2017 +++ - JazzZeitung

<blockquote class="wp-embedded-content" data-secret="D3TByD7ckO"><a href="https://www.jazzzeitung.de/cms/2017/05/wolfgang-schlueter-erhaelt-den-hamburger-jazzpreis-2017/">+++ Wolfgang Schlüter erhält den Hamburger Jazzpreis 2017 +++</a></blockquote><iframe sandbox="allow-scripts" security="restricted" src="https://www.jazzzeitung.de/cms/2017/05/wolfgang-schlueter-erhaelt-den-hamburger-jazzpreis-2017/embed/#?secret=D3TByD7ckO" width="600" height="338" title="&#8222;+++ Wolfgang Schlüter erhält den Hamburger Jazzpreis 2017 +++&#8220; &#8211; JazzZeitung" data-secret="D3TByD7ckO" frameborder="0" marginwidth="0" marginheight="0" scrolling="no" class="wp-embedded-content"></iframe><script type="text/javascript">
/* <![CDATA[ */
/*! This file is auto-generated */
!function(d,l){"use strict";l.querySelector&&d.addEventListener&&"undefined"!=typeof URL&&(d.wp=d.wp||{},d.wp.receiveEmbedMessage||(d.wp.receiveEmbedMessage=function(e){var t=e.data;if((t||t.secret||t.message||t.value)&&!/[^a-zA-Z0-9]/.test(t.secret)){for(var s,r,n,a=l.querySelectorAll('iframe[data-secret="'+t.secret+'"]'),o=l.querySelectorAll('blockquote[data-secret="'+t.secret+'"]'),c=new RegExp("^https?:$","i"),i=0;i<o.length;i++)o[i].style.display="none";for(i=0;i<a.length;i++)s=a[i],e.source===s.contentWindow&&(s.removeAttribute("style"),"height"===t.message?(1e3<(r=parseInt(t.value,10))?r=1e3:~~r<200&&(r=200),s.height=r):"link"===t.message&&(r=new URL(s.getAttribute("src")),n=new URL(t.value),c.test(n.protocol))&&n.host===r.host&&l.activeElement===s&&(d.top.location.href=t.value))}},d.addEventListener("message",d.wp.receiveEmbedMessage,!1),l.addEventListener("DOMContentLoaded",function(){for(var e,t,s=l.querySelectorAll("iframe.wp-embedded-content"),r=0;r<s.length;r++)(t=(e=s[r]).getAttribute("data-secret"))||(t=Math.random().toString(36).substring(2,12),e.src+="#?secret="+t,e.setAttribute("data-secret",t)),e.contentWindow.postMessage({message:"ready",secret:t},"*")},!1)))}(window,document);
//# sourceURL=https://www.jazzzeitung.de/cms/wp-includes/js/wp-embed.min.js
/* ]]> */
</script>

Seit 2007 werden alle zwei Jahre Musikerinnen und Musiker mit dem Hamburger Jazzpreis ausgezeichnet, die einen besonders qualifizierten künstlerischen Beitrag zur Jazzmusik leisten, die ihren Arbeits- und Lebensmittelpunkt in Hamburg haben und sich für die Belange des Jazz in der Stadt einsetzen. Der mit 10,000 Euro dotierte Preis wurde von der Dr. E.A. Langner Stiftung ins Leben gerufen. 2011 wurde die Trägerschaft an die ELBJAZZ GmbH übertragen. Mit diesem Jahr hat das Jazzbüro Hamburg die Ausrichtung des Preises übernommen, ELBJAZZ bleibt Gastgeber der Preisverleihung. Eine Fachjury hat zunächst Kandidaten nominiert und in einer Sitzung Ende April den Vibraphonisten Wolfgang Schlüter zum diesjährigen Preisträger ernannt. Der diesjährigen Jury gehörten an: Gabriel Coburger (Musiker und Preisträger des Hamburger Jazzpreises), Nina Sauer (Elbjazz), Michael Langkamp (Musiker und Koordinator des Jazzstudiengangs an der HfMT), Mücke Quinckhardt (Jazzbüro Hamburg), Stefan Gerdes (NDR Jazzredaktion), Dr. Reiner Brüggestrat (Vorstandssprecher der Hamburger Volksbank). Die Begründung der Jury: Wolfgang Schlüter ist einer der bedeutendsten Jazzmusiker, die es je in Hamburg gegeben hat &#8211; ein grandioser Solist von internationalem Format. Er hat viele Jazzepochen miterlebt und sie mit seinem unverwechselbaren Spiel geprägt: vom Swing der &hellip;
