{"version":"1.0","provider_name":"JazzZeitung","provider_url":"https:\/\/www.jazzzeitung.de\/cms","title":"Sch\u00f6nberg-Zyklus als skelettierter Blues - JazzZeitung","type":"rich","width":600,"height":338,"html":"<blockquote class=\"wp-embedded-content\" data-secret=\"tCaEJZgrR8\"><a href=\"https:\/\/www.jazzzeitung.de\/cms\/2017\/05\/schoenberg-zyklus-als-skelettierter-blues\/\">Sch\u00f6nberg-Zyklus als skelettierter Blues<\/a><\/blockquote><iframe sandbox=\"allow-scripts\" security=\"restricted\" src=\"https:\/\/www.jazzzeitung.de\/cms\/2017\/05\/schoenberg-zyklus-als-skelettierter-blues\/embed\/#?secret=tCaEJZgrR8\" width=\"600\" height=\"338\" title=\"&#8222;Sch\u00f6nberg-Zyklus als skelettierter Blues&#8220; &#8211; JazzZeitung\" data-secret=\"tCaEJZgrR8\" frameborder=\"0\" marginwidth=\"0\" marginheight=\"0\" scrolling=\"no\" class=\"wp-embedded-content\"><\/iframe><script type=\"text\/javascript\">\n\/* <![CDATA[ *\/\n\/*! This file is auto-generated *\/\n!function(d,l){\"use strict\";l.querySelector&&d.addEventListener&&\"undefined\"!=typeof URL&&(d.wp=d.wp||{},d.wp.receiveEmbedMessage||(d.wp.receiveEmbedMessage=function(e){var t=e.data;if((t||t.secret||t.message||t.value)&&!\/[^a-zA-Z0-9]\/.test(t.secret)){for(var s,r,n,a=l.querySelectorAll('iframe[data-secret=\"'+t.secret+'\"]'),o=l.querySelectorAll('blockquote[data-secret=\"'+t.secret+'\"]'),c=new RegExp(\"^https?:$\",\"i\"),i=0;i<o.length;i++)o[i].style.display=\"none\";for(i=0;i<a.length;i++)s=a[i],e.source===s.contentWindow&&(s.removeAttribute(\"style\"),\"height\"===t.message?(1e3<(r=parseInt(t.value,10))?r=1e3:~~r<200&&(r=200),s.height=r):\"link\"===t.message&&(r=new URL(s.getAttribute(\"src\")),n=new URL(t.value),c.test(n.protocol))&&n.host===r.host&&l.activeElement===s&&(d.top.location.href=t.value))}},d.addEventListener(\"message\",d.wp.receiveEmbedMessage,!1),l.addEventListener(\"DOMContentLoaded\",function(){for(var e,t,s=l.querySelectorAll(\"iframe.wp-embedded-content\"),r=0;r<s.length;r++)(t=(e=s[r]).getAttribute(\"data-secret\"))||(t=Math.random().toString(36).substring(2,12),e.src+=\"#?secret=\"+t,e.setAttribute(\"data-secret\",t)),e.contentWindow.postMessage({message:\"ready\",secret:t},\"*\")},!1)))}(window,document);\n\/\/# sourceURL=https:\/\/www.jazzzeitung.de\/cms\/wp-includes\/js\/wp-embed.min.js\n\/* ]]> *\/\n<\/script>\n","description":"Mit dem Regensburger Deb\u00fct des David Helbock Trios setzte der Jazzclub Regensburg seine Reihe hochkar\u00e4tiger Konzerte im Jahresprogramm fort \u201eVoll und ganz\u201c habe das Konzert ihren Erwartungen entsprochen, strahlte eine Konzertbesucherin nach der letzten Zugabe des David Helbock Trios. \u201eEs hat sie sogar\u00a0 \u00fcbertroffen, w\u00fcrd` ich sagen\u201c, erg\u00e4nzt sie noch sichtlich eingenommen von dem mitrei\u00dfenden Auftritt. Die Vorschusslorbeeren, die dem \u00f6sterreichischen Trio des Voralbergers Pianisten nahezu \u00fcberall vorauseilen, haben bei den zahlreichen Zuh\u00f6rern im Leeren Beutel offensichtlich voll ins Schwarze getroffen. Selten, dass die eher kritisch-zur\u00fcckhaltenden Jazzfans mehr als eine Zugabe einfordern, sich gar zu \u201eStanding Ovations\u201c hinrei\u00dfen lassen. Beim Deb\u00fct des Trios beim Jazzclub Regensburg gab es keine Zur\u00fcckhaltung und wenn der hochgewachsene Musiker nicht unmissverst\u00e4ndlich auf dem letzten St\u00fcck bestanden h\u00e4tte, wer wei\u00df, wann das Jazzclub-Team dann das Licht ausknipsen und zusperren h\u00e4tte k\u00f6nnen. Mit den drei \u00f6sterreichischen Musikern, neben Helbock geh\u00f6ren Reinhold Schm\u00f6lzer und Raphael Preuschl dem Trio an, setzte der Jazzclub die Reihe hochklassiger Konzerte fort, die schon jetzt ein herausragendes Jazzjahr erwarten lassen. Der Wiener Preuschl spielte neben einer f\u00fcnfsaitigen Bassgitarre bei einigen St\u00fccken auch eine elektrisch verst\u00e4rkte Bass-Ukulele. Wegen &hellip;","thumbnail_url":"https:\/\/www.jazzzeitung.de\/cms\/wp-content\/uploads\/2017\/05\/Helbock-David_80-150x150.jpg"}

Schönberg-Zyklus als skelettierter Blues - JazzZeitung

<blockquote class="wp-embedded-content" data-secret="tCaEJZgrR8"><a href="https://www.jazzzeitung.de/cms/2017/05/schoenberg-zyklus-als-skelettierter-blues/">Schönberg-Zyklus als skelettierter Blues</a></blockquote><iframe sandbox="allow-scripts" security="restricted" src="https://www.jazzzeitung.de/cms/2017/05/schoenberg-zyklus-als-skelettierter-blues/embed/#?secret=tCaEJZgrR8" width="600" height="338" title="&#8222;Schönberg-Zyklus als skelettierter Blues&#8220; &#8211; JazzZeitung" data-secret="tCaEJZgrR8" frameborder="0" marginwidth="0" marginheight="0" scrolling="no" class="wp-embedded-content"></iframe><script type="text/javascript">
/* <![CDATA[ */
/*! This file is auto-generated */
!function(d,l){"use strict";l.querySelector&&d.addEventListener&&"undefined"!=typeof URL&&(d.wp=d.wp||{},d.wp.receiveEmbedMessage||(d.wp.receiveEmbedMessage=function(e){var t=e.data;if((t||t.secret||t.message||t.value)&&!/[^a-zA-Z0-9]/.test(t.secret)){for(var s,r,n,a=l.querySelectorAll('iframe[data-secret="'+t.secret+'"]'),o=l.querySelectorAll('blockquote[data-secret="'+t.secret+'"]'),c=new RegExp("^https?:$","i"),i=0;i<o.length;i++)o[i].style.display="none";for(i=0;i<a.length;i++)s=a[i],e.source===s.contentWindow&&(s.removeAttribute("style"),"height"===t.message?(1e3<(r=parseInt(t.value,10))?r=1e3:~~r<200&&(r=200),s.height=r):"link"===t.message&&(r=new URL(s.getAttribute("src")),n=new URL(t.value),c.test(n.protocol))&&n.host===r.host&&l.activeElement===s&&(d.top.location.href=t.value))}},d.addEventListener("message",d.wp.receiveEmbedMessage,!1),l.addEventListener("DOMContentLoaded",function(){for(var e,t,s=l.querySelectorAll("iframe.wp-embedded-content"),r=0;r<s.length;r++)(t=(e=s[r]).getAttribute("data-secret"))||(t=Math.random().toString(36).substring(2,12),e.src+="#?secret="+t,e.setAttribute("data-secret",t)),e.contentWindow.postMessage({message:"ready",secret:t},"*")},!1)))}(window,document);
//# sourceURL=https://www.jazzzeitung.de/cms/wp-includes/js/wp-embed.min.js
/* ]]> */
</script>

Mit dem Regensburger Debüt des David Helbock Trios setzte der Jazzclub Regensburg seine Reihe hochkarätiger Konzerte im Jahresprogramm fort „Voll und ganz“ habe das Konzert ihren Erwartungen entsprochen, strahlte eine Konzertbesucherin nach der letzten Zugabe des David Helbock Trios. „Es hat sie sogar  übertroffen, würd` ich sagen“, ergänzt sie noch sichtlich eingenommen von dem mitreißenden Auftritt. Die Vorschusslorbeeren, die dem österreichischen Trio des Voralbergers Pianisten nahezu überall vorauseilen, haben bei den zahlreichen Zuhörern im Leeren Beutel offensichtlich voll ins Schwarze getroffen. Selten, dass die eher kritisch-zurückhaltenden Jazzfans mehr als eine Zugabe einfordern, sich gar zu „Standing Ovations“ hinreißen lassen. Beim Debüt des Trios beim Jazzclub Regensburg gab es keine Zurückhaltung und wenn der hochgewachsene Musiker nicht unmissverständlich auf dem letzten Stück bestanden hätte, wer weiß, wann das Jazzclub-Team dann das Licht ausknipsen und zusperren hätte können. Mit den drei österreichischen Musikern, neben Helbock gehören Reinhold Schmölzer und Raphael Preuschl dem Trio an, setzte der Jazzclub die Reihe hochklassiger Konzerte fort, die schon jetzt ein herausragendes Jazzjahr erwarten lassen. Der Wiener Preuschl spielte neben einer fünfsaitigen Bassgitarre bei einigen Stücken auch eine elektrisch verstärkte Bass-Ukulele. Wegen &hellip;
