{"version":"1.0","provider_name":"JazzZeitung","provider_url":"https:\/\/www.jazzzeitung.de\/cms","author_name":"Redaktion JazzZeitung","author_url":"https:\/\/www.jazzzeitung.de\/cms\/author\/redaktion\/","title":"Bremer jazzahead er\u00f6ffnet mit finnischer Nacht und Jazz f\u00fcr Kinder - JazzZeitung","type":"rich","width":600,"height":338,"html":"<blockquote class=\"wp-embedded-content\" data-secret=\"64iQCogWs2\"><a href=\"https:\/\/www.jazzzeitung.de\/cms\/2017\/04\/12179\/\">Bremer jazzahead er\u00f6ffnet mit finnischer Nacht und Jazz f\u00fcr Kinder<\/a><\/blockquote><iframe sandbox=\"allow-scripts\" security=\"restricted\" src=\"https:\/\/www.jazzzeitung.de\/cms\/2017\/04\/12179\/embed\/#?secret=64iQCogWs2\" width=\"600\" height=\"338\" title=\"&#8222;Bremer jazzahead er\u00f6ffnet mit finnischer Nacht und Jazz f\u00fcr Kinder&#8220; &#8211; JazzZeitung\" data-secret=\"64iQCogWs2\" frameborder=\"0\" marginwidth=\"0\" marginheight=\"0\" scrolling=\"no\" class=\"wp-embedded-content\"><\/iframe><script type=\"text\/javascript\">\n\/* <![CDATA[ *\/\n\/*! This file is auto-generated *\/\n!function(d,l){\"use strict\";l.querySelector&&d.addEventListener&&\"undefined\"!=typeof URL&&(d.wp=d.wp||{},d.wp.receiveEmbedMessage||(d.wp.receiveEmbedMessage=function(e){var t=e.data;if((t||t.secret||t.message||t.value)&&!\/[^a-zA-Z0-9]\/.test(t.secret)){for(var s,r,n,a=l.querySelectorAll('iframe[data-secret=\"'+t.secret+'\"]'),o=l.querySelectorAll('blockquote[data-secret=\"'+t.secret+'\"]'),c=new RegExp(\"^https?:$\",\"i\"),i=0;i<o.length;i++)o[i].style.display=\"none\";for(i=0;i<a.length;i++)s=a[i],e.source===s.contentWindow&&(s.removeAttribute(\"style\"),\"height\"===t.message?(1e3<(r=parseInt(t.value,10))?r=1e3:~~r<200&&(r=200),s.height=r):\"link\"===t.message&&(r=new URL(s.getAttribute(\"src\")),n=new URL(t.value),c.test(n.protocol))&&n.host===r.host&&l.activeElement===s&&(d.top.location.href=t.value))}},d.addEventListener(\"message\",d.wp.receiveEmbedMessage,!1),l.addEventListener(\"DOMContentLoaded\",function(){for(var e,t,s=l.querySelectorAll(\"iframe.wp-embedded-content\"),r=0;r<s.length;r++)(t=(e=s[r]).getAttribute(\"data-secret\"))||(t=Math.random().toString(36).substring(2,12),e.src+=\"#?secret=\"+t,e.setAttribute(\"data-secret\",t)),e.contentWindow.postMessage({message:\"ready\",secret:t},\"*\")},!1)))}(window,document);\n\/\/# sourceURL=https:\/\/www.jazzzeitung.de\/cms\/wp-includes\/js\/wp-embed.min.js\n\/* ]]> *\/\n<\/script>\n","description":"Die ersten Besucher der Bremer Fachmesse und des Showcase Festival jazzahead waren gestern fr\u00fch 400 Grundschulkinder, die begeistert bei dem Konzert von Mini Schulz (b), Obi Jenne (dr), Peter Lehel (sa) und Thilo Wagner (p) mitmachten. Mini Schulz ist zusammen mit den Machern der jazzahead und Markus L\u00fcdke vom Musikland Niedersachsen Initiator des Kongresses \u201eJazz und Improvisation f\u00fcr Kinder\u201c, der gestern die internationale Fachmesse f\u00fcr Jazzmusiker, Veranstalter, Booker, Agenten, F\u00f6rderer und Produzenten er\u00f6ffnete. Der Ansatz des Kongresses war so klar wie einleuchtend: Jazzmusiker mit ihrer Gabe zur Improvisation sind ideale Musikvermittler, die nicht an den Noten kleben, sondern leicht mit ihren jungen und erwachsenen Zuh\u00f6rern in Interaktion kommen. Das fanden auch die Vertreter gro\u00dfer H\u00e4user wie Elbphilharmonie oder Berliner Philharmoniker und sandten ihre Vermittlungsspezialisten nach Bremen, um das Potenzial des Jazz f\u00fcr die Musikvermittlung und music education auszuloten. Nicht ganz zuf\u00e4llig stellte sich dabei heraus: F\u00fcr die Jazzmusiker und Improvisatoren bietet sich hier ein neues, noch wenig erschlossenes Berufsfeld. Dann die wahre Er\u00f6ffnung der jazzahead: die Finnish Night. Gastland 2017 ist Finnland und so konnte im Wechselgang zwischen Halle 7 und dem atmosph\u00e4rischen Saal im &hellip;","thumbnail_url":"https:\/\/i0.wp.com\/www.jazzzeitung.de\/cms\/wp-content\/uploads\/2017\/04\/001_Foto-van-Loon.jpg?w=557&#038;h=372&#038;ssl=1"}

Bremer jazzahead eröffnet mit finnischer Nacht und Jazz für Kinder - JazzZeitung

<blockquote class="wp-embedded-content" data-secret="64iQCogWs2"><a href="https://www.jazzzeitung.de/cms/2017/04/12179/">Bremer jazzahead eröffnet mit finnischer Nacht und Jazz für Kinder</a></blockquote><iframe sandbox="allow-scripts" security="restricted" src="https://www.jazzzeitung.de/cms/2017/04/12179/embed/#?secret=64iQCogWs2" width="600" height="338" title="&#8222;Bremer jazzahead eröffnet mit finnischer Nacht und Jazz für Kinder&#8220; &#8211; JazzZeitung" data-secret="64iQCogWs2" frameborder="0" marginwidth="0" marginheight="0" scrolling="no" class="wp-embedded-content"></iframe><script type="text/javascript">
/* <![CDATA[ */
/*! This file is auto-generated */
!function(d,l){"use strict";l.querySelector&&d.addEventListener&&"undefined"!=typeof URL&&(d.wp=d.wp||{},d.wp.receiveEmbedMessage||(d.wp.receiveEmbedMessage=function(e){var t=e.data;if((t||t.secret||t.message||t.value)&&!/[^a-zA-Z0-9]/.test(t.secret)){for(var s,r,n,a=l.querySelectorAll('iframe[data-secret="'+t.secret+'"]'),o=l.querySelectorAll('blockquote[data-secret="'+t.secret+'"]'),c=new RegExp("^https?:$","i"),i=0;i<o.length;i++)o[i].style.display="none";for(i=0;i<a.length;i++)s=a[i],e.source===s.contentWindow&&(s.removeAttribute("style"),"height"===t.message?(1e3<(r=parseInt(t.value,10))?r=1e3:~~r<200&&(r=200),s.height=r):"link"===t.message&&(r=new URL(s.getAttribute("src")),n=new URL(t.value),c.test(n.protocol))&&n.host===r.host&&l.activeElement===s&&(d.top.location.href=t.value))}},d.addEventListener("message",d.wp.receiveEmbedMessage,!1),l.addEventListener("DOMContentLoaded",function(){for(var e,t,s=l.querySelectorAll("iframe.wp-embedded-content"),r=0;r<s.length;r++)(t=(e=s[r]).getAttribute("data-secret"))||(t=Math.random().toString(36).substring(2,12),e.src+="#?secret="+t,e.setAttribute("data-secret",t)),e.contentWindow.postMessage({message:"ready",secret:t},"*")},!1)))}(window,document);
//# sourceURL=https://www.jazzzeitung.de/cms/wp-includes/js/wp-embed.min.js
/* ]]> */
</script>

Die ersten Besucher der Bremer Fachmesse und des Showcase Festival jazzahead waren gestern früh 400 Grundschulkinder, die begeistert bei dem Konzert von Mini Schulz (b), Obi Jenne (dr), Peter Lehel (sa) und Thilo Wagner (p) mitmachten. Mini Schulz ist zusammen mit den Machern der jazzahead und Markus Lüdke vom Musikland Niedersachsen Initiator des Kongresses „Jazz und Improvisation für Kinder“, der gestern die internationale Fachmesse für Jazzmusiker, Veranstalter, Booker, Agenten, Förderer und Produzenten eröffnete. Der Ansatz des Kongresses war so klar wie einleuchtend: Jazzmusiker mit ihrer Gabe zur Improvisation sind ideale Musikvermittler, die nicht an den Noten kleben, sondern leicht mit ihren jungen und erwachsenen Zuhörern in Interaktion kommen. Das fanden auch die Vertreter großer Häuser wie Elbphilharmonie oder Berliner Philharmoniker und sandten ihre Vermittlungsspezialisten nach Bremen, um das Potenzial des Jazz für die Musikvermittlung und music education auszuloten. Nicht ganz zufällig stellte sich dabei heraus: Für die Jazzmusiker und Improvisatoren bietet sich hier ein neues, noch wenig erschlossenes Berufsfeld. Dann die wahre Eröffnung der jazzahead: die Finnish Night. Gastland 2017 ist Finnland und so konnte im Wechselgang zwischen Halle 7 und dem atmosphärischen Saal im &hellip;
