{"version":"1.0","provider_name":"JazzZeitung","provider_url":"https:\/\/www.jazzzeitung.de\/cms","author_name":"Redaktion JazzZeitung","author_url":"https:\/\/www.jazzzeitung.de\/cms\/author\/redaktion\/","title":"Tim Isfort \u00e4u\u00dfert sich nach 100 Tagen im Amt zum neuen Moers Festival - JazzZeitung","type":"rich","width":600,"height":338,"html":"<blockquote class=\"wp-embedded-content\" data-secret=\"2du2d1GXoK\"><a href=\"https:\/\/www.jazzzeitung.de\/cms\/2017\/03\/11941\/\">Tim Isfort \u00e4u\u00dfert sich nach 100 Tagen im Amt zum neuen Moers Festival<\/a><\/blockquote><iframe sandbox=\"allow-scripts\" security=\"restricted\" src=\"https:\/\/www.jazzzeitung.de\/cms\/2017\/03\/11941\/embed\/#?secret=2du2d1GXoK\" width=\"600\" height=\"338\" title=\"&#8222;Tim Isfort \u00e4u\u00dfert sich nach 100 Tagen im Amt zum neuen Moers Festival&#8220; &#8211; JazzZeitung\" data-secret=\"2du2d1GXoK\" frameborder=\"0\" marginwidth=\"0\" marginheight=\"0\" scrolling=\"no\" class=\"wp-embedded-content\"><\/iframe><script type=\"text\/javascript\">\n\/* <![CDATA[ *\/\n\/*! This file is auto-generated *\/\n!function(d,l){\"use strict\";l.querySelector&&d.addEventListener&&\"undefined\"!=typeof URL&&(d.wp=d.wp||{},d.wp.receiveEmbedMessage||(d.wp.receiveEmbedMessage=function(e){var t=e.data;if((t||t.secret||t.message||t.value)&&!\/[^a-zA-Z0-9]\/.test(t.secret)){for(var s,r,n,a=l.querySelectorAll('iframe[data-secret=\"'+t.secret+'\"]'),o=l.querySelectorAll('blockquote[data-secret=\"'+t.secret+'\"]'),c=new RegExp(\"^https?:$\",\"i\"),i=0;i<o.length;i++)o[i].style.display=\"none\";for(i=0;i<a.length;i++)s=a[i],e.source===s.contentWindow&&(s.removeAttribute(\"style\"),\"height\"===t.message?(1e3<(r=parseInt(t.value,10))?r=1e3:~~r<200&&(r=200),s.height=r):\"link\"===t.message&&(r=new URL(s.getAttribute(\"src\")),n=new URL(t.value),c.test(n.protocol))&&n.host===r.host&&l.activeElement===s&&(d.top.location.href=t.value))}},d.addEventListener(\"message\",d.wp.receiveEmbedMessage,!1),l.addEventListener(\"DOMContentLoaded\",function(){for(var e,t,s=l.querySelectorAll(\"iframe.wp-embedded-content\"),r=0;r<s.length;r++)(t=(e=s[r]).getAttribute(\"data-secret\"))||(t=Math.random().toString(36).substring(2,12),e.src+=\"#?secret=\"+t,e.setAttribute(\"data-secret\",t)),e.contentWindow.postMessage({message:\"ready\",secret:t},\"*\")},!1)))}(window,document);\n\/\/# sourceURL=https:\/\/www.jazzzeitung.de\/cms\/wp-includes\/js\/wp-embed.min.js\n\/* ]]> *\/\n<\/script>\n","description":"Musik und Unerh\u00f6rtes aus verschiedenen Kulturen Am 1. Dezember vergangenen Jahres nahm der neue k\u00fcnstlerische Leiter des Moers Festivals, Tim Isfort, zusammen mit seinem (fast) neuen Team, die Arbeit auf. Noch bis zum Wochenende ist er in Sachen Programmplanung f\u00fcr das diesj\u00e4hrige Festival im Kongo. Im (Fern)Gespr\u00e4ch mit dem Festivalb\u00fcro l\u00e4sst er seine ersten Arbeitswochen wie folgt Revue passieren: Herr Isfort, heute (am Freitag, 10. M\u00e4rz) auf den Tag genau sind Sie exakt 100 Tage im Amt als k\u00fcnstlerischer Leiter des Moers Festivals. Bereuen Sie diesen Schritt gegangen zu sein? Keinesfalls! Es ist eine phantastische Aufgabe, anspruchsvoll, mit vielen \u00dcberraschungen und f\u00fchlt sich gerade erst nach h\u00f6chstens 50 Tagen an. Dass es kein gem\u00fctlicher Spaziergang durch den Moerser Stadtpark werden w\u00fcrde, war mir aber schon bewusst. Bis zur Verk\u00fcndung des Gesamtprogramms am 6. April beziehungsweise zum Beginn des Festivals am 2. Juni sind es keine vier Wochen mehr beziehungsweise ist es nur ein knappes Vierteljahr noch hin. Haben Sie trotzdem ein gutes Gef\u00fchl, dass alles klappt, was Sie sich f\u00fcr Ihre erste Festivalausgabe inhaltlich vorgenommen haben? Es klappt wohl nie alles so, wie man es &hellip;","thumbnail_url":"http:\/\/www.jazzzeitung.de\/cms\/wp-content\/uploads\/2017\/03\/2.-Lineup-Battle-Trance-Foto-Ryan-Power-1-150x150.jpg"}

Tim Isfort äußert sich nach 100 Tagen im Amt zum neuen Moers Festival - JazzZeitung

<blockquote class="wp-embedded-content" data-secret="2du2d1GXoK"><a href="https://www.jazzzeitung.de/cms/2017/03/11941/">Tim Isfort äußert sich nach 100 Tagen im Amt zum neuen Moers Festival</a></blockquote><iframe sandbox="allow-scripts" security="restricted" src="https://www.jazzzeitung.de/cms/2017/03/11941/embed/#?secret=2du2d1GXoK" width="600" height="338" title="&#8222;Tim Isfort äußert sich nach 100 Tagen im Amt zum neuen Moers Festival&#8220; &#8211; JazzZeitung" data-secret="2du2d1GXoK" frameborder="0" marginwidth="0" marginheight="0" scrolling="no" class="wp-embedded-content"></iframe><script type="text/javascript">
/* <![CDATA[ */
/*! This file is auto-generated */
!function(d,l){"use strict";l.querySelector&&d.addEventListener&&"undefined"!=typeof URL&&(d.wp=d.wp||{},d.wp.receiveEmbedMessage||(d.wp.receiveEmbedMessage=function(e){var t=e.data;if((t||t.secret||t.message||t.value)&&!/[^a-zA-Z0-9]/.test(t.secret)){for(var s,r,n,a=l.querySelectorAll('iframe[data-secret="'+t.secret+'"]'),o=l.querySelectorAll('blockquote[data-secret="'+t.secret+'"]'),c=new RegExp("^https?:$","i"),i=0;i<o.length;i++)o[i].style.display="none";for(i=0;i<a.length;i++)s=a[i],e.source===s.contentWindow&&(s.removeAttribute("style"),"height"===t.message?(1e3<(r=parseInt(t.value,10))?r=1e3:~~r<200&&(r=200),s.height=r):"link"===t.message&&(r=new URL(s.getAttribute("src")),n=new URL(t.value),c.test(n.protocol))&&n.host===r.host&&l.activeElement===s&&(d.top.location.href=t.value))}},d.addEventListener("message",d.wp.receiveEmbedMessage,!1),l.addEventListener("DOMContentLoaded",function(){for(var e,t,s=l.querySelectorAll("iframe.wp-embedded-content"),r=0;r<s.length;r++)(t=(e=s[r]).getAttribute("data-secret"))||(t=Math.random().toString(36).substring(2,12),e.src+="#?secret="+t,e.setAttribute("data-secret",t)),e.contentWindow.postMessage({message:"ready",secret:t},"*")},!1)))}(window,document);
//# sourceURL=https://www.jazzzeitung.de/cms/wp-includes/js/wp-embed.min.js
/* ]]> */
</script>

Musik und Unerhörtes aus verschiedenen Kulturen Am 1. Dezember vergangenen Jahres nahm der neue künstlerische Leiter des Moers Festivals, Tim Isfort, zusammen mit seinem (fast) neuen Team, die Arbeit auf. Noch bis zum Wochenende ist er in Sachen Programmplanung für das diesjährige Festival im Kongo. Im (Fern)Gespräch mit dem Festivalbüro lässt er seine ersten Arbeitswochen wie folgt Revue passieren: Herr Isfort, heute (am Freitag, 10. März) auf den Tag genau sind Sie exakt 100 Tage im Amt als künstlerischer Leiter des Moers Festivals. Bereuen Sie diesen Schritt gegangen zu sein? Keinesfalls! Es ist eine phantastische Aufgabe, anspruchsvoll, mit vielen Überraschungen und fühlt sich gerade erst nach höchstens 50 Tagen an. Dass es kein gemütlicher Spaziergang durch den Moerser Stadtpark werden würde, war mir aber schon bewusst. Bis zur Verkündung des Gesamtprogramms am 6. April beziehungsweise zum Beginn des Festivals am 2. Juni sind es keine vier Wochen mehr beziehungsweise ist es nur ein knappes Vierteljahr noch hin. Haben Sie trotzdem ein gutes Gefühl, dass alles klappt, was Sie sich für Ihre erste Festivalausgabe inhaltlich vorgenommen haben? Es klappt wohl nie alles so, wie man es &hellip;
