{"version":"1.0","provider_name":"JazzZeitung","provider_url":"https:\/\/www.jazzzeitung.de\/cms","title":"Traumbild von Stille und Feuer - JazzZeitung","type":"rich","width":600,"height":338,"html":"<blockquote class=\"wp-embedded-content\" data-secret=\"ZXRdzncntx\"><a href=\"https:\/\/www.jazzzeitung.de\/cms\/2017\/02\/traumbild-von-stille-und-feuer\/\">Traumbild von Stille und Feuer<\/a><\/blockquote><iframe sandbox=\"allow-scripts\" security=\"restricted\" src=\"https:\/\/www.jazzzeitung.de\/cms\/2017\/02\/traumbild-von-stille-und-feuer\/embed\/#?secret=ZXRdzncntx\" width=\"600\" height=\"338\" title=\"&#8222;Traumbild von Stille und Feuer&#8220; &#8211; JazzZeitung\" data-secret=\"ZXRdzncntx\" frameborder=\"0\" marginwidth=\"0\" marginheight=\"0\" scrolling=\"no\" class=\"wp-embedded-content\"><\/iframe><script type=\"text\/javascript\">\n\/* <![CDATA[ *\/\n\/*! This file is auto-generated *\/\n!function(d,l){\"use strict\";l.querySelector&&d.addEventListener&&\"undefined\"!=typeof URL&&(d.wp=d.wp||{},d.wp.receiveEmbedMessage||(d.wp.receiveEmbedMessage=function(e){var t=e.data;if((t||t.secret||t.message||t.value)&&!\/[^a-zA-Z0-9]\/.test(t.secret)){for(var s,r,n,a=l.querySelectorAll('iframe[data-secret=\"'+t.secret+'\"]'),o=l.querySelectorAll('blockquote[data-secret=\"'+t.secret+'\"]'),c=new RegExp(\"^https?:$\",\"i\"),i=0;i<o.length;i++)o[i].style.display=\"none\";for(i=0;i<a.length;i++)s=a[i],e.source===s.contentWindow&&(s.removeAttribute(\"style\"),\"height\"===t.message?(1e3<(r=parseInt(t.value,10))?r=1e3:~~r<200&&(r=200),s.height=r):\"link\"===t.message&&(r=new URL(s.getAttribute(\"src\")),n=new URL(t.value),c.test(n.protocol))&&n.host===r.host&&l.activeElement===s&&(d.top.location.href=t.value))}},d.addEventListener(\"message\",d.wp.receiveEmbedMessage,!1),l.addEventListener(\"DOMContentLoaded\",function(){for(var e,t,s=l.querySelectorAll(\"iframe.wp-embedded-content\"),r=0;r<s.length;r++)(t=(e=s[r]).getAttribute(\"data-secret\"))||(t=Math.random().toString(36).substring(2,12),e.src+=\"#?secret=\"+t,e.setAttribute(\"data-secret\",t)),e.contentWindow.postMessage({message:\"ready\",secret:t},\"*\")},!1)))}(window,document);\n\/\/# sourceURL=https:\/\/www.jazzzeitung.de\/cms\/wp-includes\/js\/wp-embed.min.js\n\/* ]]> *\/\n<\/script>\n","description":"Auch wenn die oberbayerische Harfenistin deutlich mehr zu bieten hat, bekannt wurde sie haupts\u00e4chlich mit dem Rosenheimer Quartett \u201eQuadro Nuevo\u201c um Mulo Francel, dem sie seit bald zehn Jahren angeh\u00f6rt. Mit Francel (saxes) hat Evelyn Huber schon vorher diverse Duo-Alben aufgenommen, ebenso wie vor allem am Anfang ihrer k\u00fcnstlerischen Laufbahn mit dem Hackbrettspieler Rudi Zapf. Auch als Solok\u00fcnstlerin ist sie auf einigen \u00e4lteren Scheiben zu h\u00f6ren. Was in ihrem Portfolio bisher fehlte, war ein Band-Album unter ihrem Namen. Das holt die M\u00fcnchnerin jetzt mit \u201eInspire\u201c nach. F\u00fcr diese technisch hervorragende Aufnahme hat sie sich den Pianisten Matthias Frey, Christopher Herrmann an Cello und gleich zwei Percussionisten, Wolfgang Lohmeier und den gro\u00dfartigen K\u00f6lner Ramesh Shotham, ins Studio geholt. Herausgekommen ist eine warme klangfarbenreiche Sammlung melodi\u00f6ser Songs, zum gr\u00f6\u00dferen Teil aus Hubers eigener Feder, erg\u00e4nzt um Kompositionen von Frey und Herrmann. Diese binden sich erstaunlich gut in den gef\u00fchlvoll-bewegenden\u00a0 Gesamteindruck des Albums ein. Sicher auch deshalb, weil die beiden Musiker und Mitkomponisten eine \u00e4hnliche stilistische Offenheit wie Huber zwischen Weltmusik, Jazz, Tango und impressionistischen Klang pflegen. Ihre eigenen Nummer \u00a0entstehen dabei oft aus der Ruhe und Konzentration, &hellip;","thumbnail_url":"http:\/\/www.jazzzeitung.de\/cms\/wp-content\/uploads\/2017\/02\/Huber-Evelyn-Inspire.jpeg"}

Auch wenn die oberbayerische Harfenistin deutlich mehr zu bieten hat, bekannt wurde sie hauptsächlich mit dem Rosenheimer Quartett „Quadro Nuevo“ um Mulo Francel, dem sie seit bald zehn Jahren angehört. Mit Francel (saxes) hat Evelyn Huber schon vorher diverse Duo-Alben aufgenommen, ebenso wie vor allem am Anfang ihrer künstlerischen Laufbahn mit dem Hackbrettspieler Rudi Zapf. Auch als Solokünstlerin ist sie auf einigen älteren Scheiben zu hören. Was in ihrem Portfolio bisher fehlte, war ein Band-Album unter ihrem Namen. Das holt die Münchnerin jetzt mit „Inspire“ nach. Für diese technisch hervorragende Aufnahme hat sie sich den Pianisten Matthias Frey, Christopher Herrmann an Cello und gleich zwei Percussionisten, Wolfgang Lohmeier und den großartigen Kölner Ramesh Shotham, ins Studio geholt. Herausgekommen ist eine warme klangfarbenreiche Sammlung melodiöser Songs, zum größeren Teil aus Hubers eigener Feder, ergänzt um Kompositionen von Frey und Herrmann. Diese binden sich erstaunlich gut in den gefühlvoll-bewegenden  Gesamteindruck des Albums ein. Sicher auch deshalb, weil die beiden Musiker und Mitkomponisten eine ähnliche stilistische Offenheit wie Huber zwischen Weltmusik, Jazz, Tango und impressionistischen Klang pflegen. Ihre eigenen Nummer  entstehen dabei oft aus der Ruhe und Konzentration, &hellip;
