{"version":"1.0","provider_name":"JazzZeitung","provider_url":"https:\/\/www.jazzzeitung.de\/cms","author_name":"Redaktion JazzZeitung","author_url":"https:\/\/www.jazzzeitung.de\/cms\/author\/redaktion\/","title":"Tourabstecher: Fred Frith begeisterte in Regensburg - JazzZeitung","type":"rich","width":600,"height":338,"html":"<blockquote class=\"wp-embedded-content\" data-secret=\"CY7KUbJg12\"><a href=\"https:\/\/www.jazzzeitung.de\/cms\/2017\/02\/tourabstecher-fred-frith-begeisterte-in-regensburg\/\">Tourabstecher: Fred Frith begeisterte in Regensburg<\/a><\/blockquote><iframe sandbox=\"allow-scripts\" security=\"restricted\" src=\"https:\/\/www.jazzzeitung.de\/cms\/2017\/02\/tourabstecher-fred-frith-begeisterte-in-regensburg\/embed\/#?secret=CY7KUbJg12\" width=\"600\" height=\"338\" title=\"&#8222;Tourabstecher: Fred Frith begeisterte in Regensburg&#8220; &#8211; JazzZeitung\" data-secret=\"CY7KUbJg12\" frameborder=\"0\" marginwidth=\"0\" marginheight=\"0\" scrolling=\"no\" class=\"wp-embedded-content\"><\/iframe><script type=\"text\/javascript\">\n\/* <![CDATA[ *\/\n\/*! This file is auto-generated *\/\n!function(d,l){\"use strict\";l.querySelector&&d.addEventListener&&\"undefined\"!=typeof URL&&(d.wp=d.wp||{},d.wp.receiveEmbedMessage||(d.wp.receiveEmbedMessage=function(e){var t=e.data;if((t||t.secret||t.message||t.value)&&!\/[^a-zA-Z0-9]\/.test(t.secret)){for(var s,r,n,a=l.querySelectorAll('iframe[data-secret=\"'+t.secret+'\"]'),o=l.querySelectorAll('blockquote[data-secret=\"'+t.secret+'\"]'),c=new RegExp(\"^https?:$\",\"i\"),i=0;i<o.length;i++)o[i].style.display=\"none\";for(i=0;i<a.length;i++)s=a[i],e.source===s.contentWindow&&(s.removeAttribute(\"style\"),\"height\"===t.message?(1e3<(r=parseInt(t.value,10))?r=1e3:~~r<200&&(r=200),s.height=r):\"link\"===t.message&&(r=new URL(s.getAttribute(\"src\")),n=new URL(t.value),c.test(n.protocol))&&n.host===r.host&&l.activeElement===s&&(d.top.location.href=t.value))}},d.addEventListener(\"message\",d.wp.receiveEmbedMessage,!1),l.addEventListener(\"DOMContentLoaded\",function(){for(var e,t,s=l.querySelectorAll(\"iframe.wp-embedded-content\"),r=0;r<s.length;r++)(t=(e=s[r]).getAttribute(\"data-secret\"))||(t=Math.random().toString(36).substring(2,12),e.src+=\"#?secret=\"+t,e.setAttribute(\"data-secret\",t)),e.contentWindow.postMessage({message:\"ready\",secret:t},\"*\")},!1)))}(window,document);\n\/\/# sourceURL=https:\/\/www.jazzzeitung.de\/cms\/wp-includes\/js\/wp-embed.min.js\n\/* ]]> *\/\n<\/script>\n","description":"\u201eIch freu mich, wir freuen uns aaauf. Fred Frith!\u201c In seiner Aufregung \u00fcber den Tourschlenker, den der Musiker mit dem legend\u00e4ren Ruf f\u00fcr einen Auftritt beim Jazzclub Regensburg genutzt hat, vergisst Clubchef Winfried Freisleben ganz, dass da noch zwei andere Musiker mit auf der B\u00fchne stehen. Mit kurzem Nicken nimmt der Gitarrist den Platz neben dem Fl\u00fcgel ein und stellt mit einer gemurmelten Begr\u00fc\u00dfung \u201eMister Jason Hoopes on bass\u201c und \u201eon drums, Mister Jordan Glenn\u201c vor. Solide englische H\u00f6flichkeit, die dem in Kalifornien lebenden und lehrenden Musiker in den legereren USA unberufen nicht abhanden gekommen ist. Hoopes und Glenn, beide Abg\u00e4nger des renommierten Mills College in Oakland, sind gut eine Generation j\u00fcnger als Frith. Zwei Tage zuvor feierte der seinen 68. Geburtstag. Bemerkbar macht sich das gelegentlich, wenn Frith in Soundt\u00fcfteleien und Gefrickel vertieft, sp\u00fcrbar abgekl\u00e4rter wirkt, w\u00e4hrend der schwarzgelockte Bassist wie unter Strom wuchtige rhythmische Breitseiten abfeuert, vertrackt kontrastiert, immer wieder aufs Tempo dr\u00fcckt. Dennoch ist die gemeinsame Haltung, aus dem Moment heraus eine von Stil- und Genregrenzen befreite, nach vielen Seiten offene Musik zu kreieren, auch bei musikalischen Sticheleien durchwegs sp\u00fcrbar. Transportiert werden &hellip;","thumbnail_url":"https:\/\/i0.wp.com\/www.jazzzeitung.de\/cms\/wp-content\/uploads\/2017\/02\/Glenn-Jordan_73.jpg?w=416&#038;h=628&#038;ssl=1"}

„Ich freu mich, wir freuen uns aaauf. Fred Frith!“ In seiner Aufregung über den Tourschlenker, den der Musiker mit dem legendären Ruf für einen Auftritt beim Jazzclub Regensburg genutzt hat, vergisst Clubchef Winfried Freisleben ganz, dass da noch zwei andere Musiker mit auf der Bühne stehen. Mit kurzem Nicken nimmt der Gitarrist den Platz neben dem Flügel ein und stellt mit einer gemurmelten Begrüßung „Mister Jason Hoopes on bass“ und „on drums, Mister Jordan Glenn“ vor. Solide englische Höflichkeit, die dem in Kalifornien lebenden und lehrenden Musiker in den legereren USA unberufen nicht abhanden gekommen ist. Hoopes und Glenn, beide Abgänger des renommierten Mills College in Oakland, sind gut eine Generation jünger als Frith. Zwei Tage zuvor feierte der seinen 68. Geburtstag. Bemerkbar macht sich das gelegentlich, wenn Frith in Soundtüfteleien und Gefrickel vertieft, spürbar abgeklärter wirkt, während der schwarzgelockte Bassist wie unter Strom wuchtige rhythmische Breitseiten abfeuert, vertrackt kontrastiert, immer wieder aufs Tempo drückt. Dennoch ist die gemeinsame Haltung, aus dem Moment heraus eine von Stil- und Genregrenzen befreite, nach vielen Seiten offene Musik zu kreieren, auch bei musikalischen Sticheleien durchwegs spürbar. Transportiert werden &hellip;
