{"version":"1.0","provider_name":"JazzZeitung","provider_url":"https:\/\/www.jazzzeitung.de\/cms","author_name":"Redaktion JazzZeitung","author_url":"https:\/\/www.jazzzeitung.de\/cms\/author\/redaktion\/","title":"Manu Delago - Handmade: Hang\u2019nBass im K\u00f6lner Stadtgarten - JazzZeitung","type":"rich","width":600,"height":338,"html":"<blockquote class=\"wp-embedded-content\" data-secret=\"9S9uwnnUam\"><a href=\"https:\/\/www.jazzzeitung.de\/cms\/2017\/02\/manu-delago-handmade-hangnbass-im-koelner-stadtgarten\/\">Manu Delago &#8211; Handmade: Hang\u2019nBass im K\u00f6lner Stadtgarten<\/a><\/blockquote><iframe sandbox=\"allow-scripts\" security=\"restricted\" src=\"https:\/\/www.jazzzeitung.de\/cms\/2017\/02\/manu-delago-handmade-hangnbass-im-koelner-stadtgarten\/embed\/#?secret=9S9uwnnUam\" width=\"600\" height=\"338\" title=\"&#8222;Manu Delago &#8211; Handmade: Hang\u2019nBass im K\u00f6lner Stadtgarten&#8220; &#8211; JazzZeitung\" data-secret=\"9S9uwnnUam\" frameborder=\"0\" marginwidth=\"0\" marginheight=\"0\" scrolling=\"no\" class=\"wp-embedded-content\"><\/iframe><script type=\"text\/javascript\">\n\/* <![CDATA[ *\/\n\/*! This file is auto-generated *\/\n!function(d,l){\"use strict\";l.querySelector&&d.addEventListener&&\"undefined\"!=typeof URL&&(d.wp=d.wp||{},d.wp.receiveEmbedMessage||(d.wp.receiveEmbedMessage=function(e){var t=e.data;if((t||t.secret||t.message||t.value)&&!\/[^a-zA-Z0-9]\/.test(t.secret)){for(var s,r,n,a=l.querySelectorAll('iframe[data-secret=\"'+t.secret+'\"]'),o=l.querySelectorAll('blockquote[data-secret=\"'+t.secret+'\"]'),c=new RegExp(\"^https?:$\",\"i\"),i=0;i<o.length;i++)o[i].style.display=\"none\";for(i=0;i<a.length;i++)s=a[i],e.source===s.contentWindow&&(s.removeAttribute(\"style\"),\"height\"===t.message?(1e3<(r=parseInt(t.value,10))?r=1e3:~~r<200&&(r=200),s.height=r):\"link\"===t.message&&(r=new URL(s.getAttribute(\"src\")),n=new URL(t.value),c.test(n.protocol))&&n.host===r.host&&l.activeElement===s&&(d.top.location.href=t.value))}},d.addEventListener(\"message\",d.wp.receiveEmbedMessage,!1),l.addEventListener(\"DOMContentLoaded\",function(){for(var e,t,s=l.querySelectorAll(\"iframe.wp-embedded-content\"),r=0;r<s.length;r++)(t=(e=s[r]).getAttribute(\"data-secret\"))||(t=Math.random().toString(36).substring(2,12),e.src+=\"#?secret=\"+t,e.setAttribute(\"data-secret\",t)),e.contentWindow.postMessage({message:\"ready\",secret:t},\"*\")},!1)))}(window,document);\n\/\/# sourceURL=https:\/\/www.jazzzeitung.de\/cms\/wp-includes\/js\/wp-embed.min.js\n\/* ]]> *\/\n<\/script>\n","description":"Im Trio mit der Vokalistin\/Violinistin Isa Kurz und Chris Norz Percussion\/Electronics pr\u00e4sentierte der virtuose Hang- und Perkussion-Spieler Manu Delago seine neue CD \u201eMetromonk\u201c. Eine gelungene Mischung aus Kammerjazz &amp; Hang\u2019nBass. Das Hang an sich hat seinen eigenen Reiz und fasziniert durch seinen besonderen Klang. Delago ist seit \u00fcber 10 Jahren absoluter Hang-Experte, entlockt dem Instrument immer wieder neue Kl\u00e4nge wie Effekte und gestaltet damit sein Spiel spannend und abwechslungsreich. Seine musikalischen Mitstreiter geben dabei ma\u00dfgebliche Impulse, und so entwickelte sich das Konzert im K\u00f6lner Stadtgarten von anfangs ruhigen, fast kammermusikalischen St\u00fccken bis hin zu rhythmusgetriebenen, strukturierten Songs. Wie schon der Name der aktuellen CD \u201eMetroMonk\u201c vermuten l\u00e4sst ist auch die Musik durch Gegens\u00e4tze gepr\u00e4gt wie up&amp;down, mountains&amp;cities, Hektik&amp;Ruhe oder eben MetroMonk. Bei der ersten Zugabe beweisen Delago und Norz perkussiven Humor mit einem improvisierten St\u00fcck f\u00fcr zwei Zahnb\u00fcrsten, bevor das Trio ihr begeistertes Publikum schlie\u00dflich mit einer zweiten, fast meditativen Zugabe in die Nacht entl\u00e4sst. F\u00fcr alle Hang Fans und diejenigen, die Delago auf seiner Handmade Tour nicht live erleben konnten sei die CD \u201eMetromonk\u201c ans Herz gelegt, auf der bei einzelnen Songs \u00fcbrigens auch &hellip;","thumbnail_url":"https:\/\/i0.wp.com\/www.jazzzeitung.de\/cms\/wp-content\/uploads\/2017\/02\/P1200701-Delago-Handmade-Trio-Foto-TJ-Krebs.jpg?w=439&#038;h=293&#038;ssl=1"}

Manu Delago - Handmade: Hang’nBass im Kölner Stadtgarten - JazzZeitung

<blockquote class="wp-embedded-content" data-secret="9S9uwnnUam"><a href="https://www.jazzzeitung.de/cms/2017/02/manu-delago-handmade-hangnbass-im-koelner-stadtgarten/">Manu Delago &#8211; Handmade: Hang’nBass im Kölner Stadtgarten</a></blockquote><iframe sandbox="allow-scripts" security="restricted" src="https://www.jazzzeitung.de/cms/2017/02/manu-delago-handmade-hangnbass-im-koelner-stadtgarten/embed/#?secret=9S9uwnnUam" width="600" height="338" title="&#8222;Manu Delago &#8211; Handmade: Hang’nBass im Kölner Stadtgarten&#8220; &#8211; JazzZeitung" data-secret="9S9uwnnUam" frameborder="0" marginwidth="0" marginheight="0" scrolling="no" class="wp-embedded-content"></iframe><script type="text/javascript">
/* <![CDATA[ */
/*! This file is auto-generated */
!function(d,l){"use strict";l.querySelector&&d.addEventListener&&"undefined"!=typeof URL&&(d.wp=d.wp||{},d.wp.receiveEmbedMessage||(d.wp.receiveEmbedMessage=function(e){var t=e.data;if((t||t.secret||t.message||t.value)&&!/[^a-zA-Z0-9]/.test(t.secret)){for(var s,r,n,a=l.querySelectorAll('iframe[data-secret="'+t.secret+'"]'),o=l.querySelectorAll('blockquote[data-secret="'+t.secret+'"]'),c=new RegExp("^https?:$","i"),i=0;i<o.length;i++)o[i].style.display="none";for(i=0;i<a.length;i++)s=a[i],e.source===s.contentWindow&&(s.removeAttribute("style"),"height"===t.message?(1e3<(r=parseInt(t.value,10))?r=1e3:~~r<200&&(r=200),s.height=r):"link"===t.message&&(r=new URL(s.getAttribute("src")),n=new URL(t.value),c.test(n.protocol))&&n.host===r.host&&l.activeElement===s&&(d.top.location.href=t.value))}},d.addEventListener("message",d.wp.receiveEmbedMessage,!1),l.addEventListener("DOMContentLoaded",function(){for(var e,t,s=l.querySelectorAll("iframe.wp-embedded-content"),r=0;r<s.length;r++)(t=(e=s[r]).getAttribute("data-secret"))||(t=Math.random().toString(36).substring(2,12),e.src+="#?secret="+t,e.setAttribute("data-secret",t)),e.contentWindow.postMessage({message:"ready",secret:t},"*")},!1)))}(window,document);
//# sourceURL=https://www.jazzzeitung.de/cms/wp-includes/js/wp-embed.min.js
/* ]]> */
</script>

Im Trio mit der Vokalistin/Violinistin Isa Kurz und Chris Norz Percussion/Electronics präsentierte der virtuose Hang- und Perkussion-Spieler Manu Delago seine neue CD „Metromonk“. Eine gelungene Mischung aus Kammerjazz &amp; Hang’nBass. Das Hang an sich hat seinen eigenen Reiz und fasziniert durch seinen besonderen Klang. Delago ist seit über 10 Jahren absoluter Hang-Experte, entlockt dem Instrument immer wieder neue Klänge wie Effekte und gestaltet damit sein Spiel spannend und abwechslungsreich. Seine musikalischen Mitstreiter geben dabei maßgebliche Impulse, und so entwickelte sich das Konzert im Kölner Stadtgarten von anfangs ruhigen, fast kammermusikalischen Stücken bis hin zu rhythmusgetriebenen, strukturierten Songs. Wie schon der Name der aktuellen CD „MetroMonk“ vermuten lässt ist auch die Musik durch Gegensätze geprägt wie up&amp;down, mountains&amp;cities, Hektik&amp;Ruhe oder eben MetroMonk. Bei der ersten Zugabe beweisen Delago und Norz perkussiven Humor mit einem improvisierten Stück für zwei Zahnbürsten, bevor das Trio ihr begeistertes Publikum schließlich mit einer zweiten, fast meditativen Zugabe in die Nacht entlässt. Für alle Hang Fans und diejenigen, die Delago auf seiner Handmade Tour nicht live erleben konnten sei die CD „Metromonk“ ans Herz gelegt, auf der bei einzelnen Songs übrigens auch &hellip;
