{"version":"1.0","provider_name":"JazzZeitung","provider_url":"https:\/\/www.jazzzeitung.de\/cms","title":"Prager Gitarrist Radim Hlad\u00edk verstorben - JazzZeitung","type":"rich","width":600,"height":338,"html":"<blockquote class=\"wp-embedded-content\" data-secret=\"8qLOw3RlrM\"><a href=\"https:\/\/www.jazzzeitung.de\/cms\/2016\/12\/prager-gitarrist-radim-hladik-verstorben\/\">Prager Gitarrist Radim Hlad\u00edk verstorben<\/a><\/blockquote><iframe sandbox=\"allow-scripts\" security=\"restricted\" src=\"https:\/\/www.jazzzeitung.de\/cms\/2016\/12\/prager-gitarrist-radim-hladik-verstorben\/embed\/#?secret=8qLOw3RlrM\" width=\"600\" height=\"338\" title=\"&#8222;Prager Gitarrist Radim Hlad\u00edk verstorben&#8220; &#8211; JazzZeitung\" data-secret=\"8qLOw3RlrM\" frameborder=\"0\" marginwidth=\"0\" marginheight=\"0\" scrolling=\"no\" class=\"wp-embedded-content\"><\/iframe><script type=\"text\/javascript\">\n\/* <![CDATA[ *\/\n\/*! This file is auto-generated *\/\n!function(d,l){\"use strict\";l.querySelector&&d.addEventListener&&\"undefined\"!=typeof URL&&(d.wp=d.wp||{},d.wp.receiveEmbedMessage||(d.wp.receiveEmbedMessage=function(e){var t=e.data;if((t||t.secret||t.message||t.value)&&!\/[^a-zA-Z0-9]\/.test(t.secret)){for(var s,r,n,a=l.querySelectorAll('iframe[data-secret=\"'+t.secret+'\"]'),o=l.querySelectorAll('blockquote[data-secret=\"'+t.secret+'\"]'),c=new RegExp(\"^https?:$\",\"i\"),i=0;i<o.length;i++)o[i].style.display=\"none\";for(i=0;i<a.length;i++)s=a[i],e.source===s.contentWindow&&(s.removeAttribute(\"style\"),\"height\"===t.message?(1e3<(r=parseInt(t.value,10))?r=1e3:~~r<200&&(r=200),s.height=r):\"link\"===t.message&&(r=new URL(s.getAttribute(\"src\")),n=new URL(t.value),c.test(n.protocol))&&n.host===r.host&&l.activeElement===s&&(d.top.location.href=t.value))}},d.addEventListener(\"message\",d.wp.receiveEmbedMessage,!1),l.addEventListener(\"DOMContentLoaded\",function(){for(var e,t,s=l.querySelectorAll(\"iframe.wp-embedded-content\"),r=0;r<s.length;r++)(t=(e=s[r]).getAttribute(\"data-secret\"))||(t=Math.random().toString(36).substring(2,12),e.src+=\"#?secret=\"+t,e.setAttribute(\"data-secret\",t)),e.contentWindow.postMessage({message:\"ready\",secret:t},\"*\")},!1)))}(window,document);\n\/\/# sourceURL=https:\/\/www.jazzzeitung.de\/cms\/wp-includes\/js\/wp-embed.min.js\n\/* ]]> *\/\n<\/script>\n","description":"Radim Hlad\u00edk lebt nicht mehr. Der Super-Jazzrock-Gitarrist aus Prag verstarb kurz vor seinem siebzigsten Geburtstag am vergangenen Sonntag an den Folgen einer Lungenfibrose. Von Mathias B\u00e4umel \u2013 \u00c4lteren Rockfans in der DDR haben Hlad\u00edk erstmals schon in der zweiten H\u00e4lfte der 60er-Jahre wahrgenommen \u2013 als Gitarristen der Gruppe Matadors, deren Langspielplatte in der tschechischen Inland-Version 1968, in der Export-Version etwas sp\u00e4ter erschienen war. Die Gruppe begeisterte von 1966 bis 1968 nicht nur mit zahlreichen, hexenkesselartigen Live-Auftritten in der DDR und der CSSR, sondern auch mit den an Blues-Rock und Merseybeat erinnernden, fulminant klingenden Titeln dieser LP. R\u00fcckblickend erwies sich diese Band auch als \u00bbKinderstube\u00ab der wichtigsten tschechischen Jazz- und Prog-Rock-Gruppe \u00fcberhaupt \u2013 Blue Effect \u2013, die 1968 von Radim Hladik gegr\u00fcndet wurde. Und Blue Effect war sofort pr\u00e4sent. Auf dem Meisterwerk \u00bbConiunctio\u00ab (mit Jazz Q Prag) kam es zur Begegnung von Free Jazz und freiem Rock \u2013 eine Mischung, wie es sie in einer solchen Stilistik bis dahin noch nirgends auf der Welt gegeben hatte. Die Musiker griffen die von Ornette Colemans \u00bbFree Jazz\u00ab-Platte (1961) inspirierte Idee der doppelten Rhythmusgruppe auf und erg\u00e4nzten sie mit &hellip;","thumbnail_url":"http:\/\/www.jazzzeitung.de\/cms\/wp-content\/uploads\/2016\/12\/Hladik_Foto-150x150.jpg"}

Prager Gitarrist Radim Hladík verstorben - JazzZeitung

<blockquote class="wp-embedded-content" data-secret="8qLOw3RlrM"><a href="https://www.jazzzeitung.de/cms/2016/12/prager-gitarrist-radim-hladik-verstorben/">Prager Gitarrist Radim Hladík verstorben</a></blockquote><iframe sandbox="allow-scripts" security="restricted" src="https://www.jazzzeitung.de/cms/2016/12/prager-gitarrist-radim-hladik-verstorben/embed/#?secret=8qLOw3RlrM" width="600" height="338" title="&#8222;Prager Gitarrist Radim Hladík verstorben&#8220; &#8211; JazzZeitung" data-secret="8qLOw3RlrM" frameborder="0" marginwidth="0" marginheight="0" scrolling="no" class="wp-embedded-content"></iframe><script type="text/javascript">
/* <![CDATA[ */
/*! This file is auto-generated */
!function(d,l){"use strict";l.querySelector&&d.addEventListener&&"undefined"!=typeof URL&&(d.wp=d.wp||{},d.wp.receiveEmbedMessage||(d.wp.receiveEmbedMessage=function(e){var t=e.data;if((t||t.secret||t.message||t.value)&&!/[^a-zA-Z0-9]/.test(t.secret)){for(var s,r,n,a=l.querySelectorAll('iframe[data-secret="'+t.secret+'"]'),o=l.querySelectorAll('blockquote[data-secret="'+t.secret+'"]'),c=new RegExp("^https?:$","i"),i=0;i<o.length;i++)o[i].style.display="none";for(i=0;i<a.length;i++)s=a[i],e.source===s.contentWindow&&(s.removeAttribute("style"),"height"===t.message?(1e3<(r=parseInt(t.value,10))?r=1e3:~~r<200&&(r=200),s.height=r):"link"===t.message&&(r=new URL(s.getAttribute("src")),n=new URL(t.value),c.test(n.protocol))&&n.host===r.host&&l.activeElement===s&&(d.top.location.href=t.value))}},d.addEventListener("message",d.wp.receiveEmbedMessage,!1),l.addEventListener("DOMContentLoaded",function(){for(var e,t,s=l.querySelectorAll("iframe.wp-embedded-content"),r=0;r<s.length;r++)(t=(e=s[r]).getAttribute("data-secret"))||(t=Math.random().toString(36).substring(2,12),e.src+="#?secret="+t,e.setAttribute("data-secret",t)),e.contentWindow.postMessage({message:"ready",secret:t},"*")},!1)))}(window,document);
//# sourceURL=https://www.jazzzeitung.de/cms/wp-includes/js/wp-embed.min.js
/* ]]> */
</script>

Radim Hladík lebt nicht mehr. Der Super-Jazzrock-Gitarrist aus Prag verstarb kurz vor seinem siebzigsten Geburtstag am vergangenen Sonntag an den Folgen einer Lungenfibrose. Von Mathias Bäumel – Älteren Rockfans in der DDR haben Hladík erstmals schon in der zweiten Hälfte der 60er-Jahre wahrgenommen – als Gitarristen der Gruppe Matadors, deren Langspielplatte in der tschechischen Inland-Version 1968, in der Export-Version etwas später erschienen war. Die Gruppe begeisterte von 1966 bis 1968 nicht nur mit zahlreichen, hexenkesselartigen Live-Auftritten in der DDR und der CSSR, sondern auch mit den an Blues-Rock und Merseybeat erinnernden, fulminant klingenden Titeln dieser LP. Rückblickend erwies sich diese Band auch als »Kinderstube« der wichtigsten tschechischen Jazz- und Prog-Rock-Gruppe überhaupt – Blue Effect –, die 1968 von Radim Hladik gegründet wurde. Und Blue Effect war sofort präsent. Auf dem Meisterwerk »Coniunctio« (mit Jazz Q Prag) kam es zur Begegnung von Free Jazz und freiem Rock – eine Mischung, wie es sie in einer solchen Stilistik bis dahin noch nirgends auf der Welt gegeben hatte. Die Musiker griffen die von Ornette Colemans »Free Jazz«-Platte (1961) inspirierte Idee der doppelten Rhythmusgruppe auf und ergänzten sie mit &hellip;
