{"version":"1.0","provider_name":"JazzZeitung","provider_url":"https:\/\/www.jazzzeitung.de\/cms","author_name":"Redaktion JazzZeitung","author_url":"https:\/\/www.jazzzeitung.de\/cms\/author\/redaktion\/","title":"Kartenverlosung Leo Betzl Trio Landesjazzfestival Regensburg - JazzZeitung","type":"rich","width":600,"height":338,"html":"<blockquote class=\"wp-embedded-content\" data-secret=\"93Ai2T75zQ\"><a href=\"https:\/\/www.jazzzeitung.de\/cms\/2016\/10\/kartenverlosung-lag-festival-regensburg\/\">Kartenverlosung Leo Betzl Trio Landesjazzfestival Regensburg<\/a><\/blockquote><iframe sandbox=\"allow-scripts\" security=\"restricted\" src=\"https:\/\/www.jazzzeitung.de\/cms\/2016\/10\/kartenverlosung-lag-festival-regensburg\/embed\/#?secret=93Ai2T75zQ\" width=\"600\" height=\"338\" title=\"&#8222;Kartenverlosung Leo Betzl Trio Landesjazzfestival Regensburg&#8220; &#8211; JazzZeitung\" data-secret=\"93Ai2T75zQ\" frameborder=\"0\" marginwidth=\"0\" marginheight=\"0\" scrolling=\"no\" class=\"wp-embedded-content\"><\/iframe><script type=\"text\/javascript\">\n\/* <![CDATA[ *\/\n\/*! This file is auto-generated *\/\n!function(d,l){\"use strict\";l.querySelector&&d.addEventListener&&\"undefined\"!=typeof URL&&(d.wp=d.wp||{},d.wp.receiveEmbedMessage||(d.wp.receiveEmbedMessage=function(e){var t=e.data;if((t||t.secret||t.message||t.value)&&!\/[^a-zA-Z0-9]\/.test(t.secret)){for(var s,r,n,a=l.querySelectorAll('iframe[data-secret=\"'+t.secret+'\"]'),o=l.querySelectorAll('blockquote[data-secret=\"'+t.secret+'\"]'),c=new RegExp(\"^https?:$\",\"i\"),i=0;i<o.length;i++)o[i].style.display=\"none\";for(i=0;i<a.length;i++)s=a[i],e.source===s.contentWindow&&(s.removeAttribute(\"style\"),\"height\"===t.message?(1e3<(r=parseInt(t.value,10))?r=1e3:~~r<200&&(r=200),s.height=r):\"link\"===t.message&&(r=new URL(s.getAttribute(\"src\")),n=new URL(t.value),c.test(n.protocol))&&n.host===r.host&&l.activeElement===s&&(d.top.location.href=t.value))}},d.addEventListener(\"message\",d.wp.receiveEmbedMessage,!1),l.addEventListener(\"DOMContentLoaded\",function(){for(var e,t,s=l.querySelectorAll(\"iframe.wp-embedded-content\"),r=0;r<s.length;r++)(t=(e=s[r]).getAttribute(\"data-secret\"))||(t=Math.random().toString(36).substring(2,12),e.src+=\"#?secret=\"+t,e.setAttribute(\"data-secret\",t)),e.contentWindow.postMessage({message:\"ready\",secret:t},\"*\")},!1)))}(window,document);\n\/\/# sourceURL=https:\/\/www.jazzzeitung.de\/cms\/wp-includes\/js\/wp-embed.min.js\n\/* ]]> *\/\n<\/script>\n","description":"In Kooperation der LAG Jazz in Bayern e.V. und dem Jazzclub Regensburg e.V findet vom 21. bis 23. Oktober das 1. Bayrische Landesjazzfestival in Regensburg statt. Mit dem 1. Bayerischen Landesjazzfestival bekommt die kreative und vielf\u00e4ltige Jazzszene Bayerns im Herbst dieses Jahres erstmals eine eigene Plattform. Neben dem Bayerischen Jazzweekend, das seit 1981 der Amateur- und halbprofessionellen Szene als Forum dient, erf\u00e4hrt mit dem Landesjazzfestival der k\u00fcnstlerisch reiche, \u00f6ffentlich aber kaum gef\u00f6rderte Jazzsektor eine Unterst\u00fctzung, die in anderen Bundesl\u00e4ndern seit Jahren praktiziert wird. Es ist geplant, das Landesjazzfestival k\u00fcnftig im j\u00e4hrlichen Turnus jeweils in einer anderen bayerischen Stadt mit einem Jazzveranstalter vor Ort zu organisieren. Damit wird auch f\u00fcr die bayerische Jazzszene ein neues, landesweites Forum geschaffen. Mit dem Event werden neue Impulse gegeben, die die Grenzenlosigkeit der Weltmusik Jazz unterstreichen. Internationalit\u00e4t und Regionalit\u00e4t bedingen sich gegenseitig: Impulse von au\u00dfen werden von kreativen K\u00f6pfen hier aufgegriffen und weiterentwickelt und neue Impulse tragen dazu bei, dass Jazz aus Bayern auch au\u00dferhalb und international wahrgenommen wird In Kooperation mit dem Jazzclub Regensburg verlosen wir 2 mal 2 Karten f\u00fcr den Freitagabend, 21. Oktober! Auf dem Programm stehen &hellip;","thumbnail_url":"http:\/\/www.jazzzeitung.de\/cms\/wp-content\/uploads\/2016\/10\/LBT-2-150x150.jpg"}

In Kooperation der LAG Jazz in Bayern e.V. und dem Jazzclub Regensburg e.V findet vom 21. bis 23. Oktober das 1. Bayrische Landesjazzfestival in Regensburg statt. Mit dem 1. Bayerischen Landesjazzfestival bekommt die kreative und vielfältige Jazzszene Bayerns im Herbst dieses Jahres erstmals eine eigene Plattform. Neben dem Bayerischen Jazzweekend, das seit 1981 der Amateur- und halbprofessionellen Szene als Forum dient, erfährt mit dem Landesjazzfestival der künstlerisch reiche, öffentlich aber kaum geförderte Jazzsektor eine Unterstützung, die in anderen Bundesländern seit Jahren praktiziert wird. Es ist geplant, das Landesjazzfestival künftig im jährlichen Turnus jeweils in einer anderen bayerischen Stadt mit einem Jazzveranstalter vor Ort zu organisieren. Damit wird auch für die bayerische Jazzszene ein neues, landesweites Forum geschaffen. Mit dem Event werden neue Impulse gegeben, die die Grenzenlosigkeit der Weltmusik Jazz unterstreichen. Internationalität und Regionalität bedingen sich gegenseitig: Impulse von außen werden von kreativen Köpfen hier aufgegriffen und weiterentwickelt und neue Impulse tragen dazu bei, dass Jazz aus Bayern auch außerhalb und international wahrgenommen wird In Kooperation mit dem Jazzclub Regensburg verlosen wir 2 mal 2 Karten für den Freitagabend, 21. Oktober! Auf dem Programm stehen &hellip;
